NOAA-Style Climate Reports
Select a Year or Month report
2024: Jan Feb Mar Apr Maj Jun Jul Aug Sep Okt Nov Dec
2023: Jan Feb Mar Apr Maj Jun Jul Aug Sep Okt Nov Dec
2022: Jan Feb Mar Apr Maj Jun Jul Aug Sep Okt Nov Dec
2021: Jan Feb Mar Apr Maj Jun Jul Aug Sep Okt Nov Dec
2020: Jan Feb Mar Apr Maj Jun Jul Aug Sep Okt Nov Dec
2019: Jan Feb Mar Apr Maj Jun Jul Aug Sep Okt Nov Dec
2018: Jan Feb Mar Apr Maj Jun Jul Aug Sep Okt Nov Dec
2017: Jan Feb Mar Apr Maj Jun Jul Aug Sep Okt Nov Dec
2016: Jan Feb Mar Apr Maj Jun Jul Aug Sep Okt Nov Dec
2015: Jan Feb Mar Apr Maj Jun Jul Aug Sep Okt Nov Dec
2024: Jan Feb Mar Apr Maj Jun Jul Aug Sep Okt Nov Dec
2023: Jan Feb Mar Apr Maj Jun Jul Aug Sep Okt Nov Dec
2022: Jan Feb Mar Apr Maj Jun Jul Aug Sep Okt Nov Dec
2021: Jan Feb Mar Apr Maj Jun Jul Aug Sep Okt Nov Dec
2020: Jan Feb Mar Apr Maj Jun Jul Aug Sep Okt Nov Dec
2019: Jan Feb Mar Apr Maj Jun Jul Aug Sep Okt Nov Dec
2018: Jan Feb Mar Apr Maj Jun Jul Aug Sep Okt Nov Dec
2017: Jan Feb Mar Apr Maj Jun Jul Aug Sep Okt Nov Dec
2016: Jan Feb Mar Apr Maj Jun Jul Aug Sep Okt Nov Dec
2015: Jan Feb Mar Apr Maj Jun Jul Aug Sep Okt Nov Dec
Report for 2024 Januar
MONTHLY CLIMATOLOGICAL SUMMARY for Jan 2024 NAME: Vejret i Brndby Strand ELEV: 8 meters LAT: 55-37.50 N LONG: 012-25.38 E TEMPERATURE (C), RAIN (mm), WIND SPEED (m/s) HEAT COOL AVG MEAN DEG DEG WIND DOM DAY TEMP HIGH TIME LOW TIME DAYS DAYS RAIN SPEED HIGH TIME DIR --------------------------------------------------------------------------------------- 01 5.8 6.2 13:35 4.3 23:58 12.5 0.0 9.0 0.4 5.1 17:43 199 02 3.2 4.5 01:43 2.0 23:42 15.1 0.0 3.9 0.4 8.5 23:11 323 03 1.4 2.0 00:00 -0.1 23:47 17.0 0.0 12.6 3.1 11.6 04:10 343 04 -3.4 -0.1 00:00 -7.3 23:57 21.7 0.0 0.0 2.2 11.9 05:49 16 05 -6.9 -4.0 23:51 -8.8 06:34 25.2 0.0 0.0 1.1 6.1 14:43 19 06 -5.4 -3.8 00:40 -7.7 23:58 23.7 0.0 0.0 1.7 7.5 03:43 17 07 -6.2 -3.3 16:15 -10.1 03:41 24.6 0.0 0.0 1.3 6.5 14:33 27 08 -4.9 -1.8 13:16 -7.8 20:16 23.2 0.0 0.0 1.0 6.8 01:25 19 09 -1.9 -0.7 11:47 -3.9 00:00 20.2 0.0 0.0 0.6 3.7 05:14 339 10 -0.1 0.8 04:11 -0.7 00:00 18.4 0.0 0.0 1.1 5.1 16:13 347 11 0.7 3.2 14:08 -3.2 23:36 17.7 0.0 2.1 1.3 6.5 01:43 349 12 -1.3 1.2 13:17 -4.9 04:46 19.7 0.0 0.0 0.4 5.1 15:35 327 13 2.6 5.1 14:33 -0.7 00:14 15.7 0.0 0.6 1.5 9.5 14:51 233 14 2.3 4.5 13:11 0.7 07:05 16.1 0.0 1.2 1.3 9.2 10:47 236 15 -1.9 1.3 01:45 -9.0 23:58 20.2 0.0 0.0 2.0 11.2 07:47 338 16 -5.1 0.7 23:40 -10.8 07:57 23.4 0.0 0.0 1.4 8.5 23:09 186 17 -0.0 1.1 01:57 -2.4 23:45 18.3 0.0 0.0 2.7 11.9 05:27 207 18 -1.9 0.5 12:46 -4.0 08:42 20.2 0.0 0.6 1.2 5.8 13:44 228 19 1.0 2.6 13:47 -1.2 00:00 17.4 0.0 2.4 1.8 8.5 11:58 217 20 3.3 4.4 04:34 2.3 16:14 15.1 0.0 4.5 1.8 11.6 04:44 221 21 2.7 3.9 22:26 1.1 03:50 15.6 0.0 0.0 3.0 11.6 14:59 197 22 6.4 9.8 13:02 3.4 00:35 11.9 0.0 4.5 3.6 12.2 04:31 207 23 6.3 8.9 14:19 4.5 23:25 12.0 0.0 0.9 2.5 10.9 11:52 221 24 8.0 9.5 07:08 4.2 00:29 10.4 0.0 8.7 3.7 13.6 07:22 229 25 5.8 7.8 00:00 0.8 23:20 12.6 0.0 0.0 2.2 12.6 02:51 346 26 4.7 8.2 15:00 1.0 00:21 13.7 0.0 4.5 2.5 11.9 20:14 217 27 6.0 7.7 12:15 4.3 08:14 12.4 0.0 0.0 1.8 11.2 01:19 305 28 4.1 6.7 14:30 2.8 03:54 14.2 0.0 0.0 1.7 5.8 15:56 191 29 3.6 7.3 14:08 1.3 22:24 14.7 0.0 0.0 1.0 4.8 00:30 181 30 5.2 7.8 21:33 2.9 00:00 13.2 0.0 0.0 1.0 6.5 21:21 189 31 5.6 7.7 00:00 4.1 08:27 12.7 0.0 0.9 2.7 11.6 17:50 232 --------------------------------------------------------------------------------------- 1.3 9.8 22 -10.8 16 528.7 0.0 56.4 1.7 13.6 24 239