NOAA-Style Climate Reports
Select a Year or Month report
2024: Jan Feb Mar Apr Maj Jun Jul Aug Sep Okt Nov Dec
2023: Jan Feb Mar Apr Maj Jun Jul Aug Sep Okt Nov Dec
2022: Jan Feb Mar Apr Maj Jun Jul Aug Sep Okt Nov Dec
2021: Jan Feb Mar Apr Maj Jun Jul Aug Sep Okt Nov Dec
2020: Jan Feb Mar Apr Maj Jun Jul Aug Sep Okt Nov Dec
2019: Jan Feb Mar Apr Maj Jun Jul Aug Sep Okt Nov Dec
2018: Jan Feb Mar Apr Maj Jun Jul Aug Sep Okt Nov Dec
2017: Jan Feb Mar Apr Maj Jun Jul Aug Sep Okt Nov Dec
2016: Jan Feb Mar Apr Maj Jun Jul Aug Sep Okt Nov Dec
2015: Jan Feb Mar Apr Maj Jun Jul Aug Sep Okt Nov Dec
2024: Jan Feb Mar Apr Maj Jun Jul Aug Sep Okt Nov Dec
2023: Jan Feb Mar Apr Maj Jun Jul Aug Sep Okt Nov Dec
2022: Jan Feb Mar Apr Maj Jun Jul Aug Sep Okt Nov Dec
2021: Jan Feb Mar Apr Maj Jun Jul Aug Sep Okt Nov Dec
2020: Jan Feb Mar Apr Maj Jun Jul Aug Sep Okt Nov Dec
2019: Jan Feb Mar Apr Maj Jun Jul Aug Sep Okt Nov Dec
2018: Jan Feb Mar Apr Maj Jun Jul Aug Sep Okt Nov Dec
2017: Jan Feb Mar Apr Maj Jun Jul Aug Sep Okt Nov Dec
2016: Jan Feb Mar Apr Maj Jun Jul Aug Sep Okt Nov Dec
2015: Jan Feb Mar Apr Maj Jun Jul Aug Sep Okt Nov Dec
Report for 2023 November
MONTHLY CLIMATOLOGICAL SUMMARY for Nov 2023 NAME: Vejret i Brndby Strand ELEV: 8 meters LAT: 55-37.50 N LONG: 012-25.38 E TEMPERATURE (C), RAIN (mm), WIND SPEED (m/s) HEAT COOL AVG MEAN DEG DEG WIND DOM DAY TEMP HIGH TIME LOW TIME DAYS DAYS RAIN SPEED HIGH TIME DIR --------------------------------------------------------------------------------------- 01 6.9 10.3 23:44 2.9 08:57 11.5 0.0 1.2 1.5 9.5 17:32 173 02 11.4 11.9 16:47 10.0 01:35 6.9 0.0 1.8 3.8 9.5 17:27 172 03 11.4 12.5 14:18 10.3 10:00 6.9 0.0 2.1 1.7 5.4 14:25 192 04 10.1 11.0 14:11 9.8 23:20 8.2 0.0 0.0 3.3 8.8 22:16 176 05 10.0 11.0 11:51 9.4 09:09 8.3 0.0 19.8 1.9 20.7 11:56 168 06 10.7 13.1 13:30 9.6 23:47 7.6 0.0 4.8 1.4 8.8 11:01 223 07 9.9 11.4 13:21 8.9 23:18 8.4 0.0 1.5 2.0 13.3 10:29 223 08 9.8 12.3 13:42 8.7 21:54 8.5 0.0 1.8 1.9 7.8 13:04 213 09 9.6 10.4 12:45 7.9 21:40 8.7 0.0 1.8 1.1 10.9 08:58 191 10 8.4 8.9 15:57 7.8 17:15 9.9 0.0 2.7 1.0 6.8 23:03 201 11 9.0 10.7 12:07 7.5 19:10 9.3 0.0 0.6 0.7 7.1 00:47 184 12 7.7 46.9 01:38 3.2 00:00 10.7 0.0 0.9 0.1 31.3 01:38 190 13 6.2 12.5 02:57 2.4 07:42 12.2 0.0 9.9 1.2 46.4 02:57 174 14 6.4 7.8 15:09 5.6 23:39 11.9 0.0 13.2 1.9 14.6 05:39 1 15 5.5 9.3 13:15 2.9 08:47 12.8 0.0 6.6 0.9 6.1 01:09 12 16 5.4 6.1 13:17 4.3 03:05 12.9 0.0 23.4 2.8 15.0 09:46 4 17 4.8 6.4 12:08 -0.1 23:57 13.5 0.0 0.3 1.8 7.8 08:38 21 18 1.2 6.0 23:27 -3.8 07:59 17.1 0.0 0.0 0.7 8.5 15:18 168 19 5.5 6.4 03:34 4.6 20:33 12.9 0.0 7.2 3.1 13.3 08:25 171 20 5.7 7.2 13:20 4.8 00:00 12.6 0.0 0.6 1.0 22.4 06:44 352 21 3.9 5.5 00:00 -1.0 23:58 14.4 0.0 0.0 1.1 5.8 10:25 18 22 2.0 5.9 23:21 -4.0 05:34 16.4 0.0 0.3 2.4 19.7 16:15 220 23 9.1 11.7 09:58 5.8 23:26 9.2 0.0 2.4 3.5 16.3 23:02 256 24 3.9 7.3 13:06 1.2 17:17 14.5 0.0 0.0 2.3 12.9 00:37 343 25 0.4 3.2 12:08 -4.4 23:56 17.9 0.0 0.0 1.5 10.9 11:33 16 26 -1.7 2.5 14:35 -5.7 05:59 20.0 0.0 0.0 0.4 8.5 03:33 348 27 -2.1 -0.2 01:15 -5.3 07:55 20.5 0.0 0.0 1.1 6.8 19:42 17 28 -4.3 -2.6 00:00 -7.3 08:47 22.7 0.0 0.0 1.9 25.2 14:15 2 29 -3.2 -0.3 13:50 -9.0 05:04 21.6 0.0 0.0 1.0 5.8 14:42 20 30 -0.6 1.2 05:27 -5.6 23:51 18.9 0.0 0.3 1.5 10.5 22:50 18 --------------------------------------------------------------------------------------- 4.8 46.9 12 -9.0 29 387.0 0.0 103.2 1.6 46.4 13 230