NOAA-Style Climate Reports
Select a Year or Month report
2024: Jan Feb Mar Apr Maj Jun Jul Aug Sep Okt Nov Dec
2023: Jan Feb Mar Apr Maj Jun Jul Aug Sep Okt Nov Dec
2022: Jan Feb Mar Apr Maj Jun Jul Aug Sep Okt Nov Dec
2021: Jan Feb Mar Apr Maj Jun Jul Aug Sep Okt Nov Dec
2020: Jan Feb Mar Apr Maj Jun Jul Aug Sep Okt Nov Dec
2019: Jan Feb Mar Apr Maj Jun Jul Aug Sep Okt Nov Dec
2018: Jan Feb Mar Apr Maj Jun Jul Aug Sep Okt Nov Dec
2017: Jan Feb Mar Apr Maj Jun Jul Aug Sep Okt Nov Dec
2016: Jan Feb Mar Apr Maj Jun Jul Aug Sep Okt Nov Dec
2015: Jan Feb Mar Apr Maj Jun Jul Aug Sep Okt Nov Dec
2024: Jan Feb Mar Apr Maj Jun Jul Aug Sep Okt Nov Dec
2023: Jan Feb Mar Apr Maj Jun Jul Aug Sep Okt Nov Dec
2022: Jan Feb Mar Apr Maj Jun Jul Aug Sep Okt Nov Dec
2021: Jan Feb Mar Apr Maj Jun Jul Aug Sep Okt Nov Dec
2020: Jan Feb Mar Apr Maj Jun Jul Aug Sep Okt Nov Dec
2019: Jan Feb Mar Apr Maj Jun Jul Aug Sep Okt Nov Dec
2018: Jan Feb Mar Apr Maj Jun Jul Aug Sep Okt Nov Dec
2017: Jan Feb Mar Apr Maj Jun Jul Aug Sep Okt Nov Dec
2016: Jan Feb Mar Apr Maj Jun Jul Aug Sep Okt Nov Dec
2015: Jan Feb Mar Apr Maj Jun Jul Aug Sep Okt Nov Dec
Report for 2023 September
MONTHLY CLIMATOLOGICAL SUMMARY for Sep 2023 NAME: Vejret i Brndby Strand ELEV: 8 meters LAT: 55-37.50 N LONG: 012-25.38 E TEMPERATURE (C), RAIN (mm), WIND SPEED (m/s) HEAT COOL AVG MEAN DEG DEG WIND DOM DAY TEMP HIGH TIME LOW TIME DAYS DAYS RAIN SPEED HIGH TIME DIR --------------------------------------------------------------------------------------- 01 17.5 23.3 16:31 13.3 02:30 0.8 0.0 0.6 0.0 1.7 10:44 299 02 18.1 23.9 15:45 14.2 06:55 0.3 0.0 0.0 0.0 0.0 00:00 N/A 03 17.5 20.6 16:22 13.7 06:23 0.9 0.0 0.0 0.0 0.0 00:00 N/A 04 20.1 26.7 17:18 15.4 06:42 0.0 1.8 0.0 0.0 0.0 00:00 N/A 05 18.4 25.5 16:17 11.9 06:10 0.0 0.1 0.0 0.0 0.0 00:00 N/A 06 17.4 24.1 15:20 10.2 04:50 0.9 0.0 0.0 0.0 0.0 00:00 N/A 07 19.2 23.5 15:19 15.7 23:48 0.0 0.9 0.0 0.0 0.0 00:00 N/A 08 18.9 25.8 17:01 13.4 04:43 0.0 0.6 0.0 0.0 0.3 11:55 N/A 09 20.2 25.9 16:36 15.4 03:53 0.0 1.8 0.0 0.0 0.0 00:00 N/A 10 18.7 24.9 12:30 13.5 05:57 0.0 0.4 0.0 0.0 0.0 00:00 N/A 11 18.5 22.2 17:20 16.6 00:05 0.0 0.2 2.4 0.0 0.0 00:00 N/A 12 20.0 24.7 15:10 16.6 23:59 0.0 1.7 0.3 0.0 1.7 12:52 193 13 16.5 20.6 12:51 11.7 23:54 1.8 0.0 0.3 0.0 1.4 11:51 344 14 15.2 21.6 15:26 10.7 02:26 3.1 0.0 0.0 0.0 0.0 00:00 N/A 15 15.8 21.4 16:07 10.8 02:16 2.5 0.0 0.0 0.0 0.0 00:00 N/A 16 18.4 22.2 14:46 15.0 00:00 0.0 0.0 0.0 0.0 0.0 00:00 N/A 17 19.3 25.2 15:47 16.1 07:10 0.0 1.0 0.0 0.0 0.0 00:00 N/A 18 19.4 23.6 13:03 16.9 01:12 0.0 1.0 1.5 0.0 0.0 00:00 N/A 19 17.2 18.8 02:38 14.6 12:54 1.1 0.0 2.7 0.0 0.0 00:00 N/A 20 18.7 22.0 13:50 16.9 05:28 0.0 0.4 0.0 0.0 0.0 00:00 N/A 21 19.5 23.6 15:34 17.1 06:35 0.0 1.1 0.0 0.0 0.0 00:00 N/A 22 18.2 20.0 01:50 15.7 22:29 0.1 0.0 1.2 0.0 0.0 00:00 N/A 23 15.9 18.8 14:50 12.7 23:49 2.4 0.0 0.0 0.0 0.0 00:00 N/A 24 14.9 20.5 15:28 10.5 04:54 3.4 0.0 0.0 0.0 0.0 00:00 N/A 25 16.7 20.2 14:54 15.0 23:40 1.6 0.0 0.0 0.0 0.0 00:00 N/A 26 15.9 21.3 15:51 10.0 06:43 2.4 0.0 0.0 0.0 0.0 00:00 N/A 27 17.2 23.1 14:40 13.9 03:43 1.1 0.0 0.0 0.0 0.0 00:00 N/A 28 18.9 23.9 15:30 15.2 23:59 0.0 0.6 0.0 0.0 0.0 00:00 N/A 29 17.2 20.3 16:24 14.3 23:57 1.1 0.0 3.0 0.0 0.0 00:00 N/A 30 15.1 19.6 13:52 12.3 07:00 3.2 0.0 0.0 0.0 0.0 00:00 N/A --------------------------------------------------------------------------------------- 17.8 26.7 04 10.0 26 26.9 11.5 12.0 0.0 1.7 01 210