NOAA-Style Climate Reports
Select a Year or Month report
2024: Jan Feb Mar Apr Maj Jun Jul Aug Sep Okt Nov Dec
2023: Jan Feb Mar Apr Maj Jun Jul Aug Sep Okt Nov Dec
2022: Jan Feb Mar Apr Maj Jun Jul Aug Sep Okt Nov Dec
2021: Jan Feb Mar Apr Maj Jun Jul Aug Sep Okt Nov Dec
2020: Jan Feb Mar Apr Maj Jun Jul Aug Sep Okt Nov Dec
2019: Jan Feb Mar Apr Maj Jun Jul Aug Sep Okt Nov Dec
2018: Jan Feb Mar Apr Maj Jun Jul Aug Sep Okt Nov Dec
2017: Jan Feb Mar Apr Maj Jun Jul Aug Sep Okt Nov Dec
2016: Jan Feb Mar Apr Maj Jun Jul Aug Sep Okt Nov Dec
2015: Jan Feb Mar Apr Maj Jun Jul Aug Sep Okt Nov Dec
2024: Jan Feb Mar Apr Maj Jun Jul Aug Sep Okt Nov Dec
2023: Jan Feb Mar Apr Maj Jun Jul Aug Sep Okt Nov Dec
2022: Jan Feb Mar Apr Maj Jun Jul Aug Sep Okt Nov Dec
2021: Jan Feb Mar Apr Maj Jun Jul Aug Sep Okt Nov Dec
2020: Jan Feb Mar Apr Maj Jun Jul Aug Sep Okt Nov Dec
2019: Jan Feb Mar Apr Maj Jun Jul Aug Sep Okt Nov Dec
2018: Jan Feb Mar Apr Maj Jun Jul Aug Sep Okt Nov Dec
2017: Jan Feb Mar Apr Maj Jun Jul Aug Sep Okt Nov Dec
2016: Jan Feb Mar Apr Maj Jun Jul Aug Sep Okt Nov Dec
2015: Jan Feb Mar Apr Maj Jun Jul Aug Sep Okt Nov Dec
Report for 2023 Juli
MONTHLY CLIMATOLOGICAL SUMMARY for Jul 2023 NAME: Vejret i Brndby Strand ELEV: 8 meters LAT: 55-37.50 N LONG: 012-25.38 E TEMPERATURE (C), RAIN (mm), WIND SPEED (m/s) HEAT COOL AVG MEAN DEG DEG WIND DOM DAY TEMP HIGH TIME LOW TIME DAYS DAYS RAIN SPEED HIGH TIME DIR --------------------------------------------------------------------------------------- 01 17.2 18.6 13:22 15.6 03:40 1.1 0.0 1.2 1.7 9.9 10:19 205 02 17.4 21.3 17:46 14.6 23:39 1.0 0.0 2.7 0.0 3.1 00:25 214 03 16.1 22.7 18:54 12.0 07:42 2.2 0.0 5.7 0.0 0.7 09:24 N/A 04 16.3 22.1 18:17 12.7 06:40 2.1 0.0 0.9 0.0 0.0 00:00 N/A 05 17.1 27.3 18:31 12.1 04:28 1.2 0.0 0.6 0.0 0.0 00:00 N/A 06 18.4 25.7 19:39 11.2 09:39 0.0 0.1 0.0 0.1 9.5 16:17 219 07 19.9 30.7 18:33 13.1 04:45 0.0 1.5 0.0 0.2 6.5 07:04 215 08 21.1 33.9 18:44 11.7 04:43 0.0 2.7 0.0 0.0 6.5 15:40 190 09 22.2 32.9 18:32 13.3 05:05 0.0 3.9 0.0 0.0 3.1 06:36 353 10 20.1 26.1 17:04 16.9 23:57 0.0 1.8 4.2 0.1 5.4 04:12 168 11 19.3 25.0 18:08 13.0 05:44 0.0 0.9 0.0 0.0 0.0 00:00 N/A 12 20.1 27.8 18:59 16.8 23:57 0.0 1.7 17.4 0.0 5.1 12:56 233 13 18.6 25.9 19:10 14.5 03:08 0.0 0.3 1.5 0.6 12.2 12:36 213 14 20.1 31.8 19:37 14.0 05:13 0.0 1.7 0.0 0.3 10.2 06:35 209 15 21.7 26.4 16:22 18.4 04:10 0.0 3.4 0.0 0.0 0.0 00:00 N/A 16 21.3 27.6 18:55 17.2 05:27 0.0 3.0 2.7 0.0 0.0 00:00 N/A 17 18.8 24.5 19:12 15.5 23:24 0.0 0.5 5.1 0.0 0.0 00:00 N/A 18 18.2 26.8 18:37 13.4 04:57 0.1 0.0 0.0 0.0 0.0 00:00 N/A 19 17.3 21.9 16:13 13.7 05:05 1.0 0.0 0.0 0.0 0.0 00:00 N/A 20 16.7 24.3 18:30 12.1 04:19 1.6 0.0 2.7 0.0 0.0 00:00 N/A 21 18.0 28.3 18:52 12.4 04:56 0.4 0.0 0.0 0.0 0.0 00:00 N/A 22 17.0 24.8 17:58 14.1 06:55 1.3 0.0 3.6 0.0 0.0 00:00 N/A 23 16.5 19.9 12:07 14.0 01:17 1.9 0.0 9.3 0.0 0.0 00:00 N/A 24 20.3 28.5 19:32 16.9 00:00 0.0 2.0 0.0 0.0 0.0 00:00 N/A 25 18.3 25.9 18:37 14.2 06:30 0.0 0.0 1.5 0.0 0.0 00:00 N/A 26 16.2 23.8 18:09 11.8 05:26 2.1 0.0 1.8 0.0 0.0 00:00 N/A 27 18.0 27.6 19:12 14.0 03:17 0.3 0.0 0.3 0.0 0.0 00:00 N/A 28 19.7 31.9 19:36 11.2 04:16 0.0 1.4 0.0 0.0 0.0 00:00 N/A 29 20.1 27.8 19:07 14.5 01:47 0.0 1.8 1.5 0.0 0.0 00:00 N/A 30 19.0 26.5 16:42 14.8 05:50 0.0 0.7 0.6 0.0 1.4 07:10 N/A 31 17.9 24.3 19:33 14.0 02:46 0.4 0.0 1.5 0.0 2.7 22:53 205 --------------------------------------------------------------------------------------- 18.7 33.9 08 11.2 06 16.9 27.4 64.8 0.1 12.2 13 207