NOAA-Style Climate Reports
Select a Year or Month report
2024: Jan Feb Mar Apr Maj Jun Jul Aug Sep Okt Nov Dec
2023: Jan Feb Mar Apr Maj Jun Jul Aug Sep Okt Nov Dec
2022: Jan Feb Mar Apr Maj Jun Jul Aug Sep Okt Nov Dec
2021: Jan Feb Mar Apr Maj Jun Jul Aug Sep Okt Nov Dec
2020: Jan Feb Mar Apr Maj Jun Jul Aug Sep Okt Nov Dec
2019: Jan Feb Mar Apr Maj Jun Jul Aug Sep Okt Nov Dec
2018: Jan Feb Mar Apr Maj Jun Jul Aug Sep Okt Nov Dec
2017: Jan Feb Mar Apr Maj Jun Jul Aug Sep Okt Nov Dec
2016: Jan Feb Mar Apr Maj Jun Jul Aug Sep Okt Nov Dec
2015: Jan Feb Mar Apr Maj Jun Jul Aug Sep Okt Nov Dec
2024: Jan Feb Mar Apr Maj Jun Jul Aug Sep Okt Nov Dec
2023: Jan Feb Mar Apr Maj Jun Jul Aug Sep Okt Nov Dec
2022: Jan Feb Mar Apr Maj Jun Jul Aug Sep Okt Nov Dec
2021: Jan Feb Mar Apr Maj Jun Jul Aug Sep Okt Nov Dec
2020: Jan Feb Mar Apr Maj Jun Jul Aug Sep Okt Nov Dec
2019: Jan Feb Mar Apr Maj Jun Jul Aug Sep Okt Nov Dec
2018: Jan Feb Mar Apr Maj Jun Jul Aug Sep Okt Nov Dec
2017: Jan Feb Mar Apr Maj Jun Jul Aug Sep Okt Nov Dec
2016: Jan Feb Mar Apr Maj Jun Jul Aug Sep Okt Nov Dec
2015: Jan Feb Mar Apr Maj Jun Jul Aug Sep Okt Nov Dec
Report for 2023 April
MONTHLY CLIMATOLOGICAL SUMMARY for Apr 2023 NAME: Vejret i Brndby Strand ELEV: 8 meters LAT: 55-37.50 N LONG: 012-25.38 E TEMPERATURE (C), RAIN (mm), WIND SPEED (m/s) HEAT COOL AVG MEAN DEG DEG WIND DOM DAY TEMP HIGH TIME LOW TIME DAYS DAYS RAIN SPEED HIGH TIME DIR --------------------------------------------------------------------------------------- 01 5.5 10.8 17:15 2.6 07:45 12.9 0.0 0.0 1.8 7.8 10:15 0 02 4.7 11.4 17:35 -0.6 07:00 13.7 0.0 0.0 1.5 6.1 12:55 32 03 3.3 9.7 17:40 -2.5 07:00 15.0 0.0 0.0 0.6 5.4 18:40 26 04 5.0 10.6 18:26 -0.3 03:00 13.3 0.0 0.0 1.2 7.1 15:10 346 05 5.6 10.5 18:27 0.3 06:36 12.7 0.0 0.0 0.9 6.1 16:41 268 06 6.0 10.6 15:50 2.6 23:58 12.4 0.0 0.0 2.1 7.1 18:52 170 07 5.4 9.9 17:55 0.2 06:25 12.9 0.0 0.0 0.8 5.4 11:24 21 08 8.9 17.0 15:15 1.9 06:40 9.4 0.0 0.0 1.0 5.4 10:50 44 09 7.3 12.3 15:39 1.3 06:18 11.0 0.0 0.0 0.9 5.1 15:43 178 10 7.6 12.4 16:42 3.2 06:25 10.7 0.0 0.0 2.7 10.5 17:14 166 11 8.9 12.9 17:06 6.1 23:55 9.4 0.0 5.1 1.8 10.9 02:39 173 12 7.1 12.3 15:20 0.6 05:13 11.2 0.0 0.3 2.1 10.2 15:07 170 13 9.2 14.7 18:32 6.9 05:25 9.1 0.0 4.8 2.6 8.5 04:50 168 14 8.5 12.9 12:19 3.3 06:28 9.8 0.0 1.5 0.5 4.1 22:17 16 15 11.2 15.6 14:08 8.2 06:18 7.2 0.0 0.0 1.6 7.5 11:24 8 16 11.3 17.9 18:44 7.8 23:58 7.0 0.0 0.0 0.9 5.1 03:00 21 17 8.7 16.8 15:58 1.7 06:35 9.7 0.0 0.0 0.7 5.4 14:15 70 18 9.4 18.8 16:33 2.7 02:20 8.9 0.0 0.0 1.0 6.1 11:56 28 19 10.5 19.0 18:10 4.3 05:19 7.8 0.0 0.0 1.9 8.5 16:50 24 20 12.3 20.3 18:36 6.3 04:33 6.0 0.0 0.0 2.3 8.2 00:40 35 21 11.8 21.4 18:36 4.8 06:08 6.5 0.0 0.0 1.1 7.1 18:54 117 22 11.5 21.1 18:20 2.9 03:29 6.8 0.0 0.0 2.1 9.5 16:46 164 23 11.7 21.2 18:55 8.6 23:00 6.6 0.0 3.0 1.0 8.2 01:36 179 24 10.8 15.9 16:55 7.9 01:38 7.5 0.0 1.5 2.1 8.5 12:14 170 25 8.3 10.6 15:25 6.4 23:50 10.0 0.0 0.3 2.0 8.2 02:58 212 26 8.4 14.7 18:08 5.1 23:57 9.9 0.0 0.0 2.3 11.2 15:04 340 27 8.0 15.9 18:48 2.5 05:37 10.4 0.0 0.0 1.7 11.2 12:54 316 28 7.6 15.5 18:39 -1.0 05:06 10.7 0.0 0.0 1.0 6.1 13:29 169 29 9.5 16.2 17:59 1.4 05:39 8.9 0.0 0.0 1.4 10.9 17:43 357 30 8.9 16.2 18:20 4.6 05:36 9.4 0.0 0.0 1.6 8.8 07:47 347 --------------------------------------------------------------------------------------- 8.4 21.4 21 -2.5 03 297.0 0.0 16.5 1.5 11.2 26 138