NOAA-Style Climate Reports
Select a Year or Month report
2024: Jan Feb Mar Apr Maj Jun Jul Aug Sep Okt Nov Dec
2023: Jan Feb Mar Apr Maj Jun Jul Aug Sep Okt Nov Dec
2022: Jan Feb Mar Apr Maj Jun Jul Aug Sep Okt Nov Dec
2021: Jan Feb Mar Apr Maj Jun Jul Aug Sep Okt Nov Dec
2020: Jan Feb Mar Apr Maj Jun Jul Aug Sep Okt Nov Dec
2019: Jan Feb Mar Apr Maj Jun Jul Aug Sep Okt Nov Dec
2018: Jan Feb Mar Apr Maj Jun Jul Aug Sep Okt Nov Dec
2017: Jan Feb Mar Apr Maj Jun Jul Aug Sep Okt Nov Dec
2016: Jan Feb Mar Apr Maj Jun Jul Aug Sep Okt Nov Dec
2015: Jan Feb Mar Apr Maj Jun Jul Aug Sep Okt Nov Dec
2024: Jan Feb Mar Apr Maj Jun Jul Aug Sep Okt Nov Dec
2023: Jan Feb Mar Apr Maj Jun Jul Aug Sep Okt Nov Dec
2022: Jan Feb Mar Apr Maj Jun Jul Aug Sep Okt Nov Dec
2021: Jan Feb Mar Apr Maj Jun Jul Aug Sep Okt Nov Dec
2020: Jan Feb Mar Apr Maj Jun Jul Aug Sep Okt Nov Dec
2019: Jan Feb Mar Apr Maj Jun Jul Aug Sep Okt Nov Dec
2018: Jan Feb Mar Apr Maj Jun Jul Aug Sep Okt Nov Dec
2017: Jan Feb Mar Apr Maj Jun Jul Aug Sep Okt Nov Dec
2016: Jan Feb Mar Apr Maj Jun Jul Aug Sep Okt Nov Dec
2015: Jan Feb Mar Apr Maj Jun Jul Aug Sep Okt Nov Dec
Report for 2023 Februar
MONTHLY CLIMATOLOGICAL SUMMARY for Feb 2023 NAME: Vejret i Brndby Strand ELEV: 8 meters LAT: 55-37.50 N LONG: 012-25.38 E TEMPERATURE (C), RAIN (mm), WIND SPEED (m/s) HEAT COOL AVG MEAN DEG DEG WIND DOM DAY TEMP HIGH TIME LOW TIME DAYS DAYS RAIN SPEED HIGH TIME DIR --------------------------------------------------------------------------------------- 01 5.3 6.8 12:48 4.1 07:51 13.0 0.0 2.7 2.1 10.5 03:15 294 02 2.5 5.0 13:48 0.0 21:17 15.9 0.0 0.3 1.9 10.2 00:47 334 03 3.8 7.7 11:23 0.7 23:50 14.5 0.0 13.8 2.7 15.6 13:56 345 04 -1.9 1.9 13:57 -5.0 21:54 20.2 0.0 0.0 0.6 5.1 10:28 13 05 1.2 3.2 13:09 -1.9 00:00 17.1 0.0 0.3 1.2 6.1 05:05 186 06 0.9 3.3 13:16 -0.8 23:11 17.5 0.0 0.0 0.7 3.7 01:13 341 07 1.1 2.6 15:13 -0.7 01:07 17.2 0.0 0.0 0.5 4.4 04:50 249 08 2.1 5.4 14:08 -0.7 08:33 16.2 0.0 0.3 1.1 6.5 21:24 185 09 2.2 4.1 19:33 0.4 06:23 16.1 0.0 0.0 1.7 8.5 00:33 188 10 5.9 8.3 13:28 4.1 00:00 12.5 0.0 0.0 1.7 8.8 22:36 245 11 8.1 10.8 13:15 4.4 23:57 10.2 0.0 0.0 2.1 12.6 10:38 332 12 8.0 12.0 14:23 3.9 02:21 10.4 0.0 0.0 1.2 9.2 14:34 320 13 8.1 10.1 13:11 6.7 23:52 10.3 0.0 0.0 1.5 8.8 11:00 335 14 5.3 6.7 00:00 3.9 22:05 13.0 0.0 0.0 0.5 4.1 21:17 210 15 4.5 5.6 11:30 2.8 23:13 13.9 0.0 0.0 0.9 4.8 11:39 177 16 5.0 7.2 14:07 2.8 00:00 13.3 0.0 0.6 0.5 3.4 00:26 196 17 7.5 10.8 15:14 5.6 00:08 10.8 0.0 8.1 2.5 17.7 22:09 266 18 5.8 8.0 14:12 2.7 00:00 12.5 0.0 0.0 2.3 15.0 00:30 332 19 4.0 7.1 14:07 1.2 07:42 14.4 0.0 0.0 1.5 8.8 10:26 338 20 7.6 10.0 12:57 4.0 00:00 10.8 0.0 3.0 2.6 11.2 08:20 295 21 6.4 10.1 13:52 -0.7 23:53 12.0 0.0 0.0 2.0 11.9 03:51 341 22 4.2 6.6 12:50 -0.7 00:00 14.1 0.0 0.0 2.9 10.5 14:36 166 23 5.1 6.5 15:46 3.3 23:54 13.2 0.0 1.8 1.7 7.5 01:08 176 24 3.7 6.8 12:39 2.4 20:39 14.7 0.0 2.7 1.3 8.2 08:46 289 25 1.4 3.1 14:10 -0.8 23:59 16.9 0.0 0.6 2.2 10.2 10:29 352 26 0.9 6.0 13:53 -2.7 05:39 17.5 0.0 0.0 1.0 7.5 13:27 352 27 2.1 8.0 14:31 -4.5 03:45 16.2 0.0 0.0 0.4 4.8 12:57 346 28 2.8 9.9 14:13 -2.4 05:32 15.5 0.0 0.0 0.4 3.7 14:55 331 --------------------------------------------------------------------------------------- 4.1 12.0 12 -5.0 04 399.7 0.0 34.2 1.5 17.7 17 301