NOAA-Style Climate Reports
Select a Year or Month report
2024: Jan Feb Mar Apr Maj Jun Jul Aug Sep Okt Nov Dec
2023: Jan Feb Mar Apr Maj Jun Jul Aug Sep Okt Nov Dec
2022: Jan Feb Mar Apr Maj Jun Jul Aug Sep Okt Nov Dec
2021: Jan Feb Mar Apr Maj Jun Jul Aug Sep Okt Nov Dec
2020: Jan Feb Mar Apr Maj Jun Jul Aug Sep Okt Nov Dec
2019: Jan Feb Mar Apr Maj Jun Jul Aug Sep Okt Nov Dec
2018: Jan Feb Mar Apr Maj Jun Jul Aug Sep Okt Nov Dec
2017: Jan Feb Mar Apr Maj Jun Jul Aug Sep Okt Nov Dec
2016: Jan Feb Mar Apr Maj Jun Jul Aug Sep Okt Nov Dec
2015: Jan Feb Mar Apr Maj Jun Jul Aug Sep Okt Nov Dec
2024: Jan Feb Mar Apr Maj Jun Jul Aug Sep Okt Nov Dec
2023: Jan Feb Mar Apr Maj Jun Jul Aug Sep Okt Nov Dec
2022: Jan Feb Mar Apr Maj Jun Jul Aug Sep Okt Nov Dec
2021: Jan Feb Mar Apr Maj Jun Jul Aug Sep Okt Nov Dec
2020: Jan Feb Mar Apr Maj Jun Jul Aug Sep Okt Nov Dec
2019: Jan Feb Mar Apr Maj Jun Jul Aug Sep Okt Nov Dec
2018: Jan Feb Mar Apr Maj Jun Jul Aug Sep Okt Nov Dec
2017: Jan Feb Mar Apr Maj Jun Jul Aug Sep Okt Nov Dec
2016: Jan Feb Mar Apr Maj Jun Jul Aug Sep Okt Nov Dec
2015: Jan Feb Mar Apr Maj Jun Jul Aug Sep Okt Nov Dec
Report for 2022 December
MONTHLY CLIMATOLOGICAL SUMMARY for Dec 2022 NAME: Vejret i Brndby Strand ELEV: 8 meters LAT: 55-37.50 N LONG: 012-25.38 E TEMPERATURE (C), RAIN (mm), WIND SPEED (m/s) HEAT COOL AVG MEAN DEG DEG WIND DOM DAY TEMP HIGH TIME LOW TIME DAYS DAYS RAIN SPEED HIGH TIME DIR --------------------------------------------------------------------------------------- 01 4.7 6.3 13:16 3.3 04:18 13.7 0.0 0.0 0.6 3.7 03:09 3 02 4.5 5.5 13:41 3.2 22:15 13.8 0.0 0.0 1.1 6.8 20:28 4 03 2.8 3.7 12:50 1.8 21:02 15.5 0.0 2.4 1.6 6.5 13:15 13 04 3.1 4.3 22:32 2.3 00:00 15.2 0.0 0.0 1.7 6.5 00:15 6 05 3.9 4.8 05:56 3.2 12:30 14.4 0.0 6.6 1.6 7.5 01:51 12 06 2.6 3.7 12:33 1.0 22:15 15.7 0.0 0.3 0.6 3.7 08:49 345 07 0.9 3.1 12:52 -3.1 22:17 17.4 0.0 0.3 0.6 4.1 11:58 326 08 -3.5 0.9 23:50 -7.5 08:13 21.8 0.0 0.3 0.3 5.8 23:27 252 09 1.3 2.2 21:00 0.1 07:20 17.1 0.0 0.0 1.3 6.1 00:37 199 10 1.6 2.7 12:29 0.8 21:41 16.7 0.0 0.3 0.4 3.4 10:42 249 11 -2.1 0.9 00:00 -4.6 23:51 20.4 0.0 0.0 0.7 4.4 21:05 1 12 -3.8 -2.6 14:26 -4.9 22:16 22.2 0.0 0.0 1.0 5.4 12:46 335 13 -1.0 1.2 23:50 -3.7 00:00 19.4 0.0 0.0 1.1 7.5 23:46 280 14 1.0 2.0 12:16 0.0 07:38 17.3 0.0 0.0 1.5 7.5 03:11 220 15 -2.1 0.8 07:58 -8.5 23:13 20.4 0.0 0.0 0.6 5.1 02:32 298 16 -7.6 -3.1 13:51 -10.2 23:09 26.0 0.0 0.0 0.0 0.7 13:51 N/A 17 -3.5 0.4 13:00 -10.6 05:04 21.8 0.0 0.0 0.6 6.1 23:34 215 18 0.1 1.3 13:03 -0.8 18:18 18.3 0.0 0.0 1.8 8.2 23:41 184 19 1.7 5.1 23:56 -0.2 00:12 16.6 0.0 7.8 2.8 10.2 03:14 173 20 6.0 7.4 22:50 5.1 00:00 12.3 0.0 3.0 1.0 4.4 03:49 187 21 5.7 7.4 00:08 4.6 17:29 12.7 0.0 0.0 0.6 4.8 17:06 194 22 5.5 6.8 23:34 4.6 15:55 12.8 0.0 0.0 0.5 3.4 04:29 198 23 3.7 7.0 02:54 -3.1 20:55 14.6 0.0 0.3 0.6 5.4 13:32 333 24 1.1 4.4 23:59 -3.6 06:37 17.3 0.0 0.0 0.4 4.1 23:29 187 25 5.5 33.8 11:52 4.4 00:05 12.8 0.0 1.5 2.0 8.5 11:52 167 26 6.0 7.7 17:11 3.5 22:41 12.3 0.0 2.4 0.9 6.5 18:12 203 27 3.5 5.4 13:52 2.2 19:05 14.8 0.0 0.0 1.2 7.8 11:09 231 28 5.7 7.2 14:36 4.1 00:00 12.6 0.0 8.4 1.5 7.5 06:58 190 29 7.5 9.4 13:26 6.4 01:40 10.8 0.0 4.5 0.8 4.8 21:16 197 30 6.5 7.3 00:40 5.6 16:39 11.9 0.0 2.4 2.0 9.5 19:44 190 31 9.1 10.6 19:13 6.6 00:00 9.2 0.0 3.9 0.6 5.4 00:00 195 --------------------------------------------------------------------------------------- 2.1 33.8 25 -10.6 17 498.0 0.0 44.4 1.0 10.2 19 208