NOAA-Style Climate Reports
Select a Year or Month report
2024: Jan Feb Mar Apr Maj Jun Jul Aug Sep Okt Nov Dec
2023: Jan Feb Mar Apr Maj Jun Jul Aug Sep Okt Nov Dec
2022: Jan Feb Mar Apr Maj Jun Jul Aug Sep Okt Nov Dec
2021: Jan Feb Mar Apr Maj Jun Jul Aug Sep Okt Nov Dec
2020: Jan Feb Mar Apr Maj Jun Jul Aug Sep Okt Nov Dec
2019: Jan Feb Mar Apr Maj Jun Jul Aug Sep Okt Nov Dec
2018: Jan Feb Mar Apr Maj Jun Jul Aug Sep Okt Nov Dec
2017: Jan Feb Mar Apr Maj Jun Jul Aug Sep Okt Nov Dec
2016: Jan Feb Mar Apr Maj Jun Jul Aug Sep Okt Nov Dec
2015: Jan Feb Mar Apr Maj Jun Jul Aug Sep Okt Nov Dec
2024: Jan Feb Mar Apr Maj Jun Jul Aug Sep Okt Nov Dec
2023: Jan Feb Mar Apr Maj Jun Jul Aug Sep Okt Nov Dec
2022: Jan Feb Mar Apr Maj Jun Jul Aug Sep Okt Nov Dec
2021: Jan Feb Mar Apr Maj Jun Jul Aug Sep Okt Nov Dec
2020: Jan Feb Mar Apr Maj Jun Jul Aug Sep Okt Nov Dec
2019: Jan Feb Mar Apr Maj Jun Jul Aug Sep Okt Nov Dec
2018: Jan Feb Mar Apr Maj Jun Jul Aug Sep Okt Nov Dec
2017: Jan Feb Mar Apr Maj Jun Jul Aug Sep Okt Nov Dec
2016: Jan Feb Mar Apr Maj Jun Jul Aug Sep Okt Nov Dec
2015: Jan Feb Mar Apr Maj Jun Jul Aug Sep Okt Nov Dec
Report for 2022 September
MONTHLY CLIMATOLOGICAL SUMMARY for Sep 2022 NAME: Vejret i Brndby Strand ELEV: 8 meters LAT: 55-37.50 N LONG: 012-25.38 E TEMPERATURE (C), RAIN (mm), WIND SPEED (m/s) HEAT COOL AVG MEAN DEG DEG WIND DOM DAY TEMP HIGH TIME LOW TIME DAYS DAYS RAIN SPEED HIGH TIME DIR --------------------------------------------------------------------------------------- 01 16.0 24.0 18:33 8.9 05:36 2.4 0.0 0.0 0.6 5.4 15:25 232 02 16.3 23.0 15:24 9.2 05:06 2.0 0.0 0.0 1.0 7.1 13:41 163 03 17.7 22.8 15:52 14.7 23:55 0.6 0.0 0.0 1.7 7.8 14:26 174 04 17.2 22.5 16:39 12.5 06:23 1.1 0.0 0.0 1.7 7.8 12:27 170 05 17.5 22.3 15:03 13.8 04:30 0.8 0.0 0.0 1.7 8.2 11:54 170 06 17.3 22.2 15:28 14.3 05:25 1.1 0.0 0.0 1.8 8.2 13:31 172 07 17.2 22.6 14:37 13.2 03:11 1.1 0.0 0.3 1.7 8.5 14:28 179 08 17.3 21.2 13:28 14.0 23:31 1.0 0.0 10.2 2.3 10.2 14:13 177 09 16.6 21.1 13:01 13.1 02:40 1.7 0.0 10.8 1.6 7.8 15:32 174 10 17.5 22.1 16:28 14.3 07:05 0.9 0.0 0.0 0.6 43.5 21:22 11 11 16.0 20.3 16:07 11.7 23:38 2.4 0.0 0.0 0.7 4.4 09:23 337 12 15.6 21.1 14:17 10.0 05:52 2.8 0.0 0.0 1.1 6.5 18:22 174 13 17.3 20.8 15:28 14.2 23:52 1.0 0.0 3.0 2.0 9.9 14:32 223 14 16.0 18.7 14:32 13.7 23:45 2.3 0.0 0.0 1.5 8.8 12:22 265 15 14.1 42.3 04:11 11.4 06:59 4.3 0.0 0.6 1.7 13.6 14:26 278 16 12.8 18.8 16:49 10.8 23:51 5.6 0.0 5.7 1.2 7.5 05:08 265 17 13.7 17.8 12:41 10.7 03:43 4.6 0.0 0.3 1.0 7.1 13:01 341 18 12.3 16.0 13:13 9.7 23:51 6.0 0.0 0.3 0.5 4.4 18:35 322 19 12.4 17.7 13:34 8.2 05:05 5.9 0.0 0.0 1.3 10.2 15:03 341 20 12.4 17.7 13:21 8.2 23:55 5.9 0.0 0.0 0.9 8.2 12:33 348 21 10.9 17.6 13:17 5.7 06:49 7.4 0.0 0.0 0.3 6.1 09:33 357 22 12.9 19.1 14:18 5.9 01:20 5.5 0.0 0.0 0.6 5.4 09:15 229 23 14.9 18.4 13:50 11.7 06:43 3.4 0.0 0.0 1.3 6.5 13:49 174 24 15.6 18.7 14:44 13.6 07:15 2.8 0.0 0.0 1.2 5.1 15:43 174 25 14.1 18.3 14:27 10.3 07:45 4.3 0.0 0.3 0.6 44.9 12:21 189 26 12.9 15.4 13:06 10.3 04:20 5.5 0.0 0.3 1.8 10.2 12:08 173 27 12.9 14.7 15:04 11.5 20:07 5.5 0.0 13.8 2.7 9.5 06:10 172 28 11.4 14.5 14:16 9.0 07:19 6.9 0.0 3.3 0.3 6.8 15:32 330 29 11.6 14.4 16:32 10.0 03:31 6.7 0.0 10.2 0.1 3.4 01:57 216 30 12.5 15.6 15:26 8.7 02:32 5.8 0.0 3.0 0.0 2.4 00:28 176 --------------------------------------------------------------------------------------- 14.8 42.3 15 5.7 21 107.3 0.0 62.1 1.2 44.9 25 188