NOAA-Style Climate Reports
Select a Year or Month report
2024: Jan Feb Mar Apr Maj Jun Jul Aug Sep Okt Nov Dec
2023: Jan Feb Mar Apr Maj Jun Jul Aug Sep Okt Nov Dec
2022: Jan Feb Mar Apr Maj Jun Jul Aug Sep Okt Nov Dec
2021: Jan Feb Mar Apr Maj Jun Jul Aug Sep Okt Nov Dec
2020: Jan Feb Mar Apr Maj Jun Jul Aug Sep Okt Nov Dec
2019: Jan Feb Mar Apr Maj Jun Jul Aug Sep Okt Nov Dec
2018: Jan Feb Mar Apr Maj Jun Jul Aug Sep Okt Nov Dec
2017: Jan Feb Mar Apr Maj Jun Jul Aug Sep Okt Nov Dec
2016: Jan Feb Mar Apr Maj Jun Jul Aug Sep Okt Nov Dec
2015: Jan Feb Mar Apr Maj Jun Jul Aug Sep Okt Nov Dec
2024: Jan Feb Mar Apr Maj Jun Jul Aug Sep Okt Nov Dec
2023: Jan Feb Mar Apr Maj Jun Jul Aug Sep Okt Nov Dec
2022: Jan Feb Mar Apr Maj Jun Jul Aug Sep Okt Nov Dec
2021: Jan Feb Mar Apr Maj Jun Jul Aug Sep Okt Nov Dec
2020: Jan Feb Mar Apr Maj Jun Jul Aug Sep Okt Nov Dec
2019: Jan Feb Mar Apr Maj Jun Jul Aug Sep Okt Nov Dec
2018: Jan Feb Mar Apr Maj Jun Jul Aug Sep Okt Nov Dec
2017: Jan Feb Mar Apr Maj Jun Jul Aug Sep Okt Nov Dec
2016: Jan Feb Mar Apr Maj Jun Jul Aug Sep Okt Nov Dec
2015: Jan Feb Mar Apr Maj Jun Jul Aug Sep Okt Nov Dec
Report for 2022 Juli
MONTHLY CLIMATOLOGICAL SUMMARY for Jul 2022 NAME: Vejret i Brndby Strand ELEV: 8 meters LAT: 55-37.50 N LONG: 012-25.38 E TEMPERATURE (C), RAIN (mm), WIND SPEED (m/s) HEAT COOL AVG MEAN DEG DEG WIND DOM DAY TEMP HIGH TIME LOW TIME DAYS DAYS RAIN SPEED HIGH TIME DIR --------------------------------------------------------------------------------------- 01 18.8 23.6 13:21 15.1 04:00 0.0 0.5 6.0 1.2 6.8 11:13 177 02 20.2 28.9 19:39 14.4 05:23 0.0 1.8 0.3 1.1 6.8 14:13 202 03 21.4 29.2 19:32 17.6 03:10 0.0 3.1 0.0 2.6 14.6 00:32 175 04 18.8 27.2 19:07 12.6 04:07 0.0 0.4 5.4 1.1 6.8 00:21 243 05 17.6 26.5 18:14 13.3 03:40 0.7 0.0 0.0 1.0 6.8 12:14 244 06 17.0 25.3 19:18 11.7 04:11 1.4 0.0 0.0 1.4 10.5 08:26 309 07 18.4 26.5 18:43 15.3 00:55 0.0 0.0 2.4 1.5 7.1 13:50 341 08 18.2 26.8 19:09 13.9 05:14 0.2 0.0 0.0 1.6 7.8 19:35 345 09 17.3 20.7 16:59 15.1 23:55 1.0 0.0 0.0 2.0 9.2 08:47 339 10 17.8 25.1 18:17 12.8 04:05 0.5 0.0 0.0 2.0 8.5 16:38 346 11 19.5 28.1 18:00 7.9 13:39 0.0 1.2 0.0 1.3 6.8 12:31 340 12 22.1 33.5 19:00 14.7 05:21 0.0 3.8 0.0 1.2 6.8 10:42 339 13 22.6 29.1 18:29 15.8 00:00 0.0 4.3 0.0 1.7 10.9 19:11 334 14 17.4 22.8 19:02 14.0 04:44 0.9 0.0 0.0 1.7 10.5 08:51 323 15 17.2 23.2 17:54 13.5 04:34 1.1 0.0 0.3 2.1 15.3 15:17 332 16 17.2 25.8 18:51 12.3 06:45 1.1 0.0 0.6 1.9 8.8 12:32 343 17 18.5 26.8 18:44 12.9 01:31 0.0 0.2 0.0 1.5 13.6 12:31 319 18 20.8 29.7 19:42 16.2 06:08 0.0 2.5 0.0 1.0 7.5 21:56 209 19 20.7 27.9 14:44 15.3 05:40 0.0 2.3 0.0 0.9 5.1 13:16 180 20 24.2 34.8 18:58 15.9 05:08 0.0 5.9 0.0 1.6 7.5 16:42 170 21 24.4 30.3 15:34 18.0 05:38 0.0 6.0 0.0 1.5 7.8 11:06 173 22 20.1 26.0 17:37 16.7 23:53 0.0 1.8 0.0 1.2 6.5 19:48 207 23 16.2 19.3 14:36 14.7 05:37 2.2 0.0 1.5 1.1 7.5 13:05 240 24 17.8 23.0 15:52 13.7 06:25 0.5 0.0 0.0 1.8 16.0 17:40 181 25 19.9 24.5 14:46 16.5 05:25 0.0 1.5 2.7 1.9 12.6 00:58 176 26 17.6 20.5 13:39 14.7 23:41 0.7 0.0 0.0 1.4 12.9 15:03 300 27 15.6 19.4 13:48 12.3 06:45 2.8 0.0 0.0 1.6 9.2 02:38 286 28 17.5 30.1 19:16 10.8 03:50 0.8 0.0 0.0 1.0 6.5 15:47 181 29 18.0 30.4 19:08 9.8 05:18 0.3 0.0 0.0 1.4 8.8 19:25 173 30 19.4 28.4 19:07 14.1 04:00 0.0 1.1 0.0 1.7 21.4 10:49 175 31 19.0 24.1 15:49 15.0 02:39 0.0 0.6 0.0 2.1 10.2 09:52 174 --------------------------------------------------------------------------------------- 19.0 34.8 20 7.9 11 14.2 37.0 19.2 1.5 21.4 30 230