NOAA-Style Climate Reports
Select a Year or Month report
2024: Jan Feb Mar Apr Maj Jun Jul Aug Sep Okt Nov Dec
2023: Jan Feb Mar Apr Maj Jun Jul Aug Sep Okt Nov Dec
2022: Jan Feb Mar Apr Maj Jun Jul Aug Sep Okt Nov Dec
2021: Jan Feb Mar Apr Maj Jun Jul Aug Sep Okt Nov Dec
2020: Jan Feb Mar Apr Maj Jun Jul Aug Sep Okt Nov Dec
2019: Jan Feb Mar Apr Maj Jun Jul Aug Sep Okt Nov Dec
2018: Jan Feb Mar Apr Maj Jun Jul Aug Sep Okt Nov Dec
2017: Jan Feb Mar Apr Maj Jun Jul Aug Sep Okt Nov Dec
2016: Jan Feb Mar Apr Maj Jun Jul Aug Sep Okt Nov Dec
2015: Jan Feb Mar Apr Maj Jun Jul Aug Sep Okt Nov Dec
2024: Jan Feb Mar Apr Maj Jun Jul Aug Sep Okt Nov Dec
2023: Jan Feb Mar Apr Maj Jun Jul Aug Sep Okt Nov Dec
2022: Jan Feb Mar Apr Maj Jun Jul Aug Sep Okt Nov Dec
2021: Jan Feb Mar Apr Maj Jun Jul Aug Sep Okt Nov Dec
2020: Jan Feb Mar Apr Maj Jun Jul Aug Sep Okt Nov Dec
2019: Jan Feb Mar Apr Maj Jun Jul Aug Sep Okt Nov Dec
2018: Jan Feb Mar Apr Maj Jun Jul Aug Sep Okt Nov Dec
2017: Jan Feb Mar Apr Maj Jun Jul Aug Sep Okt Nov Dec
2016: Jan Feb Mar Apr Maj Jun Jul Aug Sep Okt Nov Dec
2015: Jan Feb Mar Apr Maj Jun Jul Aug Sep Okt Nov Dec
Report for 2022 Juni
MONTHLY CLIMATOLOGICAL SUMMARY for Jun 2022 NAME: Vejret i Brndby Strand ELEV: 8 meters LAT: 55-37.50 N LONG: 012-25.38 E TEMPERATURE (C), RAIN (mm), WIND SPEED (m/s) HEAT COOL AVG MEAN DEG DEG WIND DOM DAY TEMP HIGH TIME LOW TIME DAYS DAYS RAIN SPEED HIGH TIME DIR --------------------------------------------------------------------------------------- 01 13.6 23.8 17:59 6.9 05:17 4.7 0.0 5.1 0.8 16.0 10:25 201 02 12.7 16.7 14:50 9.1 05:00 5.6 0.0 0.0 1.5 15.6 23:55 233 03 15.2 26.2 17:59 11.3 23:35 3.2 0.0 0.0 1.1 8.5 14:35 217 04 16.3 30.9 18:31 6.5 05:06 2.0 0.0 0.0 1.1 13.3 15:51 258 05 16.9 29.2 18:17 7.4 04:45 1.4 0.0 0.0 1.5 15.3 17:23 171 06 17.1 27.7 19:43 14.1 01:20 1.2 0.0 2.7 1.6 11.2 11:38 172 07 16.6 21.3 16:18 13.3 23:57 1.7 0.0 1.2 2.3 11.2 16:53 174 08 16.9 27.4 18:42 12.3 02:20 1.5 0.0 0.0 1.8 15.3 16:21 170 09 18.9 28.2 18:08 13.4 02:32 0.0 0.6 0.0 1.4 11.2 14:49 181 10 18.3 25.5 17:30 13.8 03:40 0.1 0.0 0.0 1.0 7.5 13:58 258 11 20.0 28.4 18:08 15.4 04:57 0.0 1.7 0.0 1.6 18.7 13:38 191 12 16.9 23.4 14:40 11.8 04:20 1.4 0.0 2.4 1.2 15.0 13:29 225 13 15.8 22.8 18:18 11.6 04:24 2.5 0.0 0.0 1.8 22.1 12:29 311 14 15.9 23.5 19:32 11.0 03:10 2.5 0.0 0.0 1.7 11.9 18:56 314 15 17.3 21.9 15:42 13.0 06:27 1.1 0.0 0.0 1.3 10.9 08:18 313 16 18.1 27.7 19:06 11.8 04:55 0.2 0.0 0.0 1.3 18.4 13:56 337 17 18.7 25.0 15:32 12.9 04:41 0.0 0.3 0.0 1.5 13.9 17:06 301 18 20.5 27.9 18:07 16.8 01:58 0.0 2.2 0.0 1.3 16.7 19:21 345 19 14.6 23.8 19:15 11.7 08:22 3.8 0.0 8.4 0.6 7.5 05:40 336 20 14.1 19.9 12:55 10.9 23:56 4.2 0.0 3.3 0.5 7.8 12:43 322 21 17.3 26.6 17:51 10.8 00:30 1.0 0.0 0.0 1.5 17.3 18:35 346 22 17.6 24.7 18:24 13.9 04:35 0.8 0.0 0.0 1.0 12.6 07:40 305 23 18.4 29.2 18:35 11.2 04:49 0.0 0.1 0.0 1.7 18.7 16:19 174 24 22.0 33.1 18:36 12.9 04:37 0.0 3.6 0.0 1.9 27.2 16:15 176 25 23.9 32.3 19:33 19.9 04:38 0.0 5.5 0.0 1.5 16.0 09:25 180 26 23.2 29.7 16:21 19.2 04:46 0.0 4.9 0.3 1.4 17.0 16:36 174 27 23.7 30.5 16:07 17.0 23:59 0.0 5.3 0.6 1.7 19.0 14:57 181 28 20.6 29.7 19:43 16.4 05:49 0.0 2.2 0.3 1.7 13.9 17:50 326 29 21.3 33.2 19:27 12.3 04:47 0.0 3.0 0.0 1.1 20.1 18:51 175 30 20.5 27.9 14:52 12.6 04:08 0.0 2.1 0.0 1.0 6.1 17:20 173 --------------------------------------------------------------------------------------- 18.1 33.2 29 6.5 04 38.9 31.6 24.3 1.4 27.2 24 202