NOAA-Style Climate Reports
Select a Year or Month report
2024: Jan Feb Mar Apr Maj Jun Jul Aug Sep Okt Nov Dec
2023: Jan Feb Mar Apr Maj Jun Jul Aug Sep Okt Nov Dec
2022: Jan Feb Mar Apr Maj Jun Jul Aug Sep Okt Nov Dec
2021: Jan Feb Mar Apr Maj Jun Jul Aug Sep Okt Nov Dec
2020: Jan Feb Mar Apr Maj Jun Jul Aug Sep Okt Nov Dec
2019: Jan Feb Mar Apr Maj Jun Jul Aug Sep Okt Nov Dec
2018: Jan Feb Mar Apr Maj Jun Jul Aug Sep Okt Nov Dec
2017: Jan Feb Mar Apr Maj Jun Jul Aug Sep Okt Nov Dec
2016: Jan Feb Mar Apr Maj Jun Jul Aug Sep Okt Nov Dec
2015: Jan Feb Mar Apr Maj Jun Jul Aug Sep Okt Nov Dec
2024: Jan Feb Mar Apr Maj Jun Jul Aug Sep Okt Nov Dec
2023: Jan Feb Mar Apr Maj Jun Jul Aug Sep Okt Nov Dec
2022: Jan Feb Mar Apr Maj Jun Jul Aug Sep Okt Nov Dec
2021: Jan Feb Mar Apr Maj Jun Jul Aug Sep Okt Nov Dec
2020: Jan Feb Mar Apr Maj Jun Jul Aug Sep Okt Nov Dec
2019: Jan Feb Mar Apr Maj Jun Jul Aug Sep Okt Nov Dec
2018: Jan Feb Mar Apr Maj Jun Jul Aug Sep Okt Nov Dec
2017: Jan Feb Mar Apr Maj Jun Jul Aug Sep Okt Nov Dec
2016: Jan Feb Mar Apr Maj Jun Jul Aug Sep Okt Nov Dec
2015: Jan Feb Mar Apr Maj Jun Jul Aug Sep Okt Nov Dec
Report for 2022 Maj
MONTHLY CLIMATOLOGICAL SUMMARY for May 2022 NAME: Vejret i Brndby Strand ELEV: 8 meters LAT: 55-37.50 N LONG: 012-25.38 E TEMPERATURE (C), RAIN (mm), WIND SPEED (m/s) HEAT COOL AVG MEAN DEG DEG WIND DOM DAY TEMP HIGH TIME LOW TIME DAYS DAYS RAIN SPEED HIGH TIME DIR --------------------------------------------------------------------------------------- 01 10.7 21.2 19:15 4.8 05:00 7.6 0.0 0.0 0.8 11.9 10:10 202 02 11.1 20.7 18:45 1.8 05:40 7.2 0.0 0.0 1.3 14.6 23:05 324 03 12.5 17.8 15:10 8.3 06:45 5.8 0.0 0.0 1.3 15.3 14:40 253 04 11.9 19.3 18:40 8.3 00:00 6.5 0.0 0.0 2.2 16.7 09:20 173 05 12.0 19.6 17:05 4.2 04:45 6.3 0.0 0.0 1.4 15.3 11:30 331 06 13.5 19.5 14:35 7.2 06:05 4.8 0.0 0.0 1.1 11.9 13:25 267 07 14.8 21.2 18:15 9.8 00:00 3.6 0.0 0.0 1.9 18.7 17:20 341 08 13.4 25.5 18:45 5.6 04:55 4.9 0.0 0.0 1.0 10.9 10:45 344 09 13.2 20.9 18:20 9.3 00:05 5.2 0.0 0.0 3.4 18.0 01:10 168 10 14.9 21.0 16:42 10.4 02:35 3.5 0.0 3.6 2.1 19.0 13:25 173 11 13.2 18.6 15:35 10.5 05:22 5.1 0.0 3.6 1.5 15.3 11:46 189 12 13.5 19.3 19:10 10.2 05:17 4.8 0.0 6.9 2.0 29.6 18:35 266 13 12.6 18.1 17:55 8.4 03:53 5.7 0.0 2.4 1.4 11.9 20:00 225 14 14.2 19.1 18:21 10.6 23:49 4.1 0.0 0.0 2.7 25.5 09:43 324 15 14.3 23.7 19:11 8.8 05:05 4.1 0.0 0.0 1.4 25.2 12:29 337 16 13.1 20.8 15:49 5.6 04:54 5.2 0.0 0.0 1.1 12.9 10:12 168 17 14.8 25.3 18:14 9.0 02:47 3.5 0.0 0.0 1.7 16.3 12:32 175 18 13.4 19.6 18:28 8.5 03:00 4.9 0.0 0.0 2.6 28.2 09:17 170 19 18.8 26.4 19:14 12.7 00:00 0.0 0.5 0.0 1.1 17.7 16:31 181 20 16.5 24.0 18:39 13.5 23:59 1.8 0.0 0.0 1.3 17.3 17:03 344 21 13.1 17.3 16:42 10.9 05:29 5.2 0.0 7.2 1.1 9.5 04:52 339 22 15.2 27.2 19:28 9.1 05:21 3.1 0.0 0.3 1.1 17.7 17:03 342 23 15.0 24.7 18:38 8.3 03:40 3.3 0.0 0.0 2.5 18.4 17:14 172 24 15.1 20.1 16:18 12.3 00:05 3.2 0.0 3.3 2.1 20.1 04:29 174 25 14.7 20.0 18:39 11.6 05:30 3.6 0.0 0.6 1.6 17.3 18:59 323 26 14.7 19.2 18:53 11.7 23:50 3.6 0.0 0.9 2.9 30.6 17:50 280 27 12.2 17.6 18:54 9.2 05:06 6.1 0.0 6.6 3.0 36.0 21:55 299 28 13.9 22.5 18:39 9.1 01:50 4.4 0.0 5.7 2.9 26.2 18:08 338 29 14.3 19.4 13:02 11.1 04:38 4.0 0.0 0.6 1.2 12.9 08:40 304 30 13.6 17.4 11:46 10.9 22:22 4.7 0.0 8.1 1.1 12.2 19:23 174 31 13.1 17.2 12:28 10.8 00:20 5.2 0.0 5.7 0.5 7.1 09:49 183 --------------------------------------------------------------------------------------- 13.8 27.2 22 1.8 02 141.1 0.5 55.5 1.7 36.0 27 211