NOAA-Style Climate Reports
Select a Year or Month report
2024: Jan Feb Mar Apr Maj Jun Jul Aug Sep Okt Nov Dec
2023: Jan Feb Mar Apr Maj Jun Jul Aug Sep Okt Nov Dec
2022: Jan Feb Mar Apr Maj Jun Jul Aug Sep Okt Nov Dec
2021: Jan Feb Mar Apr Maj Jun Jul Aug Sep Okt Nov Dec
2020: Jan Feb Mar Apr Maj Jun Jul Aug Sep Okt Nov Dec
2019: Jan Feb Mar Apr Maj Jun Jul Aug Sep Okt Nov Dec
2018: Jan Feb Mar Apr Maj Jun Jul Aug Sep Okt Nov Dec
2017: Jan Feb Mar Apr Maj Jun Jul Aug Sep Okt Nov Dec
2016: Jan Feb Mar Apr Maj Jun Jul Aug Sep Okt Nov Dec
2015: Jan Feb Mar Apr Maj Jun Jul Aug Sep Okt Nov Dec
2024: Jan Feb Mar Apr Maj Jun Jul Aug Sep Okt Nov Dec
2023: Jan Feb Mar Apr Maj Jun Jul Aug Sep Okt Nov Dec
2022: Jan Feb Mar Apr Maj Jun Jul Aug Sep Okt Nov Dec
2021: Jan Feb Mar Apr Maj Jun Jul Aug Sep Okt Nov Dec
2020: Jan Feb Mar Apr Maj Jun Jul Aug Sep Okt Nov Dec
2019: Jan Feb Mar Apr Maj Jun Jul Aug Sep Okt Nov Dec
2018: Jan Feb Mar Apr Maj Jun Jul Aug Sep Okt Nov Dec
2017: Jan Feb Mar Apr Maj Jun Jul Aug Sep Okt Nov Dec
2016: Jan Feb Mar Apr Maj Jun Jul Aug Sep Okt Nov Dec
2015: Jan Feb Mar Apr Maj Jun Jul Aug Sep Okt Nov Dec
Report for 2021 Oktober
MONTHLY CLIMATOLOGICAL SUMMARY for Oct 2021 NAME: Vejret i Brndby Strand ELEV: 8 meters LAT: 55-37.50 N LONG: 012-25.38 E TEMPERATURE (C), RAIN (mm), WIND SPEED (m/s) HEAT COOL AVG MEAN DEG DEG WIND DOM DAY TEMP HIGH TIME LOW TIME DAYS DAYS RAIN SPEED HIGH TIME DIR --------------------------------------------------------------------------------------- 01 14.5 16.8 14:55 12.3 02:55 3.9 0.0 0.0 3.5 9.5 18:45 166 02 14.4 15.6 16:15 13.4 10:20 3.9 0.0 1.2 2.3 9.2 01:00 167 03 16.2 17.3 12:30 14.9 00:05 2.1 0.0 0.3 4.3 11.2 05:00 171 04 14.4 17.5 00:20 12.7 04:50 3.9 0.0 0.0 0.9 7.8 01:00 183 05 12.8 15.2 11:30 10.9 04:40 5.5 0.0 15.6 0.7 5.8 11:15 169 06 13.2 17.0 14:15 8.2 00:00 5.1 0.0 0.0 0.7 6.1 08:35 170 07 11.1 16.4 15:00 6.1 03:45 7.2 0.0 0.3 0.5 4.4 15:55 173 08 11.7 15.5 14:45 8.1 21:35 6.6 0.0 0.0 0.2 3.7 12:45 163 09 12.0 15.6 14:50 8.8 00:40 6.3 0.0 0.0 1.2 6.1 22:50 171 10 11.8 14.9 14:10 10.5 23:35 6.6 0.0 0.0 1.4 6.5 15:25 159 11 11.1 15.2 14:25 8.3 07:15 7.3 0.0 0.9 1.2 8.8 16:25 311 12 9.0 12.2 14:10 5.8 00:00 9.3 0.0 0.6 1.0 7.1 13:30 335 13 8.0 13.5 14:35 3.1 05:20 10.3 0.0 0.0 0.4 5.8 15:05 227 14 11.9 15.5 14:40 8.8 01:05 6.4 0.0 2.7 0.8 7.1 13:00 230 15 11.3 14.7 14:30 9.1 18:50 7.0 0.0 6.6 1.5 9.2 11:05 318 16 9.4 12.9 14:20 6.5 07:05 8.9 0.0 0.6 1.2 8.8 12:30 246 17 10.2 13.0 14:30 8.2 00:00 8.1 0.0 0.3 0.6 5.1 13:00 283 18 9.1 10.5 13:10 6.0 02:15 9.3 0.0 3.3 0.3 4.4 23:40 170 19 12.5 14.9 14:00 10.1 00:05 5.9 0.0 6.6 1.4 6.5 04:35 167 20 14.9 15.8 06:05 13.6 00:00 3.4 0.0 8.1 1.4 7.1 11:30 330 21 10.6 13.6 00:05 7.6 21:50 7.7 0.0 14.7 1.7 11.2 22:45 267 22 8.6 10.8 14:20 7.1 08:35 9.8 0.0 2.1 2.1 9.9 00:55 289 23 8.8 12.5 14:50 5.6 22:50 9.6 0.0 0.0 1.2 7.5 15:20 340 24 9.8 13.0 14:55 6.5 01:10 8.5 0.0 0.0 1.4 6.5 09:20 161 25 9.7 12.0 14:40 7.8 08:35 8.7 0.0 1.2 1.0 6.1 01:15 162 26 11.2 14.0 14:25 9.5 21:35 7.1 0.0 0.0 0.5 5.4 13:00 258 27 13.5 15.2 15:10 10.7 00:05 4.8 0.0 0.6 1.2 7.5 11:35 220 28 13.1 15.4 14:55 11.1 00:00 5.2 0.0 0.3 1.8 6.8 01:55 173 29 11.2 13.4 14:35 9.9 07:55 7.2 0.0 0.0 2.3 7.1 13:05 169 30 11.5 14.0 14:50 10.0 06:00 6.9 0.0 0.0 1.9 7.5 22:15 168 31 12.2 15.2 14:00 11.1 04:05 6.1 0.0 0.9 1.6 7.5 19:15 165 --------------------------------------------------------------------------------------- 11.6 17.5 04 3.1 13 208.5 0.0 66.9 1.4 11.2 03 179