NOAA-Style Climate Reports
Select a Year or Month report
2024: Jan Feb Mar Apr Maj Jun Jul Aug Sep Okt Nov Dec
2023: Jan Feb Mar Apr Maj Jun Jul Aug Sep Okt Nov Dec
2022: Jan Feb Mar Apr Maj Jun Jul Aug Sep Okt Nov Dec
2021: Jan Feb Mar Apr Maj Jun Jul Aug Sep Okt Nov Dec
2020: Jan Feb Mar Apr Maj Jun Jul Aug Sep Okt Nov Dec
2019: Jan Feb Mar Apr Maj Jun Jul Aug Sep Okt Nov Dec
2018: Jan Feb Mar Apr Maj Jun Jul Aug Sep Okt Nov Dec
2017: Jan Feb Mar Apr Maj Jun Jul Aug Sep Okt Nov Dec
2016: Jan Feb Mar Apr Maj Jun Jul Aug Sep Okt Nov Dec
2015: Jan Feb Mar Apr Maj Jun Jul Aug Sep Okt Nov Dec
2024: Jan Feb Mar Apr Maj Jun Jul Aug Sep Okt Nov Dec
2023: Jan Feb Mar Apr Maj Jun Jul Aug Sep Okt Nov Dec
2022: Jan Feb Mar Apr Maj Jun Jul Aug Sep Okt Nov Dec
2021: Jan Feb Mar Apr Maj Jun Jul Aug Sep Okt Nov Dec
2020: Jan Feb Mar Apr Maj Jun Jul Aug Sep Okt Nov Dec
2019: Jan Feb Mar Apr Maj Jun Jul Aug Sep Okt Nov Dec
2018: Jan Feb Mar Apr Maj Jun Jul Aug Sep Okt Nov Dec
2017: Jan Feb Mar Apr Maj Jun Jul Aug Sep Okt Nov Dec
2016: Jan Feb Mar Apr Maj Jun Jul Aug Sep Okt Nov Dec
2015: Jan Feb Mar Apr Maj Jun Jul Aug Sep Okt Nov Dec
Report for 2021 Januar
MONTHLY CLIMATOLOGICAL SUMMARY for Jan 2021 NAME: Vejret i Brndby Strand ELEV: 8 meters LAT: 55-37.50 N LONG: 012-25.38 E TEMPERATURE (C), RAIN (mm), WIND SPEED (m/s) HEAT COOL AVG MEAN DEG DEG WIND DOM DAY TEMP HIGH TIME LOW TIME DAYS DAYS RAIN SPEED HIGH TIME DIR --------------------------------------------------------------------------------------- 01 3.7 4.5 12:15 1.6 23:55 14.7 0.0 0.9 1.2 6.5 10:15 167 02 1.4 3.2 14:45 -1.8 23:55 17.0 0.0 0.0 0.2 2.4 07:15 359 03 2.2 4.5 12:40 -1.7 00:00 16.1 0.0 0.0 1.5 6.8 22:35 22 04 0.9 2.1 22:02 -0.5 03:45 17.4 0.0 0.0 2.0 6.8 08:55 19 05 2.3 3.3 14:12 1.6 01:27 16.0 0.0 0.0 2.1 6.8 11:17 20 06 1.4 2.3 02:22 0.6 08:47 17.0 0.0 4.5 1.7 6.5 04:37 14 07 1.5 2.9 12:17 0.7 23:17 16.8 0.0 3.6 1.0 4.1 02:57 13 08 1.5 2.3 13:42 0.7 00:27 16.8 0.0 0.9 0.5 4.8 11:02 357 09 1.7 3.0 13:29 0.4 09:38 16.6 0.0 0.0 0.5 3.7 03:49 359 10 1.7 2.4 22:49 1.1 01:34 16.6 0.0 1.5 1.1 6.1 12:04 330 11 3.9 5.3 14:34 2.2 02:24 14.4 0.0 3.0 1.9 9.9 18:19 347 12 2.4 5.5 02:44 0.6 08:44 15.9 0.0 2.1 1.4 9.9 00:24 247 13 2.1 3.2 04:02 0.8 19:57 16.3 0.0 1.8 1.8 9.5 22:12 10 14 0.8 2.7 13:12 -0.7 22:57 17.5 0.0 0.0 1.7 9.9 00:22 4 15 -2.2 -0.5 00:12 -4.7 08:57 20.6 0.0 0.0 1.2 6.5 11:37 2 16 -4.1 0.7 13:43 -8.2 06:12 22.4 0.0 0.0 0.7 5.1 12:23 348 17 -1.7 1.3 14:13 -5.5 00:03 20.1 0.0 0.0 0.2 2.7 23:13 7 18 1.3 2.8 23:28 0.0 00:13 17.1 0.0 0.6 1.4 5.1 05:48 160 19 3.0 3.7 10:33 2.3 15:58 15.3 0.0 2.1 1.1 6.5 12:48 166 20 5.3 6.2 17:05 3.6 00:03 13.1 0.0 7.2 1.4 5.1 08:14 145 21 5.7 8.3 12:10 4.4 03:05 12.6 0.0 0.3 2.6 9.5 23:25 164 22 5.3 6.9 08:20 3.8 09:25 13.0 0.0 6.6 2.7 8.8 05:55 175 23 3.4 5.1 00:10 2.2 19:30 14.9 0.0 0.0 0.9 5.4 06:45 170 24 2.9 4.9 13:39 1.4 21:04 15.4 0.0 0.0 0.2 3.1 06:09 161 25 2.0 2.9 13:49 1.2 05:19 16.3 0.0 3.3 0.4 3.7 09:24 246 26 0.9 3.1 13:29 -1.6 23:29 17.4 0.0 0.3 0.7 5.8 15:39 340 27 1.8 3.1 12:39 -1.7 00:09 16.5 0.0 1.2 0.7 5.8 19:59 327 28 -0.4 1.4 00:05 -3.6 23:59 18.7 0.0 0.0 1.9 6.8 07:34 337 29 -2.7 -0.4 14:29 -5.8 02:59 21.1 0.0 0.0 0.8 3.7 11:59 10 30 -1.7 1.1 13:59 -7.5 08:34 20.0 0.0 0.3 0.7 4.8 01:44 266 31 1.0 3.0 14:03 -0.9 23:53 17.3 0.0 0.3 0.9 5.8 13:36 259 --------------------------------------------------------------------------------------- 1.5 8.3 21 -8.2 16 520.9 0.0 40.5 1.2 9.9 11 9