NOAA-Style Climate Reports
Select a Year or Month report
2024: Jan Feb Mar Apr Maj Jun Jul Aug Sep Okt Nov Dec
2023: Jan Feb Mar Apr Maj Jun Jul Aug Sep Okt Nov Dec
2022: Jan Feb Mar Apr Maj Jun Jul Aug Sep Okt Nov Dec
2021: Jan Feb Mar Apr Maj Jun Jul Aug Sep Okt Nov Dec
2020: Jan Feb Mar Apr Maj Jun Jul Aug Sep Okt Nov Dec
2019: Jan Feb Mar Apr Maj Jun Jul Aug Sep Okt Nov Dec
2018: Jan Feb Mar Apr Maj Jun Jul Aug Sep Okt Nov Dec
2017: Jan Feb Mar Apr Maj Jun Jul Aug Sep Okt Nov Dec
2016: Jan Feb Mar Apr Maj Jun Jul Aug Sep Okt Nov Dec
2015: Jan Feb Mar Apr Maj Jun Jul Aug Sep Okt Nov Dec
2024: Jan Feb Mar Apr Maj Jun Jul Aug Sep Okt Nov Dec
2023: Jan Feb Mar Apr Maj Jun Jul Aug Sep Okt Nov Dec
2022: Jan Feb Mar Apr Maj Jun Jul Aug Sep Okt Nov Dec
2021: Jan Feb Mar Apr Maj Jun Jul Aug Sep Okt Nov Dec
2020: Jan Feb Mar Apr Maj Jun Jul Aug Sep Okt Nov Dec
2019: Jan Feb Mar Apr Maj Jun Jul Aug Sep Okt Nov Dec
2018: Jan Feb Mar Apr Maj Jun Jul Aug Sep Okt Nov Dec
2017: Jan Feb Mar Apr Maj Jun Jul Aug Sep Okt Nov Dec
2016: Jan Feb Mar Apr Maj Jun Jul Aug Sep Okt Nov Dec
2015: Jan Feb Mar Apr Maj Jun Jul Aug Sep Okt Nov Dec
Report for 2020 December
MONTHLY CLIMATOLOGICAL SUMMARY for Dec 2020 NAME: Vejret i Brndby Strand ELEV: 8 meters LAT: 55-37.50 N LONG: 012-25.38 E TEMPERATURE (C), RAIN (mm), WIND SPEED (m/s) HEAT COOL AVG MEAN DEG DEG WIND DOM DAY TEMP HIGH TIME LOW TIME DAYS DAYS RAIN SPEED HIGH TIME DIR --------------------------------------------------------------------------------------- 01 4.7 6.0 14:43 2.1 22:53 13.6 0.0 2.1 0.8 5.4 00:13 164 02 5.5 6.2 14:41 3.5 00:03 12.8 0.0 0.0 1.6 7.1 21:06 169 03 3.1 4.3 00:36 2.0 11:41 15.3 0.0 0.0 4.1 10.5 04:51 166 04 4.7 6.4 18:01 3.5 08:26 13.7 0.0 0.0 3.6 10.2 07:31 162 05 5.8 7.7 13:16 4.1 00:01 12.6 0.0 0.0 1.3 6.8 14:41 174 06 6.9 8.9 21:24 4.2 00:46 11.4 0.0 0.0 1.2 6.8 20:34 175 07 7.5 8.2 00:34 6.9 17:29 10.8 0.0 0.3 2.9 8.5 12:19 167 08 6.3 7.4 00:04 5.7 21:09 12.0 0.0 1.8 1.5 5.4 02:49 166 09 5.5 6.0 09:49 4.7 23:59 12.8 0.0 3.0 1.9 7.1 18:54 164 10 3.8 4.7 00:04 3.0 23:32 14.5 0.0 1.5 1.6 6.8 00:04 171 11 3.2 4.2 22:34 2.6 02:44 15.1 0.0 0.3 2.0 7.1 10:59 168 12 5.3 5.9 11:59 4.0 00:04 13.0 0.0 0.0 1.9 6.5 05:44 166 13 6.0 7.3 12:44 4.7 23:49 12.3 0.0 0.0 0.4 2.7 22:59 165 14 6.0 7.2 23:41 4.2 01:34 12.3 0.0 2.7 2.8 9.2 12:19 165 15 7.4 7.8 05:57 7.1 00:12 10.9 0.0 8.7 1.6 6.5 09:06 171 16 7.4 8.5 13:37 6.6 16:12 10.9 0.0 0.3 1.0 7.5 23:22 175 17 7.4 8.2 22:52 6.9 02:12 10.9 0.0 2.7 2.2 9.9 07:17 171 18 7.6 8.8 13:57 5.9 23:47 10.7 0.0 0.3 1.2 5.4 19:57 157 19 5.9 6.7 10:58 5.5 05:03 12.4 0.0 0.0 2.2 6.5 11:32 167 20 7.0 7.7 12:08 5.7 08:18 11.4 0.0 0.9 1.4 4.4 15:08 167 21 7.0 7.5 12:28 6.4 03:48 11.3 0.0 0.3 1.5 10.5 23:23 172 22 7.0 9.5 13:43 4.8 23:48 11.3 0.0 7.2 2.6 9.9 01:23 178 23 4.2 6.1 13:42 3.0 21:56 14.1 0.0 0.0 0.6 3.7 00:03 207 24 3.4 5.8 12:42 0.9 23:02 15.0 0.0 0.0 0.8 3.7 15:07 346 25 0.5 3.4 13:07 -1.5 08:32 17.8 0.0 0.3 1.0 5.1 13:07 344 26 2.7 5.1 23:52 -0.9 00:02 15.6 0.0 0.3 1.5 8.5 21:47 0 27 4.2 5.3 07:42 2.9 19:54 14.1 0.0 4.5 5.0 13.9 22:14 167 28 4.6 5.3 12:19 3.1 00:39 13.8 0.0 0.6 3.7 12.9 02:09 162 29 4.3 4.8 02:49 3.7 14:44 14.0 0.0 3.9 1.1 4.1 07:34 167 30 4.7 5.2 11:49 4.1 01:19 13.7 0.0 2.4 2.2 7.8 21:44 155 31 4.8 5.5 04:39 3.6 23:00 13.6 0.0 2.1 1.8 7.1 01:24 88 --------------------------------------------------------------------------------------- 5.3 9.5 22 -1.5 25 403.9 0.0 46.2 1.9 13.9 27 167