NOAA-Style Climate Reports
Select a Year or Month report
2024: Jan Feb Mar Apr Maj Jun Jul Aug Sep Okt Nov Dec
2023: Jan Feb Mar Apr Maj Jun Jul Aug Sep Okt Nov Dec
2022: Jan Feb Mar Apr Maj Jun Jul Aug Sep Okt Nov Dec
2021: Jan Feb Mar Apr Maj Jun Jul Aug Sep Okt Nov Dec
2020: Jan Feb Mar Apr Maj Jun Jul Aug Sep Okt Nov Dec
2019: Jan Feb Mar Apr Maj Jun Jul Aug Sep Okt Nov Dec
2018: Jan Feb Mar Apr Maj Jun Jul Aug Sep Okt Nov Dec
2017: Jan Feb Mar Apr Maj Jun Jul Aug Sep Okt Nov Dec
2016: Jan Feb Mar Apr Maj Jun Jul Aug Sep Okt Nov Dec
2015: Jan Feb Mar Apr Maj Jun Jul Aug Sep Okt Nov Dec
2024: Jan Feb Mar Apr Maj Jun Jul Aug Sep Okt Nov Dec
2023: Jan Feb Mar Apr Maj Jun Jul Aug Sep Okt Nov Dec
2022: Jan Feb Mar Apr Maj Jun Jul Aug Sep Okt Nov Dec
2021: Jan Feb Mar Apr Maj Jun Jul Aug Sep Okt Nov Dec
2020: Jan Feb Mar Apr Maj Jun Jul Aug Sep Okt Nov Dec
2019: Jan Feb Mar Apr Maj Jun Jul Aug Sep Okt Nov Dec
2018: Jan Feb Mar Apr Maj Jun Jul Aug Sep Okt Nov Dec
2017: Jan Feb Mar Apr Maj Jun Jul Aug Sep Okt Nov Dec
2016: Jan Feb Mar Apr Maj Jun Jul Aug Sep Okt Nov Dec
2015: Jan Feb Mar Apr Maj Jun Jul Aug Sep Okt Nov Dec
Report for 2020 August
MONTHLY CLIMATOLOGICAL SUMMARY for Aug 2020 NAME: Vejret i Brndby Strand ELEV: 8 meters LAT: 55-37.50 N LONG: 012-25.38 E TEMPERATURE (C), RAIN (mm), WIND SPEED (m/s) HEAT COOL AVG MEAN DEG DEG WIND DOM DAY TEMP HIGH TIME LOW TIME DAYS DAYS RAIN SPEED HIGH TIME DIR --------------------------------------------------------------------------------------- 01 18.6 25.1 16:17 10.9 05:37 0.0 0.2 0.0 0.9 5.1 14:37 175 02 21.4 26.5 11:27 17.7 06:32 0.0 3.1 0.3 0.7 4.1 02:32 167 03 19.2 28.0 18:07 13.1 05:42 0.0 0.9 0.6 0.5 3.1 10:42 355 04 18.3 28.1 18:03 10.2 05:07 0.0 0.0 0.0 0.5 4.1 12:57 354 05 19.3 27.9 15:55 12.6 03:35 0.0 1.0 0.0 0.6 4.8 15:45 160 06 21.5 29.0 16:15 14.0 05:10 0.0 3.1 0.0 0.9 4.4 16:25 177 07 22.9 31.0 16:00 15.1 05:40 0.0 4.6 0.0 0.6 3.7 14:25 177 08 23.9 35.5 18:15 15.4 05:20 0.0 5.6 0.0 0.3 2.7 13:55 168 09 24.9 36.6 17:10 14.9 04:45 0.0 6.6 0.0 0.4 4.1 18:00 324 10 24.1 31.2 12:50 18.1 04:50 0.0 5.7 0.0 0.5 3.7 14:55 174 11 21.5 26.5 11:31 17.5 04:46 0.0 3.1 0.0 1.0 6.1 16:01 177 12 20.7 25.9 11:16 16.8 02:31 0.0 2.4 0.0 1.0 5.1 14:26 173 13 20.9 28.1 16:36 15.0 23:56 0.0 2.6 0.0 0.5 3.4 13:31 176 14 20.9 30.8 17:21 0.5 18:16 0.0 2.6 0.0 0.3 3.1 14:16 191 15 22.3 31.8 15:11 13.4 05:41 0.0 4.0 0.0 0.4 3.1 17:01 173 16 22.8 31.3 17:31 15.3 06:11 0.0 4.5 0.0 0.5 3.7 15:21 177 17 23.6 31.1 14:57 16.3 05:11 0.0 5.3 0.0 0.7 4.1 12:27 179 18 23.5 31.1 15:52 17.9 04:22 0.0 5.1 0.0 0.5 5.1 11:36 183 19 22.5 30.6 14:37 18.2 05:07 0.0 4.1 0.0 0.3 3.7 15:22 169 20 21.2 24.1 12:42 16.8 03:12 0.0 2.9 5.1 1.0 4.8 11:57 170 21 21.5 28.2 18:27 17.8 05:27 0.0 3.1 1.8 0.6 4.4 13:32 179 22 22.8 29.5 16:42 18.6 23:37 0.0 4.5 0.3 0.6 5.1 13:57 322 23 20.0 27.4 17:08 16.2 23:18 0.0 1.7 0.6 0.8 5.4 14:08 262 24 17.5 24.0 12:53 13.2 04:28 0.8 0.0 0.0 0.4 3.4 07:33 91 25 17.5 24.3 13:43 11.4 06:33 0.9 0.0 0.0 0.6 5.1 23:13 175 26 19.6 26.3 16:28 15.8 01:28 0.0 1.3 3.0 1.1 8.8 01:43 164 27 15.8 18.9 15:03 13.9 23:53 2.5 0.0 8.4 0.2 2.7 10:58 356 28 15.8 20.4 12:18 13.5 05:08 2.6 0.0 6.9 0.3 3.7 17:23 186 29 16.9 26.3 15:23 12.7 04:58 1.4 0.0 16.5 0.2 2.4 08:53 274 30 16.4 25.7 15:13 9.9 05:33 1.9 0.0 0.3 0.2 2.4 12:47 12 31 16.6 25.7 17:03 10.8 23:53 1.8 0.0 0.0 0.6 3.7 15:33 349 --------------------------------------------------------------------------------------- 20.5 36.6 09 0.5 14 11.9 77.9 43.8 0.6 8.8 26 177