NOAA-Style Climate Reports
Select a Year or Month report
2024: Jan Feb Mar Apr Maj Jun Jul Aug Sep Okt Nov Dec
2023: Jan Feb Mar Apr Maj Jun Jul Aug Sep Okt Nov Dec
2022: Jan Feb Mar Apr Maj Jun Jul Aug Sep Okt Nov Dec
2021: Jan Feb Mar Apr Maj Jun Jul Aug Sep Okt Nov Dec
2020: Jan Feb Mar Apr Maj Jun Jul Aug Sep Okt Nov Dec
2019: Jan Feb Mar Apr Maj Jun Jul Aug Sep Okt Nov Dec
2018: Jan Feb Mar Apr Maj Jun Jul Aug Sep Okt Nov Dec
2017: Jan Feb Mar Apr Maj Jun Jul Aug Sep Okt Nov Dec
2016: Jan Feb Mar Apr Maj Jun Jul Aug Sep Okt Nov Dec
2015: Jan Feb Mar Apr Maj Jun Jul Aug Sep Okt Nov Dec
2024: Jan Feb Mar Apr Maj Jun Jul Aug Sep Okt Nov Dec
2023: Jan Feb Mar Apr Maj Jun Jul Aug Sep Okt Nov Dec
2022: Jan Feb Mar Apr Maj Jun Jul Aug Sep Okt Nov Dec
2021: Jan Feb Mar Apr Maj Jun Jul Aug Sep Okt Nov Dec
2020: Jan Feb Mar Apr Maj Jun Jul Aug Sep Okt Nov Dec
2019: Jan Feb Mar Apr Maj Jun Jul Aug Sep Okt Nov Dec
2018: Jan Feb Mar Apr Maj Jun Jul Aug Sep Okt Nov Dec
2017: Jan Feb Mar Apr Maj Jun Jul Aug Sep Okt Nov Dec
2016: Jan Feb Mar Apr Maj Jun Jul Aug Sep Okt Nov Dec
2015: Jan Feb Mar Apr Maj Jun Jul Aug Sep Okt Nov Dec
Report for 2020 April
MONTHLY CLIMATOLOGICAL SUMMARY for Apr 2020 NAME: Vejret i Brndby Strand ELEV: 8 meters LAT: 55-37.50 N LONG: 012-25.38 E TEMPERATURE (C), RAIN (mm), WIND SPEED (m/s) HEAT COOL AVG MEAN DEG DEG WIND DOM DAY TEMP HIGH TIME LOW TIME DAYS DAYS RAIN SPEED HIGH TIME DIR --------------------------------------------------------------------------------------- 01 7.2 10.7 14:19 4.8 02:54 11.1 0.0 0.6 1.4 9.2 13:49 200 02 7.6 10.7 14:53 4.7 23:53 10.8 0.0 0.9 1.8 8.8 16:03 203 03 6.7 11.9 15:08 3.7 06:03 11.7 0.0 0.3 2.0 9.2 11:53 328 04 6.4 14.1 13:58 0.5 06:18 11.9 0.0 0.0 0.7 3.7 14:33 219 05 8.8 15.2 15:24 2.0 06:38 9.5 0.0 0.0 1.3 6.1 20:47 180 06 10.0 15.8 17:12 7.3 06:22 8.3 0.0 0.3 1.6 5.4 12:17 165 07 12.1 20.0 16:02 5.4 23:52 6.2 0.0 0.0 1.0 5.8 11:42 1 08 8.8 15.5 15:12 2.0 04:42 9.5 0.0 0.0 1.0 6.1 14:47 180 09 10.2 17.1 16:21 3.2 23:51 8.1 0.0 0.0 1.3 5.8 09:32 348 10 7.9 16.2 16:51 1.0 06:46 10.4 0.0 0.0 0.6 4.1 15:21 349 11 6.9 13.5 12:36 0.1 04:31 11.4 0.0 0.0 0.7 4.1 12:36 173 12 13.7 22.8 16:01 8.2 00:01 4.7 0.0 0.3 1.0 5.8 14:01 332 13 7.0 12.2 16:16 3.3 23:56 11.4 0.0 0.0 2.1 8.2 10:21 346 14 7.1 14.8 17:31 1.2 03:01 11.2 0.0 0.0 1.2 7.1 13:41 351 15 13.2 18.7 16:26 7.1 02:01 5.1 0.0 0.0 1.7 6.8 11:46 280 16 11.4 17.6 15:11 5.7 23:49 7.0 0.0 0.0 1.8 6.8 08:36 346 17 9.0 17.6 18:00 2.3 05:50 9.3 0.0 0.0 0.6 3.7 14:40 356 18 7.9 19.0 16:15 -1.3 05:55 10.4 0.0 0.0 0.6 4.8 17:10 347 19 10.1 20.2 17:40 2.5 03:55 8.2 0.0 0.0 0.4 3.4 13:20 209 20 9.9 18.4 15:05 2.2 04:55 8.4 0.0 0.0 0.5 3.4 11:05 160 21 11.3 20.8 14:20 2.9 05:25 7.1 0.0 0.0 0.6 4.8 19:14 166 22 10.8 19.8 12:45 2.0 06:14 7.5 0.0 0.0 0.4 3.1 10:25 219 23 14.2 24.1 14:50 4.4 03:05 4.2 0.0 0.0 0.4 3.1 13:45 187 24 13.2 20.5 17:20 8.7 05:35 5.2 0.0 0.0 0.9 5.1 13:48 352 25 11.0 17.1 12:56 5.6 23:56 7.4 0.0 1.5 1.0 7.5 17:11 350 26 9.5 17.1 12:36 3.7 04:31 8.8 0.0 0.0 0.4 4.4 11:56 136 27 10.0 14.9 13:11 5.8 02:21 8.3 0.0 0.6 0.8 5.4 14:26 165 28 11.7 18.7 17:08 6.6 23:49 6.6 0.0 0.3 0.7 4.4 06:36 346 29 7.0 8.4 12:14 4.5 21:59 11.3 0.0 3.6 0.9 6.1 22:59 180 30 7.7 11.3 18:19 5.3 00:04 10.6 0.0 10.2 1.2 6.1 13:49 178 --------------------------------------------------------------------------------------- 9.6 24.1 23 -1.3 18 261.6 0.0 18.6 1.0 9.2 01 291