NOAA-Style Climate Reports
Select a Year or Month report
2024: Jan Feb Mar Apr Maj Jun Jul Aug Sep Okt Nov Dec
2023: Jan Feb Mar Apr Maj Jun Jul Aug Sep Okt Nov Dec
2022: Jan Feb Mar Apr Maj Jun Jul Aug Sep Okt Nov Dec
2021: Jan Feb Mar Apr Maj Jun Jul Aug Sep Okt Nov Dec
2020: Jan Feb Mar Apr Maj Jun Jul Aug Sep Okt Nov Dec
2019: Jan Feb Mar Apr Maj Jun Jul Aug Sep Okt Nov Dec
2018: Jan Feb Mar Apr Maj Jun Jul Aug Sep Okt Nov Dec
2017: Jan Feb Mar Apr Maj Jun Jul Aug Sep Okt Nov Dec
2016: Jan Feb Mar Apr Maj Jun Jul Aug Sep Okt Nov Dec
2015: Jan Feb Mar Apr Maj Jun Jul Aug Sep Okt Nov Dec
2024: Jan Feb Mar Apr Maj Jun Jul Aug Sep Okt Nov Dec
2023: Jan Feb Mar Apr Maj Jun Jul Aug Sep Okt Nov Dec
2022: Jan Feb Mar Apr Maj Jun Jul Aug Sep Okt Nov Dec
2021: Jan Feb Mar Apr Maj Jun Jul Aug Sep Okt Nov Dec
2020: Jan Feb Mar Apr Maj Jun Jul Aug Sep Okt Nov Dec
2019: Jan Feb Mar Apr Maj Jun Jul Aug Sep Okt Nov Dec
2018: Jan Feb Mar Apr Maj Jun Jul Aug Sep Okt Nov Dec
2017: Jan Feb Mar Apr Maj Jun Jul Aug Sep Okt Nov Dec
2016: Jan Feb Mar Apr Maj Jun Jul Aug Sep Okt Nov Dec
2015: Jan Feb Mar Apr Maj Jun Jul Aug Sep Okt Nov Dec
Report for 2019 December
MONTHLY CLIMATOLOGICAL SUMMARY for Dec 2019 NAME: Vejret i Brndby Strand ELEV: 8 meters LAT: 55-37.50 N LONG: 012-25.38 E TEMPERATURE (C), RAIN (mm), WIND SPEED (m/s) HEAT COOL AVG MEAN DEG DEG WIND DOM DAY TEMP HIGH TIME LOW TIME DAYS DAYS RAIN SPEED HIGH TIME DIR --------------------------------------------------------------------------------------- 01 2.8 6.0 11:30 1.0 08:24 15.5 0.0 0.0 0.5 3.1 00:24 209 02 2.8 7.6 14:05 -2.1 23:15 15.6 0.0 0.0 0.6 5.1 12:15 346 03 3.5 8.4 21:25 -2.3 01:00 14.9 0.0 1.5 0.7 6.1 21:40 275 04 7.5 8.3 00:00 6.2 22:00 10.8 0.0 0.0 0.7 5.4 12:45 224 05 7.0 8.2 12:35 6.1 00:40 11.3 0.0 0.0 1.1 6.1 23:15 330 06 7.5 8.2 07:05 5.8 02:35 10.9 0.0 3.0 1.7 7.8 04:55 338 07 7.4 8.8 06:40 5.0 22:20 10.9 0.0 0.9 1.3 6.5 12:00 332 08 7.8 9.8 15:19 5.9 00:00 10.5 0.0 6.3 1.5 6.8 07:49 343 09 6.5 8.1 11:54 3.8 21:54 11.8 0.0 3.6 1.7 8.5 22:34 331 10 3.9 8.2 12:54 -1.2 09:04 14.4 0.0 0.0 1.4 9.9 23:59 20 11 5.6 6.0 01:14 4.7 04:49 12.7 0.0 2.4 1.3 6.8 02:49 310 12 5.6 6.9 12:38 5.0 05:19 12.8 0.0 2.4 0.7 5.1 20:49 34 13 5.4 5.8 09:14 4.7 23:59 12.9 0.0 0.0 2.0 7.5 07:24 177 14 4.9 5.9 18:29 3.4 09:44 13.5 0.0 2.7 1.5 8.8 23:34 187 15 5.4 6.7 15:19 4.4 13:44 12.9 0.0 9.9 1.9 8.5 19:59 211 16 6.2 7.1 14:01 4.2 01:21 12.2 0.0 0.3 0.9 4.1 09:09 10 17 7.1 8.8 23:57 6.0 00:07 11.2 0.0 2.4 0.8 3.7 12:12 173 18 7.0 10.1 03:57 4.8 23:52 11.4 0.0 2.1 1.1 7.8 04:52 213 19 6.5 8.0 12:37 4.1 01:37 11.8 0.0 0.0 1.4 5.8 12:37 173 20 6.3 7.3 00:02 5.5 17:20 12.0 0.0 0.3 1.5 4.8 04:59 175 21 6.7 7.9 12:50 4.7 18:00 11.7 0.0 1.2 0.4 2.7 01:25 183 22 6.1 6.4 04:00 5.4 00:00 12.2 0.0 0.3 1.3 5.8 16:50 179 23 6.8 7.5 19:30 6.2 01:45 11.6 0.0 2.7 1.0 4.8 09:00 178 24 6.4 7.6 12:23 5.2 18:38 11.9 0.0 0.3 0.4 2.7 11:31 326 25 5.1 7.3 12:48 3.6 05:43 13.2 0.0 0.3 0.3 3.1 14:08 344 26 4.4 6.4 00:48 0.6 23:08 13.9 0.0 0.3 0.7 3.4 10:38 355 27 1.1 5.8 13:08 -2.2 08:33 17.3 0.0 0.0 0.4 2.7 12:03 351 28 0.3 2.1 21:48 -1.3 06:18 18.0 0.0 0.0 0.4 3.4 20:28 356 29 3.4 5.4 23:43 1.2 01:43 14.9 0.0 0.0 0.9 5.1 20:53 349 30 6.8 8.8 23:33 5.2 08:33 11.5 0.0 0.0 1.1 5.8 03:08 207 31 5.9 9.2 12:53 2.5 20:33 12.5 0.0 0.0 1.4 6.5 00:33 355 --------------------------------------------------------------------------------------- 5.5 10.1 18 -2.3 03 398.5 0.0 42.9 1.1 9.9 10 216