NOAA-Style Climate Reports
Select a Year or Month report
2024: Jan Feb Mar Apr Maj Jun Jul Aug Sep Okt Nov Dec
2023: Jan Feb Mar Apr Maj Jun Jul Aug Sep Okt Nov Dec
2022: Jan Feb Mar Apr Maj Jun Jul Aug Sep Okt Nov Dec
2021: Jan Feb Mar Apr Maj Jun Jul Aug Sep Okt Nov Dec
2020: Jan Feb Mar Apr Maj Jun Jul Aug Sep Okt Nov Dec
2019: Jan Feb Mar Apr Maj Jun Jul Aug Sep Okt Nov Dec
2018: Jan Feb Mar Apr Maj Jun Jul Aug Sep Okt Nov Dec
2017: Jan Feb Mar Apr Maj Jun Jul Aug Sep Okt Nov Dec
2016: Jan Feb Mar Apr Maj Jun Jul Aug Sep Okt Nov Dec
2015: Jan Feb Mar Apr Maj Jun Jul Aug Sep Okt Nov Dec
2024: Jan Feb Mar Apr Maj Jun Jul Aug Sep Okt Nov Dec
2023: Jan Feb Mar Apr Maj Jun Jul Aug Sep Okt Nov Dec
2022: Jan Feb Mar Apr Maj Jun Jul Aug Sep Okt Nov Dec
2021: Jan Feb Mar Apr Maj Jun Jul Aug Sep Okt Nov Dec
2020: Jan Feb Mar Apr Maj Jun Jul Aug Sep Okt Nov Dec
2019: Jan Feb Mar Apr Maj Jun Jul Aug Sep Okt Nov Dec
2018: Jan Feb Mar Apr Maj Jun Jul Aug Sep Okt Nov Dec
2017: Jan Feb Mar Apr Maj Jun Jul Aug Sep Okt Nov Dec
2016: Jan Feb Mar Apr Maj Jun Jul Aug Sep Okt Nov Dec
2015: Jan Feb Mar Apr Maj Jun Jul Aug Sep Okt Nov Dec
Report for 2019 Oktober
MONTHLY CLIMATOLOGICAL SUMMARY for Oct 2019 NAME: Vejret i Brndby Strand ELEV: 8 meters LAT: 55-37.50 N LONG: 012-25.38 E TEMPERATURE (C), RAIN (mm), WIND SPEED (m/s) HEAT COOL AVG MEAN DEG DEG WIND DOM DAY TEMP HIGH TIME LOW TIME DAYS DAYS RAIN SPEED HIGH TIME DIR --------------------------------------------------------------------------------------- 01 10.0 12.9 16:11 7.6 04:31 8.3 0.0 0.0 0.7 3.7 01:06 201 02 9.7 16.7 14:03 6.5 07:51 8.6 0.0 2.7 0.9 6.5 15:18 237 03 8.7 12.0 12:23 5.5 02:18 9.7 0.0 0.0 0.7 4.1 10:43 340 04 9.3 13.0 14:18 6.5 03:28 9.0 0.0 0.3 0.9 6.8 15:33 161 05 8.3 13.9 15:28 3.6 23:53 10.0 0.0 0.0 1.2 6.1 02:38 16 06 6.4 12.9 14:43 1.3 06:08 11.9 0.0 0.0 0.3 3.7 14:43 59 07 5.6 12.4 14:43 0.8 05:38 12.8 0.0 0.0 0.3 3.4 12:43 341 08 11.0 15.3 17:18 5.0 00:03 7.3 0.0 9.0 1.7 7.8 07:58 175 09 12.6 16.5 12:58 10.2 00:33 5.8 0.0 0.0 1.0 5.4 13:53 316 10 12.0 16.8 14:39 9.0 08:13 6.3 0.0 0.3 0.9 5.4 14:39 240 11 13.3 16.5 12:50 11.4 05:50 5.1 0.0 20.4 1.6 7.5 21:25 337 12 13.5 15.4 15:15 12.0 23:35 4.8 0.0 0.9 1.2 5.1 10:50 292 13 12.8 15.6 23:55 11.4 06:10 5.6 0.0 12.3 1.0 8.2 20:45 166 14 14.0 17.1 02:10 11.5 22:47 4.3 0.0 0.0 1.6 8.5 07:40 310 15 13.0 16.6 14:42 10.0 04:27 5.3 0.0 8.7 1.7 7.8 13:42 158 16 12.9 13.7 01:02 12.0 00:02 5.4 0.0 7.2 0.6 4.4 19:27 345 17 13.1 14.8 15:32 10.6 04:27 5.3 0.0 1.5 0.9 5.4 10:37 158 18 13.5 15.8 14:12 10.5 03:07 4.8 0.0 4.2 2.0 8.8 19:38 165 19 12.9 16.8 14:58 10.7 06:47 5.4 0.0 9.0 1.9 6.1 09:53 155 20 13.1 15.3 14:53 11.5 08:13 5.2 0.0 0.3 0.5 4.4 00:23 158 21 12.4 13.3 14:28 11.4 03:08 5.9 0.0 0.3 0.5 4.1 20:48 91 22 12.9 15.1 13:23 11.0 22:38 5.5 0.0 0.3 0.8 5.8 14:48 279 23 12.3 15.2 15:23 10.6 05:23 6.1 0.0 0.0 1.0 4.4 23:23 166 24 12.6 13.4 22:33 11.8 02:58 5.8 0.0 0.0 2.1 7.1 15:48 163 25 13.5 16.6 13:43 12.4 02:58 4.9 0.0 0.3 1.4 6.5 14:23 275 26 14.6 15.9 23:25 12.4 00:03 3.8 0.0 0.3 2.3 10.2 14:10 339 27 11.7 15.6 00:05 8.8 23:10 6.6 0.0 0.6 1.8 9.9 06:30 265 28 9.0 13.8 14:00 5.1 23:30 9.4 0.0 2.7 0.8 5.1 00:25 322 29 4.7 10.8 13:15 0.5 23:55 13.6 0.0 0.3 0.5 4.8 11:20 338 30 4.3 10.9 13:57 -1.2 07:30 14.0 0.0 0.0 0.5 3.1 23:52 329 31 7.8 11.3 13:57 5.5 03:12 10.6 0.0 0.0 0.8 4.8 13:27 229 --------------------------------------------------------------------------------------- 11.0 17.1 14 -1.2 30 226.9 0.0 81.6 1.1 10.2 26 180