NOAA-Style Climate Reports
Select a Year or Month report
2024: Jan Feb Mar Apr Maj Jun Jul Aug Sep Okt Nov Dec
2023: Jan Feb Mar Apr Maj Jun Jul Aug Sep Okt Nov Dec
2022: Jan Feb Mar Apr Maj Jun Jul Aug Sep Okt Nov Dec
2021: Jan Feb Mar Apr Maj Jun Jul Aug Sep Okt Nov Dec
2020: Jan Feb Mar Apr Maj Jun Jul Aug Sep Okt Nov Dec
2019: Jan Feb Mar Apr Maj Jun Jul Aug Sep Okt Nov Dec
2018: Jan Feb Mar Apr Maj Jun Jul Aug Sep Okt Nov Dec
2017: Jan Feb Mar Apr Maj Jun Jul Aug Sep Okt Nov Dec
2016: Jan Feb Mar Apr Maj Jun Jul Aug Sep Okt Nov Dec
2015: Jan Feb Mar Apr Maj Jun Jul Aug Sep Okt Nov Dec
2024: Jan Feb Mar Apr Maj Jun Jul Aug Sep Okt Nov Dec
2023: Jan Feb Mar Apr Maj Jun Jul Aug Sep Okt Nov Dec
2022: Jan Feb Mar Apr Maj Jun Jul Aug Sep Okt Nov Dec
2021: Jan Feb Mar Apr Maj Jun Jul Aug Sep Okt Nov Dec
2020: Jan Feb Mar Apr Maj Jun Jul Aug Sep Okt Nov Dec
2019: Jan Feb Mar Apr Maj Jun Jul Aug Sep Okt Nov Dec
2018: Jan Feb Mar Apr Maj Jun Jul Aug Sep Okt Nov Dec
2017: Jan Feb Mar Apr Maj Jun Jul Aug Sep Okt Nov Dec
2016: Jan Feb Mar Apr Maj Jun Jul Aug Sep Okt Nov Dec
2015: Jan Feb Mar Apr Maj Jun Jul Aug Sep Okt Nov Dec
Report for 2019 August
MONTHLY CLIMATOLOGICAL SUMMARY for Aug 2019 NAME: Vejret i Brndby Strand ELEV: 8 meters LAT: 55-37.50 N LONG: 012-25.38 E TEMPERATURE (C), RAIN (mm), WIND SPEED (m/s) HEAT COOL AVG MEAN DEG DEG WIND DOM DAY TEMP HIGH TIME LOW TIME DAYS DAYS RAIN SPEED HIGH TIME DIR --------------------------------------------------------------------------------------- 01 17.0 21.1 18:37 14.6 23:57 1.4 0.0 12.6 0.6 4.1 17:07 164 02 20.2 28.3 18:27 14.0 00:31 0.0 1.8 0.0 0.4 3.4 14:17 325 03 22.1 29.5 17:22 15.1 02:02 0.0 3.7 0.0 0.6 3.7 10:17 349 04 21.6 27.7 14:32 16.3 01:57 0.0 3.3 0.0 0.7 5.1 16:17 329 05 21.9 27.6 15:55 17.5 05:56 0.0 3.6 0.0 1.1 5.1 19:05 163 06 22.8 27.9 16:00 18.9 06:30 0.0 4.4 1.2 1.0 7.1 14:00 184 07 20.3 25.3 13:55 14.8 06:00 0.0 2.0 0.3 1.5 7.5 13:25 163 08 20.2 25.5 13:50 16.5 06:00 0.0 1.8 3.9 0.9 6.5 14:10 200 09 20.4 26.2 14:20 15.6 05:25 0.0 2.1 0.0 1.6 6.1 18:15 165 10 22.4 28.8 13:05 18.2 05:10 0.0 4.1 3.9 2.4 9.9 07:25 155 11 21.9 26.8 14:25 18.9 06:15 0.0 3.6 0.0 1.8 7.8 14:45 348 12 22.4 27.9 14:25 17.2 23:55 0.0 4.1 0.0 1.3 7.5 12:15 113 13 17.1 18.9 16:00 13.6 23:55 1.2 0.0 6.9 0.8 6.1 17:55 298 14 17.8 25.6 17:55 11.6 05:40 0.6 0.0 0.0 1.0 7.8 15:20 215 15 17.6 20.8 11:20 15.4 00:40 0.7 0.0 3.9 2.3 9.2 13:00 162 16 19.6 24.0 16:15 16.4 06:40 0.0 1.3 0.9 0.9 5.4 14:15 236 17 18.6 20.8 14:45 16.7 00:20 0.0 0.3 4.2 2.1 7.5 15:15 159 18 18.2 21.6 13:30 15.2 23:50 0.1 0.0 6.9 1.0 5.1 16:25 163 19 18.9 25.3 15:25 14.1 03:20 0.0 0.5 1.2 1.2 6.1 10:50 31 20 19.2 25.7 15:20 15.3 03:30 0.0 0.9 2.4 1.1 6.1 14:10 286 21 18.1 23.9 15:35 13.0 06:00 0.3 0.0 0.9 0.9 6.1 14:55 336 22 19.4 25.3 17:36 13.5 04:47 0.0 1.1 0.0 1.9 8.8 13:22 163 23 22.4 30.4 16:02 17.2 02:27 0.0 4.1 0.0 0.9 5.4 08:47 257 24 22.1 31.4 16:32 15.2 06:22 0.0 3.8 0.0 0.7 4.1 12:57 158 25 23.2 30.3 17:02 17.8 00:47 0.0 4.9 0.0 1.0 5.4 15:27 161 26 23.9 30.6 15:33 19.2 05:52 0.0 5.5 0.0 1.0 4.8 14:02 162 27 24.6 33.2 17:03 19.5 07:02 0.0 6.3 1.5 0.5 4.8 22:48 17 28 24.0 28.9 14:33 20.8 03:38 0.0 5.7 0.3 1.4 5.4 14:48 162 29 23.9 29.8 14:43 20.2 23:48 0.0 5.6 0.0 0.8 4.4 13:33 212 30 22.1 28.4 15:38 17.2 07:18 0.0 3.7 0.0 1.1 5.8 15:33 163 31 22.9 27.4 17:34 18.6 06:14 0.0 4.6 0.6 1.2 5.1 16:29 162 --------------------------------------------------------------------------------------- 20.9 33.2 27 11.6 14 4.2 82.5 51.6 1.2 9.9 10 164