NOAA-Style Climate Reports
Select a Year or Month report
2024: Jan Feb Mar Apr Maj Jun Jul Aug Sep Okt Nov Dec
2023: Jan Feb Mar Apr Maj Jun Jul Aug Sep Okt Nov Dec
2022: Jan Feb Mar Apr Maj Jun Jul Aug Sep Okt Nov Dec
2021: Jan Feb Mar Apr Maj Jun Jul Aug Sep Okt Nov Dec
2020: Jan Feb Mar Apr Maj Jun Jul Aug Sep Okt Nov Dec
2019: Jan Feb Mar Apr Maj Jun Jul Aug Sep Okt Nov Dec
2018: Jan Feb Mar Apr Maj Jun Jul Aug Sep Okt Nov Dec
2017: Jan Feb Mar Apr Maj Jun Jul Aug Sep Okt Nov Dec
2016: Jan Feb Mar Apr Maj Jun Jul Aug Sep Okt Nov Dec
2015: Jan Feb Mar Apr Maj Jun Jul Aug Sep Okt Nov Dec
2024: Jan Feb Mar Apr Maj Jun Jul Aug Sep Okt Nov Dec
2023: Jan Feb Mar Apr Maj Jun Jul Aug Sep Okt Nov Dec
2022: Jan Feb Mar Apr Maj Jun Jul Aug Sep Okt Nov Dec
2021: Jan Feb Mar Apr Maj Jun Jul Aug Sep Okt Nov Dec
2020: Jan Feb Mar Apr Maj Jun Jul Aug Sep Okt Nov Dec
2019: Jan Feb Mar Apr Maj Jun Jul Aug Sep Okt Nov Dec
2018: Jan Feb Mar Apr Maj Jun Jul Aug Sep Okt Nov Dec
2017: Jan Feb Mar Apr Maj Jun Jul Aug Sep Okt Nov Dec
2016: Jan Feb Mar Apr Maj Jun Jul Aug Sep Okt Nov Dec
2015: Jan Feb Mar Apr Maj Jun Jul Aug Sep Okt Nov Dec
Report for 2019 Maj
MONTHLY CLIMATOLOGICAL SUMMARY for May 2019 NAME: Vejret i Brndby Strand ELEV: 8 meters LAT: 55-37.50 N LONG: 012-25.38 E TEMPERATURE (C), RAIN (mm), WIND SPEED (m/s) HEAT COOL AVG MEAN DEG DEG WIND DOM DAY TEMP HIGH TIME LOW TIME DAYS DAYS RAIN SPEED HIGH TIME DIR --------------------------------------------------------------------------------------- 01 12.8 18.0 16:13 10.2 07:38 5.5 0.0 0.0 1.6 9.9 20:28 327 02 10.9 13.6 14:08 7.0 23:23 7.4 0.0 0.0 2.6 10.5 08:13 327 03 8.5 14.2 17:03 3.7 23:48 9.8 0.0 2.1 1.2 7.5 13:43 255 04 7.0 12.2 16:13 2.9 01:53 11.4 0.0 1.5 1.3 6.8 14:38 327 05 9.3 17.5 13:48 1.4 04:18 9.0 0.0 0.0 1.1 6.5 19:04 303 06 9.4 14.9 18:09 5.4 04:04 8.9 0.0 0.3 1.5 9.2 18:04 207 07 9.3 16.4 15:34 3.9 05:14 9.0 0.0 0.0 1.4 8.5 15:04 228 08 10.7 16.7 15:24 6.1 01:59 7.6 0.0 0.6 1.8 8.8 12:59 158 09 13.4 20.8 16:11 9.4 06:11 4.9 0.0 7.5 2.3 7.8 06:36 163 10 11.1 15.8 16:01 7.1 04:56 7.2 0.0 1.2 1.0 5.4 09:51 174 11 11.3 19.7 16:56 4.5 05:46 7.1 0.0 0.0 1.1 5.4 13:51 331 12 11.4 19.9 16:16 5.6 05:46 7.0 0.0 0.0 1.4 7.1 14:56 335 13 11.0 17.4 16:07 5.2 05:26 7.3 0.0 0.0 1.4 6.5 11:56 342 14 11.4 20.1 16:27 3.6 05:22 6.9 0.0 0.0 0.5 3.7 13:42 175 15 14.1 23.1 17:52 6.8 05:12 4.2 0.0 0.0 1.2 6.8 13:17 150 16 15.4 25.0 17:37 7.4 01:27 2.9 0.0 0.6 1.4 6.8 13:07 29 17 12.1 13.4 00:02 11.4 19:08 6.2 0.0 10.2 1.2 5.8 16:58 60 18 17.0 27.1 17:33 11.4 04:28 1.3 0.0 0.0 0.7 5.1 19:48 161 19 19.4 27.7 15:58 13.7 01:33 0.0 1.1 0.0 0.9 5.8 00:03 175 20 21.2 29.3 16:58 16.6 06:08 0.0 2.9 0.0 0.6 4.1 19:18 1 21 17.3 20.7 11:08 13.8 23:46 1.0 0.0 17.4 0.8 4.8 16:23 161 22 13.8 16.6 11:37 11.3 23:52 4.5 0.0 0.3 1.3 7.5 13:12 346 23 16.3 25.4 17:02 8.2 05:02 2.1 0.0 0.0 0.9 4.8 16:26 295 24 15.6 22.4 12:32 12.3 05:52 2.7 0.0 0.0 1.2 6.8 12:32 265 25 15.8 23.0 17:02 10.5 04:12 2.5 0.0 0.0 1.4 6.5 19:47 274 26 13.7 18.7 16:11 11.0 04:37 4.7 0.0 5.1 1.2 7.5 11:22 224 27 16.0 21.4 14:37 12.8 07:02 2.4 0.0 0.6 1.5 8.5 17:52 216 28 14.1 20.2 17:07 11.0 04:52 4.2 0.0 0.0 1.3 6.1 14:32 335 29 13.3 20.7 17:07 7.1 04:52 5.0 0.0 0.0 1.4 7.5 08:57 334 30 13.8 16.6 13:49 10.3 04:14 4.6 0.0 0.3 2.0 7.8 20:29 167 31 17.5 24.2 17:34 13.9 09:38 0.8 0.0 3.0 0.9 4.1 12:04 274 --------------------------------------------------------------------------------------- 13.4 29.3 20 1.4 05 158.4 4.0 50.7 1.3 10.5 02 250