NOAA-Style Climate Reports
Select a Year or Month report
2024: Jan Feb Mar Apr Maj Jun Jul Aug Sep Okt Nov Dec
2023: Jan Feb Mar Apr Maj Jun Jul Aug Sep Okt Nov Dec
2022: Jan Feb Mar Apr Maj Jun Jul Aug Sep Okt Nov Dec
2021: Jan Feb Mar Apr Maj Jun Jul Aug Sep Okt Nov Dec
2020: Jan Feb Mar Apr Maj Jun Jul Aug Sep Okt Nov Dec
2019: Jan Feb Mar Apr Maj Jun Jul Aug Sep Okt Nov Dec
2018: Jan Feb Mar Apr Maj Jun Jul Aug Sep Okt Nov Dec
2017: Jan Feb Mar Apr Maj Jun Jul Aug Sep Okt Nov Dec
2016: Jan Feb Mar Apr Maj Jun Jul Aug Sep Okt Nov Dec
2015: Jan Feb Mar Apr Maj Jun Jul Aug Sep Okt Nov Dec
2024: Jan Feb Mar Apr Maj Jun Jul Aug Sep Okt Nov Dec
2023: Jan Feb Mar Apr Maj Jun Jul Aug Sep Okt Nov Dec
2022: Jan Feb Mar Apr Maj Jun Jul Aug Sep Okt Nov Dec
2021: Jan Feb Mar Apr Maj Jun Jul Aug Sep Okt Nov Dec
2020: Jan Feb Mar Apr Maj Jun Jul Aug Sep Okt Nov Dec
2019: Jan Feb Mar Apr Maj Jun Jul Aug Sep Okt Nov Dec
2018: Jan Feb Mar Apr Maj Jun Jul Aug Sep Okt Nov Dec
2017: Jan Feb Mar Apr Maj Jun Jul Aug Sep Okt Nov Dec
2016: Jan Feb Mar Apr Maj Jun Jul Aug Sep Okt Nov Dec
2015: Jan Feb Mar Apr Maj Jun Jul Aug Sep Okt Nov Dec
Report for 2019 Marts
MONTHLY CLIMATOLOGICAL SUMMARY for Mar 2019 NAME: Vejret i Brndby Strand ELEV: 8 meters LAT: 55-37.50 N LONG: 012-25.38 E TEMPERATURE (C), RAIN (mm), WIND SPEED (m/s) HEAT COOL AVG MEAN DEG DEG WIND DOM DAY TEMP HIGH TIME LOW TIME DAYS DAYS RAIN SPEED HIGH TIME DIR --------------------------------------------------------------------------------------- 01 3.6 10.9 14:22 -0.8 05:06 14.8 0.0 0.0 0.7 5.1 23:07 153 02 3.7 6.4 14:12 1.3 09:27 14.6 0.0 0.0 0.6 4.1 19:07 133 03 8.0 12.7 13:32 5.2 00:02 10.3 0.0 3.9 1.4 6.8 14:42 165 04 7.4 9.7 11:37 5.9 19:29 10.9 0.0 6.0 2.0 9.9 22:04 168 05 5.7 7.7 16:09 4.7 11:44 12.6 0.0 14.7 1.7 10.9 00:59 330 06 5.8 7.2 12:14 4.1 06:49 12.6 0.0 6.3 2.5 8.8 20:29 155 07 7.2 9.6 15:24 6.0 00:04 11.2 0.0 2.7 1.9 12.6 14:49 163 08 6.7 9.7 13:50 4.4 23:59 11.7 0.0 1.2 2.5 13.3 12:20 312 09 6.2 10.2 13:50 4.1 03:55 12.2 0.0 3.3 2.3 12.2 14:40 184 10 5.0 8.8 13:10 0.2 23:45 13.4 0.0 3.0 1.8 12.2 04:25 313 11 2.5 9.3 14:10 -1.7 06:35 15.8 0.0 0.0 0.7 5.4 15:50 334 12 4.3 10.2 13:25 -1.3 01:35 14.1 0.0 7.8 2.0 10.2 19:40 160 13 5.7 7.5 13:50 4.0 00:45 12.6 0.0 6.9 2.2 9.2 13:05 121 14 6.2 8.5 12:30 4.7 07:35 12.1 0.0 3.0 1.3 6.1 03:40 161 15 6.3 9.2 12:45 4.0 21:45 12.0 0.0 8.1 1.6 11.9 20:35 323 16 6.7 11.1 12:25 2.8 01:00 11.7 0.0 9.6 2.2 9.2 20:27 192 17 8.1 10.7 14:07 5.7 23:23 10.3 0.0 2.4 2.3 10.2 22:38 303 18 6.0 8.7 11:13 3.3 23:28 12.4 0.0 0.3 1.9 10.5 02:53 329 19 5.0 9.6 14:23 0.8 06:28 13.4 0.0 0.0 1.0 7.5 12:28 334 20 6.8 10.2 13:28 2.3 02:23 11.5 0.0 0.0 1.0 5.4 11:48 260 21 9.8 14.0 16:13 6.8 01:18 8.6 0.0 0.0 1.3 6.5 14:13 216 22 8.5 10.7 12:43 6.9 19:58 9.8 0.0 0.0 1.7 6.5 15:28 157 23 9.0 13.8 13:03 5.2 23:53 9.3 0.0 0.0 1.3 7.5 14:13 342 24 7.7 16.1 14:39 4.0 06:23 10.7 0.0 0.0 1.1 6.5 13:58 224 25 6.1 10.8 14:39 2.8 23:54 12.2 0.0 1.5 1.4 7.1 00:24 339 26 5.7 9.6 13:14 2.5 00:34 12.6 0.0 0.0 1.7 8.5 14:29 338 27 8.9 13.0 15:54 3.9 00:04 9.4 0.0 0.0 1.3 7.8 14:44 311 28 10.7 16.4 16:29 8.5 05:44 7.6 0.0 0.0 1.1 6.5 11:44 330 29 11.3 18.0 15:50 6.0 06:35 7.1 0.0 0.0 1.3 8.5 13:30 202 30 10.8 19.3 15:55 4.8 04:55 7.5 0.0 0.0 1.0 5.4 13:00 285 31 6.9 10.0 13:55 2.3 23:50 11.5 0.0 0.0 2.2 9.9 15:20 329 --------------------------------------------------------------------------------------- 6.8 19.3 30 -1.7 11 356.1 0.0 80.7 1.6 13.3 08 234