NOAA-Style Climate Reports
Select a Year or Month report
2024: Jan Feb Mar Apr Maj Jun Jul Aug Sep Okt Nov Dec
2023: Jan Feb Mar Apr Maj Jun Jul Aug Sep Okt Nov Dec
2022: Jan Feb Mar Apr Maj Jun Jul Aug Sep Okt Nov Dec
2021: Jan Feb Mar Apr Maj Jun Jul Aug Sep Okt Nov Dec
2020: Jan Feb Mar Apr Maj Jun Jul Aug Sep Okt Nov Dec
2019: Jan Feb Mar Apr Maj Jun Jul Aug Sep Okt Nov Dec
2018: Jan Feb Mar Apr Maj Jun Jul Aug Sep Okt Nov Dec
2017: Jan Feb Mar Apr Maj Jun Jul Aug Sep Okt Nov Dec
2016: Jan Feb Mar Apr Maj Jun Jul Aug Sep Okt Nov Dec
2015: Jan Feb Mar Apr Maj Jun Jul Aug Sep Okt Nov Dec
2024: Jan Feb Mar Apr Maj Jun Jul Aug Sep Okt Nov Dec
2023: Jan Feb Mar Apr Maj Jun Jul Aug Sep Okt Nov Dec
2022: Jan Feb Mar Apr Maj Jun Jul Aug Sep Okt Nov Dec
2021: Jan Feb Mar Apr Maj Jun Jul Aug Sep Okt Nov Dec
2020: Jan Feb Mar Apr Maj Jun Jul Aug Sep Okt Nov Dec
2019: Jan Feb Mar Apr Maj Jun Jul Aug Sep Okt Nov Dec
2018: Jan Feb Mar Apr Maj Jun Jul Aug Sep Okt Nov Dec
2017: Jan Feb Mar Apr Maj Jun Jul Aug Sep Okt Nov Dec
2016: Jan Feb Mar Apr Maj Jun Jul Aug Sep Okt Nov Dec
2015: Jan Feb Mar Apr Maj Jun Jul Aug Sep Okt Nov Dec
Report for 2018 Maj
MONTHLY CLIMATOLOGICAL SUMMARY for May 2018 NAME: Vejret i Brndby Strand ELEV: 8 meters LAT: 55-37.50 N LONG: 012-25.38 E TEMPERATURE (C), RAIN (mm), WIND SPEED (m/s) HEAT COOL AVG MEAN DEG DEG WIND DOM DAY TEMP HIGH TIME LOW TIME DAYS DAYS RAIN SPEED HIGH TIME DIR --------------------------------------------------------------------------------------- 01 9.7 13.4 11:34 8.5 05:34 8.6 0.0 1.2 2.2 8.5 13:29 158 02 12.0 17.9 14:54 6.6 06:14 6.4 0.0 0.0 2.1 8.2 15:19 161 03 12.1 17.9 17:54 7.1 03:39 6.2 0.0 0.0 1.3 8.2 14:19 320 04 12.0 21.5 16:54 4.3 05:59 6.3 0.0 0.0 0.7 4.8 16:29 326 05 14.4 23.6 15:14 4.9 04:44 4.0 0.0 0.0 0.8 5.8 13:54 153 06 17.1 27.4 17:09 7.2 05:34 1.3 0.0 0.0 0.9 4.8 14:24 154 07 16.7 26.0 16:52 8.9 05:00 1.6 0.0 0.0 1.1 4.4 13:07 166 08 17.8 27.7 17:17 8.0 04:27 0.5 0.0 0.0 1.2 5.8 13:07 168 09 19.5 28.2 16:22 12.3 03:42 0.0 1.1 0.0 1.3 6.1 14:47 158 10 18.9 27.2 17:52 12.1 05:07 0.0 0.6 4.2 1.6 6.8 12:52 162 11 15.7 20.7 15:17 11.8 23:58 2.6 0.0 0.3 1.2 5.1 04:42 329 12 15.4 23.2 13:24 8.1 05:25 2.9 0.0 0.0 0.9 4.1 18:30 153 13 18.5 27.9 18:15 9.6 04:25 0.0 0.2 0.0 1.1 5.4 15:55 151 14 20.6 28.9 13:35 13.6 05:10 0.0 2.3 0.0 0.9 4.8 14:20 129 15 20.1 29.5 14:25 11.7 03:55 0.0 1.7 0.0 0.5 4.8 15:30 5 16 21.1 30.9 14:46 12.0 05:15 0.0 2.8 0.0 1.0 5.4 21:31 317 17 19.2 27.1 17:51 13.9 05:46 0.0 0.8 0.0 1.4 5.8 06:36 333 18 17.9 24.7 15:21 12.4 06:11 0.4 0.0 0.0 1.3 5.4 18:21 158 19 17.9 24.7 16:01 13.7 03:01 0.5 0.0 0.0 2.0 6.5 16:26 161 20 17.9 26.6 15:06 10.5 04:11 0.4 0.0 0.0 1.2 6.8 16:36 164 21 17.2 26.0 15:47 9.4 05:27 1.1 0.0 0.0 1.2 5.8 12:31 166 22 19.3 28.2 15:57 11.9 05:07 0.0 0.9 0.0 1.0 4.8 14:17 153 23 20.8 31.7 16:42 10.5 05:07 0.0 2.5 0.0 0.8 5.4 16:37 37 24 20.4 27.8 15:42 12.6 04:37 0.0 2.1 0.0 1.1 4.4 09:22 157 25 20.6 29.2 17:42 12.5 05:07 0.0 2.2 0.0 1.0 6.5 12:56 153 26 20.6 28.7 14:27 15.6 05:17 0.0 2.3 0.6 0.8 4.4 12:57 32 27 19.5 25.9 14:32 15.6 04:42 0.0 1.2 0.0 1.2 5.8 13:22 111 28 19.6 28.1 18:17 15.2 07:12 0.0 1.3 5.4 1.1 5.1 06:27 127 29 23.9 33.3 16:22 16.1 05:02 0.0 5.6 0.0 1.3 5.4 14:52 151 30 24.5 32.8 15:22 17.5 05:02 0.0 6.2 0.0 1.6 8.8 13:42 137 31 22.8 30.1 15:27 17.9 05:37 0.0 4.5 0.0 1.6 6.8 08:17 119 --------------------------------------------------------------------------------------- 18.2 33.3 29 4.3 04 42.8 38.2 11.7 1.2 8.8 30 156