NOAA-Style Climate Reports
Select a Year or Month report
2024: Jan Feb Mar Apr Maj Jun Jul Aug Sep Okt Nov Dec
2023: Jan Feb Mar Apr Maj Jun Jul Aug Sep Okt Nov Dec
2022: Jan Feb Mar Apr Maj Jun Jul Aug Sep Okt Nov Dec
2021: Jan Feb Mar Apr Maj Jun Jul Aug Sep Okt Nov Dec
2020: Jan Feb Mar Apr Maj Jun Jul Aug Sep Okt Nov Dec
2019: Jan Feb Mar Apr Maj Jun Jul Aug Sep Okt Nov Dec
2018: Jan Feb Mar Apr Maj Jun Jul Aug Sep Okt Nov Dec
2017: Jan Feb Mar Apr Maj Jun Jul Aug Sep Okt Nov Dec
2016: Jan Feb Mar Apr Maj Jun Jul Aug Sep Okt Nov Dec
2015: Jan Feb Mar Apr Maj Jun Jul Aug Sep Okt Nov Dec
2024: Jan Feb Mar Apr Maj Jun Jul Aug Sep Okt Nov Dec
2023: Jan Feb Mar Apr Maj Jun Jul Aug Sep Okt Nov Dec
2022: Jan Feb Mar Apr Maj Jun Jul Aug Sep Okt Nov Dec
2021: Jan Feb Mar Apr Maj Jun Jul Aug Sep Okt Nov Dec
2020: Jan Feb Mar Apr Maj Jun Jul Aug Sep Okt Nov Dec
2019: Jan Feb Mar Apr Maj Jun Jul Aug Sep Okt Nov Dec
2018: Jan Feb Mar Apr Maj Jun Jul Aug Sep Okt Nov Dec
2017: Jan Feb Mar Apr Maj Jun Jul Aug Sep Okt Nov Dec
2016: Jan Feb Mar Apr Maj Jun Jul Aug Sep Okt Nov Dec
2015: Jan Feb Mar Apr Maj Jun Jul Aug Sep Okt Nov Dec
Report for 2017 December
MONTHLY CLIMATOLOGICAL SUMMARY for Dec 2017 NAME: Vejret i Brndby Strand ELEV: 8 meters LAT: 55-37.50 N LONG: 012-25.38 E TEMPERATURE (C), RAIN (mm), WIND SPEED (m/s) HEAT COOL AVG MEAN DEG DEG WIND DOM DAY TEMP HIGH TIME LOW TIME DAYS DAYS RAIN SPEED HIGH TIME DIR --------------------------------------------------------------------------------------- 01 3.4 5.0 10:36 0.6 23:58 14.9 0.0 0.0 1.0 5.1 08:31 351 02 0.6 0.6 00:03 0.2 00:23 17.7 0.0 0.0 1.0 6.5 15:03 355 03 0.6 0.6 00:03 0.6 00:03 17.7 0.0 1.5 1.4 7.5 01:13 329 04 0.6 0.6 00:06 0.6 00:06 17.7 0.0 0.0 0.9 4.1 12:26 355 05 0.6 0.6 00:01 0.6 00:01 17.7 0.0 0.3 2.1 9.2 17:21 293 06 0.6 0.6 00:01 0.6 00:01 17.7 0.0 3.6 2.3 8.8 14:11 229 07 0.6 0.6 00:04 0.6 00:04 17.7 0.0 2.4 2.2 10.9 09:39 339 08 0.6 0.6 00:04 0.6 00:04 17.7 0.0 0.0 1.4 6.1 13:49 186 09 1.5 6.5 14:44 0.6 00:04 16.9 0.0 0.3 1.9 10.9 13:49 204 10 2.3 2.9 11:59 1.4 00:04 16.0 0.0 0.0 2.1 8.2 16:49 161 11 2.1 2.8 12:35 1.5 07:40 16.2 0.0 1.5 1.0 6.5 09:49 25 12 1.8 2.7 16:00 1.1 22:00 16.6 0.0 6.6 1.1 6.8 14:40 326 13 3.2 3.8 21:50 2.1 00:00 15.1 0.0 3.6 2.8 8.8 19:00 152 14 3.7 5.6 13:05 2.7 08:35 14.6 0.0 4.5 2.3 8.2 13:10 168 15 3.8 5.2 12:46 2.2 22:54 14.6 0.0 0.0 0.8 5.1 01:00 204 16 1.9 3.8 14:45 0.2 19:30 16.4 0.0 0.3 0.6 3.4 02:25 241 17 1.2 2.9 15:15 -0.7 08:35 17.1 0.0 0.6 0.4 3.1 04:55 341 18 2.8 5.5 19:05 1.4 01:00 15.6 0.0 0.0 1.2 5.4 03:15 154 19 4.5 6.4 01:15 3.7 21:25 13.9 0.0 0.0 0.4 3.1 12:10 344 20 5.3 7.9 23:15 3.3 04:20 13.0 0.0 0.6 0.6 4.1 10:55 206 21 6.3 8.4 23:25 4.7 09:40 12.0 0.0 0.3 1.6 6.5 02:40 337 22 5.5 6.3 00:00 4.8 03:40 12.8 0.0 0.3 1.2 5.4 11:30 325 23 9.0 11.0 23:40 5.7 00:00 9.3 0.0 0.6 2.7 11.6 19:40 244 24 9.9 11.3 01:00 9.3 13:45 8.4 0.0 2.7 2.6 11.6 17:50 236 25 8.9 9.9 01:05 7.7 23:42 9.4 0.0 1.2 1.8 7.5 01:40 236 26 6.3 7.9 02:12 5.0 18:47 12.0 0.0 0.9 2.2 11.2 16:57 180 27 5.3 5.6 00:02 4.4 06:12 13.1 0.0 1.8 2.6 9.9 20:27 160 28 5.0 5.6 11:07 3.8 18:47 13.3 0.0 0.3 0.8 4.1 08:52 202 29 4.4 5.5 12:52 2.5 23:47 13.9 0.0 0.0 1.2 5.4 01:41 296 30 3.6 5.2 13:47 2.3 01:12 14.7 0.0 6.3 2.7 9.5 06:42 164 31 5.1 9.3 23:57 2.9 00:12 13.3 0.0 2.1 1.6 8.8 16:02 157 --------------------------------------------------------------------------------------- 3.6 11.3 24 -0.7 17 457.3 0.0 42.3 1.6 11.6 23 195