NOAA-Style Climate Reports
Select a Year or Month report
2024: Jan Feb Mar Apr Maj Jun Jul Aug Sep Okt Nov Dec
2023: Jan Feb Mar Apr Maj Jun Jul Aug Sep Okt Nov Dec
2022: Jan Feb Mar Apr Maj Jun Jul Aug Sep Okt Nov Dec
2021: Jan Feb Mar Apr Maj Jun Jul Aug Sep Okt Nov Dec
2020: Jan Feb Mar Apr Maj Jun Jul Aug Sep Okt Nov Dec
2019: Jan Feb Mar Apr Maj Jun Jul Aug Sep Okt Nov Dec
2018: Jan Feb Mar Apr Maj Jun Jul Aug Sep Okt Nov Dec
2017: Jan Feb Mar Apr Maj Jun Jul Aug Sep Okt Nov Dec
2016: Jan Feb Mar Apr Maj Jun Jul Aug Sep Okt Nov Dec
2015: Jan Feb Mar Apr Maj Jun Jul Aug Sep Okt Nov Dec
2024: Jan Feb Mar Apr Maj Jun Jul Aug Sep Okt Nov Dec
2023: Jan Feb Mar Apr Maj Jun Jul Aug Sep Okt Nov Dec
2022: Jan Feb Mar Apr Maj Jun Jul Aug Sep Okt Nov Dec
2021: Jan Feb Mar Apr Maj Jun Jul Aug Sep Okt Nov Dec
2020: Jan Feb Mar Apr Maj Jun Jul Aug Sep Okt Nov Dec
2019: Jan Feb Mar Apr Maj Jun Jul Aug Sep Okt Nov Dec
2018: Jan Feb Mar Apr Maj Jun Jul Aug Sep Okt Nov Dec
2017: Jan Feb Mar Apr Maj Jun Jul Aug Sep Okt Nov Dec
2016: Jan Feb Mar Apr Maj Jun Jul Aug Sep Okt Nov Dec
2015: Jan Feb Mar Apr Maj Jun Jul Aug Sep Okt Nov Dec
Report for 2017 August
MONTHLY CLIMATOLOGICAL SUMMARY for Aug 2017 NAME: Vejret i Brndby Strand ELEV: 8 meters LAT: 55-37.50 N LONG: 012-25.38 E TEMPERATURE (C), RAIN (mm), WIND SPEED (m/s) HEAT COOL AVG MEAN DEG DEG WIND DOM DAY TEMP HIGH TIME LOW TIME DAYS DAYS RAIN SPEED HIGH TIME DIR --------------------------------------------------------------------------------------- 01 21.5 28.7 13:29 17.5 04:19 0.0 3.2 2.1 0.5 4.4 13:49 167 02 21.2 27.5 15:39 16.5 05:39 0.0 2.8 0.3 1.1 5.4 15:54 173 03 18.6 20.0 15:09 17.1 23:59 0.0 0.2 13.5 1.2 5.1 12:09 165 04 19.0 22.8 15:16 16.5 23:56 0.0 0.6 4.2 1.7 7.5 14:00 304 05 20.5 27.8 14:41 15.6 05:41 0.0 2.2 0.3 1.6 7.5 10:51 206 06 18.6 25.0 16:11 14.1 05:31 0.0 0.3 0.3 1.4 8.2 16:21 252 07 19.0 25.8 13:16 13.7 02:16 0.0 0.7 0.0 1.8 6.8 14:46 167 08 20.6 26.0 14:52 17.5 01:11 0.0 2.3 0.0 1.7 7.5 14:56 158 09 22.3 28.8 16:57 18.4 06:02 0.0 4.0 0.3 1.7 6.8 03:27 155 10 21.0 26.9 16:37 16.6 06:12 0.0 2.7 0.0 0.9 4.8 16:47 322 11 18.5 21.9 12:32 15.3 01:32 0.0 0.2 0.0 0.6 5.1 19:22 350 12 17.7 23.0 15:39 16.3 03:37 0.6 0.0 0.9 1.0 5.4 21:15 342 13 18.0 23.8 15:40 13.3 06:55 0.3 0.0 0.3 1.4 7.1 12:15 313 14 18.0 26.7 15:35 10.3 06:25 0.3 0.0 0.0 1.0 5.1 15:20 159 15 19.7 25.5 16:30 14.9 02:50 0.0 1.3 0.3 2.4 8.8 15:55 154 16 20.7 25.8 17:59 17.4 07:05 0.0 2.4 2.4 0.9 5.4 11:10 342 17 18.4 22.9 12:49 13.5 05:50 0.0 0.1 9.3 1.8 7.1 17:40 157 18 19.8 24.1 14:55 17.6 00:09 0.0 1.5 0.6 1.3 4.8 16:00 162 19 19.2 24.6 17:10 15.3 06:00 0.0 0.8 2.4 1.3 6.1 23:35 65 20 18.3 23.1 17:49 14.9 23:53 0.1 0.0 4.2 1.3 6.5 06:20 274 21 17.7 23.3 14:34 14.2 01:19 0.7 0.0 3.6 1.4 6.8 12:29 338 22 18.3 24.2 15:24 14.7 02:14 0.0 0.0 0.0 1.5 8.5 08:54 352 23 18.4 24.8 15:04 13.3 23:59 0.0 0.0 0.0 0.7 5.1 12:04 348 24 17.0 23.3 13:39 11.3 05:49 1.3 0.0 0.0 1.3 6.8 11:44 167 25 19.5 25.9 17:18 14.9 05:49 0.0 1.1 0.0 1.3 8.5 11:58 231 26 19.3 25.6 13:49 15.3 01:14 0.0 0.9 0.0 1.1 5.4 14:39 171 27 18.9 23.4 14:54 15.1 23:59 0.0 0.6 0.9 0.9 6.8 13:24 348 28 19.0 25.6 15:53 13.3 01:49 0.0 0.7 0.0 0.9 6.5 16:18 163 29 20.4 25.8 17:13 15.9 01:13 0.0 2.0 0.0 1.8 7.5 15:38 164 30 19.6 22.1 17:23 17.4 23:43 0.0 1.3 3.0 0.4 2.7 20:08 1 31 17.7 21.4 18:28 13.4 23:58 0.6 0.0 5.1 0.9 6.1 14:08 324 --------------------------------------------------------------------------------------- 19.2 28.8 09 10.3 14 3.9 31.9 54.0 1.3 8.8 15 167