NOAA-Style Climate Reports
Select a Year or Month report
2024: Jan Feb Mar Apr Maj Jun Jul Aug Sep Okt Nov Dec
2023: Jan Feb Mar Apr Maj Jun Jul Aug Sep Okt Nov Dec
2022: Jan Feb Mar Apr Maj Jun Jul Aug Sep Okt Nov Dec
2021: Jan Feb Mar Apr Maj Jun Jul Aug Sep Okt Nov Dec
2020: Jan Feb Mar Apr Maj Jun Jul Aug Sep Okt Nov Dec
2019: Jan Feb Mar Apr Maj Jun Jul Aug Sep Okt Nov Dec
2018: Jan Feb Mar Apr Maj Jun Jul Aug Sep Okt Nov Dec
2017: Jan Feb Mar Apr Maj Jun Jul Aug Sep Okt Nov Dec
2016: Jan Feb Mar Apr Maj Jun Jul Aug Sep Okt Nov Dec
2015: Jan Feb Mar Apr Maj Jun Jul Aug Sep Okt Nov Dec
2024: Jan Feb Mar Apr Maj Jun Jul Aug Sep Okt Nov Dec
2023: Jan Feb Mar Apr Maj Jun Jul Aug Sep Okt Nov Dec
2022: Jan Feb Mar Apr Maj Jun Jul Aug Sep Okt Nov Dec
2021: Jan Feb Mar Apr Maj Jun Jul Aug Sep Okt Nov Dec
2020: Jan Feb Mar Apr Maj Jun Jul Aug Sep Okt Nov Dec
2019: Jan Feb Mar Apr Maj Jun Jul Aug Sep Okt Nov Dec
2018: Jan Feb Mar Apr Maj Jun Jul Aug Sep Okt Nov Dec
2017: Jan Feb Mar Apr Maj Jun Jul Aug Sep Okt Nov Dec
2016: Jan Feb Mar Apr Maj Jun Jul Aug Sep Okt Nov Dec
2015: Jan Feb Mar Apr Maj Jun Jul Aug Sep Okt Nov Dec
Report for 2017 Juni
MONTHLY CLIMATOLOGICAL SUMMARY for Jun 2017 NAME: Vejret i Brndby Strand ELEV: 8 meters LAT: 55-37.50 N LONG: 012-25.38 E TEMPERATURE (C), RAIN (mm), WIND SPEED (m/s) HEAT COOL AVG MEAN DEG DEG WIND DOM DAY TEMP HIGH TIME LOW TIME DAYS DAYS RAIN SPEED HIGH TIME DIR --------------------------------------------------------------------------------------- 01 16.6 24.4 18:09 11.4 05:33 1.7 0.0 0.0 2.3 9.5 09:04 0 02 17.6 25.2 19:09 9.6 05:13 0.8 0.0 0.0 1.1 5.4 09:13 340 03 17.0 22.5 17:44 13.0 04:44 1.4 0.0 0.0 2.0 7.1 16:29 154 04 15.9 20.1 17:29 13.4 23:54 2.4 0.0 9.0 0.7 5.8 17:59 135 05 17.4 23.7 18:11 10.6 04:57 0.9 0.0 0.0 1.4 6.1 10:16 163 06 17.6 22.0 16:11 14.0 05:11 0.7 0.0 1.8 2.7 8.5 15:16 147 07 14.5 17.6 12:56 12.5 23:31 3.8 0.0 11.1 1.9 9.2 19:16 120 08 16.6 22.3 13:21 12.2 00:46 1.8 0.0 3.0 1.9 9.9 09:51 169 09 18.5 25.2 16:17 14.2 04:16 0.0 0.2 3.0 2.3 11.6 20:37 160 10 18.9 26.3 14:42 13.0 05:57 0.0 0.5 0.0 0.9 4.8 08:12 175 11 21.7 29.6 16:12 15.7 01:37 0.0 3.3 0.0 1.4 7.8 12:17 152 12 17.5 22.3 10:57 14.3 22:22 0.8 0.0 5.7 1.8 8.5 13:22 191 13 16.8 21.3 15:27 14.0 03:12 1.5 0.0 0.0 2.3 9.5 13:38 7 14 18.3 24.1 19:03 12.8 04:08 0.1 0.0 0.0 1.5 6.5 12:18 338 15 19.7 26.7 15:43 13.8 05:08 0.0 1.4 0.3 1.4 6.1 15:53 159 16 17.9 22.4 12:33 15.4 07:28 0.4 0.0 6.0 2.1 9.5 13:43 29 17 19.7 26.8 17:58 14.3 05:03 0.0 1.4 0.0 2.0 8.2 02:13 349 18 22.8 30.4 16:03 15.4 02:53 0.0 4.5 0.0 1.3 6.5 13:23 339 19 24.3 31.4 16:33 18.3 04:23 0.0 5.9 0.0 1.0 4.8 12:13 41 20 19.4 24.4 15:13 15.2 23:48 0.0 1.1 0.0 2.3 8.5 14:03 348 21 17.9 24.6 18:08 12.4 04:46 0.4 0.0 0.0 1.4 6.8 10:13 360 22 18.6 23.8 16:48 15.1 05:33 0.0 0.2 7.5 1.2 4.8 15:48 162 23 17.8 20.9 12:13 16.4 03:38 0.5 0.0 2.7 0.9 5.4 17:43 145 24 17.8 21.6 11:33 13.4 23:58 0.5 0.0 3.9 1.4 8.2 13:48 175 25 17.5 24.5 16:43 12.1 02:18 0.9 0.0 0.0 1.7 8.8 14:38 187 26 17.1 22.9 16:28 12.3 04:53 1.3 0.0 0.0 1.9 9.2 13:13 219 27 17.6 27.1 17:33 10.2 05:18 0.8 0.0 0.0 1.4 7.1 08:38 182 28 17.3 23.1 16:13 13.4 02:33 1.1 0.0 0.0 1.4 7.8 22:48 159 29 17.8 21.8 15:42 15.5 05:23 0.5 0.0 3.3 2.1 7.1 07:30 34 30 16.2 17.7 13:12 15.1 23:57 2.1 0.0 5.4 1.2 5.4 01:06 8 --------------------------------------------------------------------------------------- 18.1 31.4 19 9.6 02 24.4 18.5 62.7 1.6 11.6 09 134