NOAA-Style Climate Reports
Select a Year or Month report
2024: Jan Feb Mar Apr Maj Jun Jul Aug Sep Okt Nov Dec
2023: Jan Feb Mar Apr Maj Jun Jul Aug Sep Okt Nov Dec
2022: Jan Feb Mar Apr Maj Jun Jul Aug Sep Okt Nov Dec
2021: Jan Feb Mar Apr Maj Jun Jul Aug Sep Okt Nov Dec
2020: Jan Feb Mar Apr Maj Jun Jul Aug Sep Okt Nov Dec
2019: Jan Feb Mar Apr Maj Jun Jul Aug Sep Okt Nov Dec
2018: Jan Feb Mar Apr Maj Jun Jul Aug Sep Okt Nov Dec
2017: Jan Feb Mar Apr Maj Jun Jul Aug Sep Okt Nov Dec
2016: Jan Feb Mar Apr Maj Jun Jul Aug Sep Okt Nov Dec
2015: Jan Feb Mar Apr Maj Jun Jul Aug Sep Okt Nov Dec
2024: Jan Feb Mar Apr Maj Jun Jul Aug Sep Okt Nov Dec
2023: Jan Feb Mar Apr Maj Jun Jul Aug Sep Okt Nov Dec
2022: Jan Feb Mar Apr Maj Jun Jul Aug Sep Okt Nov Dec
2021: Jan Feb Mar Apr Maj Jun Jul Aug Sep Okt Nov Dec
2020: Jan Feb Mar Apr Maj Jun Jul Aug Sep Okt Nov Dec
2019: Jan Feb Mar Apr Maj Jun Jul Aug Sep Okt Nov Dec
2018: Jan Feb Mar Apr Maj Jun Jul Aug Sep Okt Nov Dec
2017: Jan Feb Mar Apr Maj Jun Jul Aug Sep Okt Nov Dec
2016: Jan Feb Mar Apr Maj Jun Jul Aug Sep Okt Nov Dec
2015: Jan Feb Mar Apr Maj Jun Jul Aug Sep Okt Nov Dec
Report for 2017 Maj
MONTHLY CLIMATOLOGICAL SUMMARY for May 2017 NAME: Vejret i Brndby Strand ELEV: 8 meters LAT: 55-37.50 N LONG: 012-25.38 E TEMPERATURE (C), RAIN (mm), WIND SPEED (m/s) HEAT COOL AVG MEAN DEG DEG WIND DOM DAY TEMP HIGH TIME LOW TIME DAYS DAYS RAIN SPEED HIGH TIME DIR --------------------------------------------------------------------------------------- 01 10.2 17.9 19:07 5.6 05:17 8.1 0.0 0.0 2.4 10.2 12:57 143 02 10.8 18.2 18:02 5.3 05:17 7.5 0.0 0.0 1.9 9.9 15:07 102 03 13.3 21.9 16:37 8.6 01:12 5.0 0.0 0.0 1.8 6.8 11:32 118 04 11.8 18.5 15:09 6.6 04:57 6.6 0.0 0.0 2.0 8.2 10:24 51 05 11.7 15.6 14:59 8.2 04:58 6.6 0.0 0.0 1.6 7.1 01:38 23 06 15.3 22.3 17:34 9.3 00:24 3.0 0.0 0.0 0.7 4.1 11:39 150 07 11.4 17.2 17:14 7.6 06:09 6.9 0.0 3.0 1.1 4.4 14:49 159 08 10.2 16.0 15:36 5.3 23:51 8.1 0.0 0.6 1.6 8.2 09:41 6 09 9.3 18.3 15:26 2.4 04:11 9.0 0.0 2.4 1.1 6.5 13:36 134 10 7.7 11.6 10:11 6.0 21:58 10.7 0.0 2.7 1.4 5.8 15:16 146 11 9.7 14.5 18:41 6.3 00:03 8.6 0.0 0.9 2.2 6.5 15:01 157 12 11.9 19.7 16:26 6.1 05:23 6.4 0.0 0.0 1.8 10.5 14:26 137 13 15.4 24.5 16:21 8.9 04:36 2.9 0.0 0.0 1.7 6.1 11:46 147 14 16.8 23.7 18:46 11.9 02:26 1.5 0.0 0.0 1.0 3.7 10:46 161 15 15.2 19.7 17:26 10.7 05:31 3.2 0.0 0.0 0.9 5.4 15:01 342 16 12.5 16.6 13:03 10.6 22:03 5.8 0.0 0.9 2.0 7.5 13:43 153 17 16.3 24.3 17:03 11.0 00:03 2.1 0.0 0.3 1.7 5.1 04:13 158 18 18.1 25.3 17:28 13.4 02:38 0.3 0.0 0.0 2.3 8.2 13:28 160 19 21.3 28.9 15:28 13.7 02:18 0.0 2.9 0.0 0.6 3.7 11:48 162 20 17.6 23.0 17:35 13.1 23:50 0.8 0.0 0.0 1.4 8.2 17:45 356 21 17.7 25.5 17:00 10.2 05:20 0.6 0.0 0.0 1.3 6.8 16:10 356 22 17.3 24.4 17:40 9.5 05:25 1.1 0.0 0.0 0.7 4.1 18:10 4 23 17.8 25.0 16:20 10.4 05:10 0.5 0.0 0.0 0.9 4.4 12:00 156 24 15.4 22.4 18:24 12.4 09:20 2.9 0.0 2.1 1.7 6.5 09:04 347 25 16.3 21.5 17:50 9.8 03:40 2.0 0.0 0.0 1.6 7.8 15:10 345 26 19.8 27.4 16:30 13.2 04:45 0.0 1.4 0.0 1.7 5.8 12:15 341 27 21.1 31.5 17:00 12.0 04:55 0.0 2.8 0.0 1.2 4.8 15:00 163 28 21.3 30.2 17:57 15.9 02:00 0.0 3.0 0.0 1.5 7.1 16:26 164 29 16.9 18.5 16:12 15.6 09:52 1.4 0.0 0.0 0.9 5.1 08:37 357 30 17.8 24.3 17:52 15.2 03:37 0.6 0.0 0.6 1.6 7.1 09:42 161 31 16.0 18.8 17:47 13.0 23:47 2.4 0.0 0.0 2.5 10.2 06:17 322 --------------------------------------------------------------------------------------- 15.0 31.5 27 2.4 09 114.6 10.2 13.5 1.5 10.5 12 136