NOAA-Style Climate Reports
Select a Year or Month report
2024: Jan Feb Mar Apr Maj Jun Jul Aug Sep Okt Nov Dec
2023: Jan Feb Mar Apr Maj Jun Jul Aug Sep Okt Nov Dec
2022: Jan Feb Mar Apr Maj Jun Jul Aug Sep Okt Nov Dec
2021: Jan Feb Mar Apr Maj Jun Jul Aug Sep Okt Nov Dec
2020: Jan Feb Mar Apr Maj Jun Jul Aug Sep Okt Nov Dec
2019: Jan Feb Mar Apr Maj Jun Jul Aug Sep Okt Nov Dec
2018: Jan Feb Mar Apr Maj Jun Jul Aug Sep Okt Nov Dec
2017: Jan Feb Mar Apr Maj Jun Jul Aug Sep Okt Nov Dec
2016: Jan Feb Mar Apr Maj Jun Jul Aug Sep Okt Nov Dec
2015: Jan Feb Mar Apr Maj Jun Jul Aug Sep Okt Nov Dec
2024: Jan Feb Mar Apr Maj Jun Jul Aug Sep Okt Nov Dec
2023: Jan Feb Mar Apr Maj Jun Jul Aug Sep Okt Nov Dec
2022: Jan Feb Mar Apr Maj Jun Jul Aug Sep Okt Nov Dec
2021: Jan Feb Mar Apr Maj Jun Jul Aug Sep Okt Nov Dec
2020: Jan Feb Mar Apr Maj Jun Jul Aug Sep Okt Nov Dec
2019: Jan Feb Mar Apr Maj Jun Jul Aug Sep Okt Nov Dec
2018: Jan Feb Mar Apr Maj Jun Jul Aug Sep Okt Nov Dec
2017: Jan Feb Mar Apr Maj Jun Jul Aug Sep Okt Nov Dec
2016: Jan Feb Mar Apr Maj Jun Jul Aug Sep Okt Nov Dec
2015: Jan Feb Mar Apr Maj Jun Jul Aug Sep Okt Nov Dec
Report for 2017 April
MONTHLY CLIMATOLOGICAL SUMMARY for Apr 2017 NAME: Vejret i Brndby Strand ELEV: 8 meters LAT: 55-37.50 N LONG: 012-25.38 E TEMPERATURE (C), RAIN (mm), WIND SPEED (m/s) HEAT COOL AVG MEAN DEG DEG WIND DOM DAY TEMP HIGH TIME LOW TIME DAYS DAYS RAIN SPEED HIGH TIME DIR --------------------------------------------------------------------------------------- 01 13.7 22.1 17:44 7.9 03:54 4.6 0.0 0.0 0.7 5.8 14:24 143 02 12.5 20.2 16:24 8.6 00:59 5.9 0.0 0.0 0.7 5.1 17:39 140 03 11.5 18.4 17:17 7.3 23:37 6.8 0.0 0.0 1.2 5.4 01:54 327 04 8.7 15.8 16:48 3.2 06:53 9.6 0.0 0.0 1.1 5.1 14:43 158 05 9.1 14.5 15:33 6.2 03:58 9.2 0.0 0.3 1.8 10.5 16:13 323 06 9.2 13.8 14:23 5.2 06:58 9.2 0.0 0.0 2.3 9.9 00:23 337 07 11.0 15.8 16:54 8.3 23:59 7.4 0.0 0.3 2.0 8.5 17:19 356 08 10.3 13.0 14:19 8.3 00:04 8.1 0.0 0.0 1.4 6.1 13:19 343 09 12.3 23.7 18:29 5.0 06:39 6.1 0.0 0.0 1.2 5.1 11:59 167 10 10.5 14.3 13:24 7.5 23:59 7.9 0.0 0.0 2.2 9.9 16:59 116 11 8.5 14.0 17:12 5.3 05:24 9.8 0.0 1.8 2.8 11.9 03:44 339 12 9.4 14.0 17:12 6.7 00:12 8.9 0.0 3.6 1.8 7.5 16:42 200 13 9.2 12.6 15:37 6.8 23:02 9.1 0.0 3.0 1.9 7.8 11:22 318 14 9.3 15.4 15:57 6.6 02:37 9.1 0.0 0.9 1.8 8.8 14:07 347 15 6.5 10.3 16:53 3.2 21:09 11.8 0.0 12.3 1.2 7.5 17:29 123 16 6.5 14.3 15:09 1.4 06:59 11.8 0.0 0.0 1.4 5.1 17:49 151 17 6.1 11.5 15:09 2.7 23:54 12.2 0.0 0.0 2.2 8.2 15:04 153 18 5.4 12.0 15:35 0.8 05:54 12.9 0.0 0.0 1.3 6.8 11:54 32 19 5.7 13.9 14:48 -0.8 05:13 12.6 0.0 0.0 0.7 5.1 17:37 130 20 7.8 12.0 14:08 3.2 06:23 10.5 0.0 0.0 1.4 7.1 15:48 191 21 10.2 14.7 12:13 5.8 23:58 8.1 0.0 1.5 2.4 11.2 07:23 232 22 8.8 14.6 17:39 4.4 04:43 9.6 0.0 0.3 2.7 10.2 06:03 342 23 7.7 11.9 16:54 4.4 04:14 10.7 0.0 0.3 2.2 9.2 13:24 351 24 7.0 12.0 16:54 3.5 23:59 11.3 0.0 2.1 1.8 7.8 06:14 58 25 5.9 12.6 15:19 0.3 05:34 12.4 0.0 0.6 1.5 7.5 16:19 186 26 6.6 13.4 18:39 1.8 05:57 11.7 0.0 0.3 1.0 4.4 17:14 221 27 7.6 14.2 15:09 2.0 06:24 10.7 0.0 0.0 1.0 5.8 15:14 165 28 8.5 11.9 14:59 7.2 04:39 9.9 0.0 1.2 2.4 6.8 10:59 153 29 7.8 14.2 17:34 5.4 09:09 10.5 0.0 12.3 0.9 5.4 02:44 140 30 9.1 16.9 16:22 1.9 05:40 9.2 0.0 0.0 1.8 7.1 16:51 154 --------------------------------------------------------------------------------------- 8.7 23.7 09 -0.8 19 287.7 0.0 40.8 1.6 11.9 11 99