NOAA-Style Climate Reports
Select a Year or Month report
2024: Jan Feb Mar Apr Maj Jun Jul Aug Sep Okt Nov Dec
2023: Jan Feb Mar Apr Maj Jun Jul Aug Sep Okt Nov Dec
2022: Jan Feb Mar Apr Maj Jun Jul Aug Sep Okt Nov Dec
2021: Jan Feb Mar Apr Maj Jun Jul Aug Sep Okt Nov Dec
2020: Jan Feb Mar Apr Maj Jun Jul Aug Sep Okt Nov Dec
2019: Jan Feb Mar Apr Maj Jun Jul Aug Sep Okt Nov Dec
2018: Jan Feb Mar Apr Maj Jun Jul Aug Sep Okt Nov Dec
2017: Jan Feb Mar Apr Maj Jun Jul Aug Sep Okt Nov Dec
2016: Jan Feb Mar Apr Maj Jun Jul Aug Sep Okt Nov Dec
2015: Jan Feb Mar Apr Maj Jun Jul Aug Sep Okt Nov Dec
2024: Jan Feb Mar Apr Maj Jun Jul Aug Sep Okt Nov Dec
2023: Jan Feb Mar Apr Maj Jun Jul Aug Sep Okt Nov Dec
2022: Jan Feb Mar Apr Maj Jun Jul Aug Sep Okt Nov Dec
2021: Jan Feb Mar Apr Maj Jun Jul Aug Sep Okt Nov Dec
2020: Jan Feb Mar Apr Maj Jun Jul Aug Sep Okt Nov Dec
2019: Jan Feb Mar Apr Maj Jun Jul Aug Sep Okt Nov Dec
2018: Jan Feb Mar Apr Maj Jun Jul Aug Sep Okt Nov Dec
2017: Jan Feb Mar Apr Maj Jun Jul Aug Sep Okt Nov Dec
2016: Jan Feb Mar Apr Maj Jun Jul Aug Sep Okt Nov Dec
2015: Jan Feb Mar Apr Maj Jun Jul Aug Sep Okt Nov Dec
Report for 2016 December
MONTHLY CLIMATOLOGICAL SUMMARY for Dec 2016 NAME: Vejret i Brndby Strand ELEV: 8 meters LAT: 55-37.50 N LONG: 012-25.38 E TEMPERATURE (C), RAIN (mm), WIND SPEED (m/s) HEAT COOL AVG MEAN DEG DEG WIND DOM DAY TEMP HIGH TIME LOW TIME DAYS DAYS RAIN SPEED HIGH TIME DIR --------------------------------------------------------------------------------------- 01 8.1 8.9 13:30 6.2 23:50 10.2 0.0 2.4 2.5 9.5 18:25 344 02 3.8 7.2 13:15 -0.7 23:55 14.5 0.0 0.0 1.7 10.9 01:50 330 03 1.2 5.9 13:30 -2.7 08:50 17.1 0.0 0.0 0.6 5.1 13:25 10 04 4.4 7.4 13:50 1.6 00:00 13.9 0.0 0.0 0.9 4.4 12:00 202 05 5.7 7.8 13:42 3.7 00:20 12.6 0.0 0.0 1.4 7.1 15:33 219 06 3.8 6.8 13:52 -1.5 23:52 14.6 0.0 0.0 0.4 2.7 01:02 357 07 5.2 8.8 23:47 -1.5 00:02 13.2 0.0 4.2 1.6 6.5 12:42 143 08 10.8 13.3 11:02 8.8 00:02 7.6 0.0 0.3 2.0 8.8 19:52 195 09 9.4 9.9 12:11 8.9 08:52 8.9 0.0 5.4 1.5 8.2 13:11 276 10 10.2 12.9 02:01 8.3 23:11 8.1 0.0 6.3 1.7 7.8 09:01 220 11 7.8 10.1 02:41 6.7 23:46 10.5 0.0 1.5 1.4 5.8 13:41 352 12 3.3 7.0 00:01 1.3 09:06 15.0 0.0 0.0 1.2 5.4 05:06 93 13 5.9 11.5 14:47 4.2 00:01 12.5 0.0 0.3 0.8 4.4 01:56 207 14 3.1 6.5 00:03 -1.8 23:43 15.2 0.0 0.0 0.4 3.7 01:28 340 15 1.9 4.7 19:58 -2.3 01:43 16.4 0.0 0.3 1.5 6.5 14:58 157 16 3.6 4.1 13:28 3.0 23:58 14.7 0.0 0.0 1.5 6.5 00:33 156 17 3.2 7.8 12:46 1.2 09:26 15.1 0.0 0.0 0.5 4.4 21:01 210 18 6.6 13.5 00:56 5.5 21:26 11.8 0.0 0.6 0.6 3.7 00:56 286 19 5.3 5.9 14:31 4.7 10:16 13.0 0.0 0.0 0.6 4.1 05:41 198 20 4.9 11.1 10:31 3.8 17:21 13.4 0.0 0.0 1.5 8.5 23:22 154 21 3.8 6.1 20:09 1.4 07:44 14.6 0.0 0.0 2.0 8.2 01:01 120 22 6.1 7.2 10:09 5.5 18:49 12.3 0.0 0.0 1.2 5.1 00:49 15 23 6.3 7.4 13:34 4.6 09:19 12.0 0.0 1.8 1.6 7.5 20:59 153 24 6.4 8.8 11:24 3.9 23:29 12.0 0.0 6.0 1.9 9.9 00:09 172 25 7.1 10.9 20:41 3.1 03:07 11.2 0.0 0.6 1.7 11.6 20:31 195 26 7.5 10.9 00:06 3.6 15:46 10.8 0.0 2.4 2.7 14.6 22:21 203 27 6.4 7.9 01:21 3.2 23:51 12.0 0.0 0.0 3.5 12.6 09:31 345 28 4.6 6.8 14:56 0.9 06:56 13.7 0.0 0.3 0.7 4.1 10:51 340 29 5.2 8.0 13:06 1.8 22:51 13.2 0.0 0.0 1.0 5.4 11:36 189 30 3.7 6.2 23:41 1.4 08:41 14.6 0.0 0.0 0.8 4.8 12:26 216 31 8.0 9.2 22:46 6.2 00:01 10.4 0.0 0.0 1.9 7.5 21:11 179 --------------------------------------------------------------------------------------- 5.6 13.5 18 -2.7 03 395.2 0.0 32.4 1.4 14.6 26 196