NOAA-Style Climate Reports
Select a Year or Month report
2024: Jan Feb Mar Apr Maj Jun Jul Aug Sep Okt Nov Dec
2023: Jan Feb Mar Apr Maj Jun Jul Aug Sep Okt Nov Dec
2022: Jan Feb Mar Apr Maj Jun Jul Aug Sep Okt Nov Dec
2021: Jan Feb Mar Apr Maj Jun Jul Aug Sep Okt Nov Dec
2020: Jan Feb Mar Apr Maj Jun Jul Aug Sep Okt Nov Dec
2019: Jan Feb Mar Apr Maj Jun Jul Aug Sep Okt Nov Dec
2018: Jan Feb Mar Apr Maj Jun Jul Aug Sep Okt Nov Dec
2017: Jan Feb Mar Apr Maj Jun Jul Aug Sep Okt Nov Dec
2016: Jan Feb Mar Apr Maj Jun Jul Aug Sep Okt Nov Dec
2015: Jan Feb Mar Apr Maj Jun Jul Aug Sep Okt Nov Dec
2024: Jan Feb Mar Apr Maj Jun Jul Aug Sep Okt Nov Dec
2023: Jan Feb Mar Apr Maj Jun Jul Aug Sep Okt Nov Dec
2022: Jan Feb Mar Apr Maj Jun Jul Aug Sep Okt Nov Dec
2021: Jan Feb Mar Apr Maj Jun Jul Aug Sep Okt Nov Dec
2020: Jan Feb Mar Apr Maj Jun Jul Aug Sep Okt Nov Dec
2019: Jan Feb Mar Apr Maj Jun Jul Aug Sep Okt Nov Dec
2018: Jan Feb Mar Apr Maj Jun Jul Aug Sep Okt Nov Dec
2017: Jan Feb Mar Apr Maj Jun Jul Aug Sep Okt Nov Dec
2016: Jan Feb Mar Apr Maj Jun Jul Aug Sep Okt Nov Dec
2015: Jan Feb Mar Apr Maj Jun Jul Aug Sep Okt Nov Dec
Report for 2016 August
MONTHLY CLIMATOLOGICAL SUMMARY for Aug 2016 NAME: Vejret i Brndby Strand ELEV: 8 meters LAT: 55-37.50 N LONG: 012-25.38 E TEMPERATURE (C), RAIN (mm), WIND SPEED (m/s) HEAT COOL AVG MEAN DEG DEG WIND DOM DAY TEMP HIGH TIME LOW TIME DAYS DAYS RAIN SPEED HIGH TIME DIR --------------------------------------------------------------------------------------- 01 18.9 24.1 15:05 14.6 05:50 0.0 0.6 0.3 1.0 5.4 19:35 216 02 18.6 25.0 18:46 14.5 02:21 0.0 0.2 6.6 0.8 6.5 12:31 183 03 17.6 20.4 12:16 13.0 02:56 0.8 0.0 4.8 2.1 8.8 13:16 161 04 21.7 29.0 15:46 16.8 03:36 0.0 3.4 0.0 1.3 6.5 13:26 93 05 21.2 26.1 17:46 16.8 05:01 0.0 2.9 0.9 0.9 5.4 15:21 159 06 19.0 22.9 15:43 15.2 23:57 0.0 0.6 0.0 1.4 7.8 16:13 284 07 18.5 24.5 14:48 13.1 05:17 0.0 0.1 0.0 1.3 5.8 17:38 175 08 19.6 26.7 15:08 14.0 23:58 0.0 1.3 1.8 1.7 8.2 16:18 161 09 16.4 23.7 15:13 12.0 05:28 2.0 0.0 0.3 1.7 8.5 17:08 184 10 14.7 20.4 12:38 10.6 05:23 3.7 0.0 0.3 1.3 7.5 13:33 195 11 15.8 23.6 17:43 10.1 02:48 2.5 0.0 0.0 1.3 6.5 12:53 170 12 17.5 23.0 13:18 13.0 01:13 0.8 0.0 0.3 1.3 5.8 10:08 148 13 18.8 22.4 13:23 15.4 23:03 0.0 0.5 1.5 1.4 8.2 19:08 192 14 18.2 24.9 14:23 15.3 01:03 0.1 0.0 1.8 1.4 5.8 11:58 319 15 18.4 23.8 17:54 14.1 02:24 0.0 0.1 0.0 1.1 5.4 14:19 342 16 18.8 25.8 17:49 14.1 03:54 0.0 0.4 0.6 1.0 5.4 12:04 351 17 19.1 25.4 17:04 13.3 02:19 0.0 0.8 0.3 1.5 7.1 12:49 343 18 17.3 20.4 14:59 14.0 06:54 1.0 0.0 0.3 1.1 6.5 09:34 336 19 19.2 27.2 15:24 14.5 01:33 0.0 0.8 0.0 1.2 5.8 14:29 158 20 19.1 22.9 12:59 17.0 00:44 0.0 0.8 0.0 1.3 8.2 12:54 155 21 22.1 29.2 16:24 16.1 02:19 0.0 3.8 0.0 0.8 5.1 14:49 146 22 20.2 26.2 15:14 17.2 05:59 0.0 1.9 5.1 0.9 4.8 14:24 124 23 20.4 25.0 18:28 16.7 23:58 0.0 2.1 0.9 1.0 5.4 14:43 351 24 20.1 26.0 15:13 15.1 04:28 0.0 1.8 0.0 1.4 5.8 13:48 155 25 21.7 26.7 16:23 18.5 00:03 0.0 3.4 0.0 2.2 6.1 10:23 154 26 23.8 33.6 17:38 18.8 05:03 0.0 5.4 0.0 2.0 6.5 11:23 161 27 21.4 29.0 17:42 15.6 06:23 0.0 3.0 0.0 0.8 3.7 14:22 344 28 19.4 23.9 15:23 15.8 07:23 0.0 1.1 13.2 1.3 8.2 05:48 153 29 18.6 21.3 01:23 15.2 23:58 0.0 0.2 0.3 1.6 7.8 16:28 7 30 18.8 26.3 16:18 13.4 06:23 0.0 0.5 0.0 1.2 6.5 15:28 303 31 20.4 27.5 17:18 14.6 07:03 0.0 2.1 0.0 1.2 5.1 16:58 159 --------------------------------------------------------------------------------------- 19.2 33.6 26 10.1 11 10.9 37.8 39.3 1.3 8.8 03 156