NOAA-Style Climate Reports
Select a Year or Month report
2024: Jan Feb Mar Apr Maj Jun Jul Aug Sep Okt Nov Dec
2023: Jan Feb Mar Apr Maj Jun Jul Aug Sep Okt Nov Dec
2022: Jan Feb Mar Apr Maj Jun Jul Aug Sep Okt Nov Dec
2021: Jan Feb Mar Apr Maj Jun Jul Aug Sep Okt Nov Dec
2020: Jan Feb Mar Apr Maj Jun Jul Aug Sep Okt Nov Dec
2019: Jan Feb Mar Apr Maj Jun Jul Aug Sep Okt Nov Dec
2018: Jan Feb Mar Apr Maj Jun Jul Aug Sep Okt Nov Dec
2017: Jan Feb Mar Apr Maj Jun Jul Aug Sep Okt Nov Dec
2016: Jan Feb Mar Apr Maj Jun Jul Aug Sep Okt Nov Dec
2015: Jan Feb Mar Apr Maj Jun Jul Aug Sep Okt Nov Dec
2024: Jan Feb Mar Apr Maj Jun Jul Aug Sep Okt Nov Dec
2023: Jan Feb Mar Apr Maj Jun Jul Aug Sep Okt Nov Dec
2022: Jan Feb Mar Apr Maj Jun Jul Aug Sep Okt Nov Dec
2021: Jan Feb Mar Apr Maj Jun Jul Aug Sep Okt Nov Dec
2020: Jan Feb Mar Apr Maj Jun Jul Aug Sep Okt Nov Dec
2019: Jan Feb Mar Apr Maj Jun Jul Aug Sep Okt Nov Dec
2018: Jan Feb Mar Apr Maj Jun Jul Aug Sep Okt Nov Dec
2017: Jan Feb Mar Apr Maj Jun Jul Aug Sep Okt Nov Dec
2016: Jan Feb Mar Apr Maj Jun Jul Aug Sep Okt Nov Dec
2015: Jan Feb Mar Apr Maj Jun Jul Aug Sep Okt Nov Dec
Report for 2016 Juli
MONTHLY CLIMATOLOGICAL SUMMARY for Jul 2016 NAME: Vejret i Brndby Strand ELEV: 8 meters LAT: 55-37.50 N LONG: 012-25.38 E TEMPERATURE (C), RAIN (mm), WIND SPEED (m/s) HEAT COOL AVG MEAN DEG DEG WIND DOM DAY TEMP HIGH TIME LOW TIME DAYS DAYS RAIN SPEED HIGH TIME DIR --------------------------------------------------------------------------------------- 01 19.7 23.9 11:28 17.1 00:48 0.0 1.3 5.7 1.7 6.5 03:08 144 02 18.2 21.1 15:13 13.8 23:58 0.2 0.0 4.2 1.5 7.5 04:53 163 03 17.6 22.7 12:53 12.2 02:08 0.7 0.0 3.3 1.1 6.1 09:38 136 04 18.4 25.1 17:24 12.8 03:39 0.0 0.1 0.0 1.1 5.4 10:09 202 05 17.7 21.6 11:14 14.4 05:24 0.7 0.0 7.8 1.0 5.4 12:59 150 06 16.2 20.7 18:59 13.5 02:59 2.2 0.0 6.3 2.3 9.2 18:59 347 07 17.6 23.8 15:09 12.6 05:04 0.7 0.0 0.0 1.9 8.2 13:39 347 08 19.5 26.2 14:19 15.7 23:39 0.0 1.1 11.4 1.2 7.1 15:29 164 09 19.3 25.0 16:14 15.0 00:59 0.0 0.9 1.2 1.2 7.5 09:49 351 10 19.7 24.6 16:34 16.1 01:24 0.0 1.4 4.8 1.0 5.1 18:09 132 11 21.5 27.4 14:09 17.6 23:10 0.0 3.2 4.8 1.4 7.5 17:39 104 12 20.6 26.4 16:27 17.2 05:57 0.0 2.3 3.3 1.4 5.4 12:37 165 13 20.0 25.9 14:22 15.3 06:37 0.0 1.7 0.0 0.8 5.4 14:27 256 14 18.8 23.6 13:42 14.0 05:02 0.0 0.4 0.0 0.9 4.8 09:32 287 15 18.7 22.4 11:52 16.0 23:52 0.0 0.4 0.0 1.5 6.5 12:57 358 16 17.8 21.5 10:57 13.5 05:17 0.5 0.0 0.0 1.2 6.1 15:37 172 17 17.7 21.4 12:11 13.2 03:57 0.6 0.0 0.0 1.2 5.1 07:11 237 18 18.1 23.8 14:27 14.3 05:42 0.3 0.0 0.9 1.0 6.1 11:42 330 19 20.3 27.8 15:42 15.4 00:02 0.0 2.0 0.0 0.8 4.1 12:17 334 20 23.0 29.3 17:48 17.7 05:32 0.0 4.7 0.0 1.2 7.5 13:53 161 21 22.6 28.8 16:43 17.9 04:33 0.0 4.2 0.0 1.6 6.5 10:13 157 22 24.3 31.8 17:48 16.7 03:58 0.0 6.0 0.0 0.6 3.7 13:18 161 23 24.2 30.5 15:13 19.7 03:03 0.0 5.9 0.0 1.1 5.1 15:58 157 24 24.7 32.2 16:39 18.2 05:48 0.0 6.4 0.0 1.2 4.8 14:25 158 25 23.1 26.6 12:09 20.0 04:19 0.0 4.7 0.0 2.0 7.1 12:04 155 26 23.4 28.5 17:44 19.8 06:14 0.0 5.1 0.0 0.9 6.8 15:14 327 27 19.8 24.2 11:44 14.8 04:49 0.0 1.4 0.0 1.4 7.1 20:24 157 28 21.1 25.1 15:09 16.8 23:55 0.0 2.7 0.3 0.8 4.4 13:19 5 29 19.2 24.3 17:20 14.4 03:55 0.0 0.9 10.8 0.9 6.1 14:30 152 30 19.9 24.0 13:00 17.2 23:55 0.0 1.6 9.0 0.7 6.1 18:20 356 31 19.5 25.2 13:15 15.6 06:00 0.0 1.2 0.3 0.8 4.4 12:25 154 --------------------------------------------------------------------------------------- 20.1 32.2 24 12.2 03 5.8 59.6 74.1 1.2 9.2 06 153