NOAA-Style Climate Reports
Select a Year or Month report
2024: Jan Feb Mar Apr Maj Jun Jul Aug Sep Okt Nov Dec
2023: Jan Feb Mar Apr Maj Jun Jul Aug Sep Okt Nov Dec
2022: Jan Feb Mar Apr Maj Jun Jul Aug Sep Okt Nov Dec
2021: Jan Feb Mar Apr Maj Jun Jul Aug Sep Okt Nov Dec
2020: Jan Feb Mar Apr Maj Jun Jul Aug Sep Okt Nov Dec
2019: Jan Feb Mar Apr Maj Jun Jul Aug Sep Okt Nov Dec
2018: Jan Feb Mar Apr Maj Jun Jul Aug Sep Okt Nov Dec
2017: Jan Feb Mar Apr Maj Jun Jul Aug Sep Okt Nov Dec
2016: Jan Feb Mar Apr Maj Jun Jul Aug Sep Okt Nov Dec
2015: Jan Feb Mar Apr Maj Jun Jul Aug Sep Okt Nov Dec
2024: Jan Feb Mar Apr Maj Jun Jul Aug Sep Okt Nov Dec
2023: Jan Feb Mar Apr Maj Jun Jul Aug Sep Okt Nov Dec
2022: Jan Feb Mar Apr Maj Jun Jul Aug Sep Okt Nov Dec
2021: Jan Feb Mar Apr Maj Jun Jul Aug Sep Okt Nov Dec
2020: Jan Feb Mar Apr Maj Jun Jul Aug Sep Okt Nov Dec
2019: Jan Feb Mar Apr Maj Jun Jul Aug Sep Okt Nov Dec
2018: Jan Feb Mar Apr Maj Jun Jul Aug Sep Okt Nov Dec
2017: Jan Feb Mar Apr Maj Jun Jul Aug Sep Okt Nov Dec
2016: Jan Feb Mar Apr Maj Jun Jul Aug Sep Okt Nov Dec
2015: Jan Feb Mar Apr Maj Jun Jul Aug Sep Okt Nov Dec
Report for 2016 Maj
MONTHLY CLIMATOLOGICAL SUMMARY for May 2016 NAME: Vejret i Brndby Strand ELEV: 8 meters LAT: 55-37.50 N LONG: 012-25.38 E TEMPERATURE (C), RAIN (mm), WIND SPEED (m/s) HEAT COOL AVG MEAN DEG DEG WIND DOM DAY TEMP HIGH TIME LOW TIME DAYS DAYS RAIN SPEED HIGH TIME DIR --------------------------------------------------------------------------------------- 01 12.4 22.0 16:26 7.2 23:56 5.9 0.0 0.0 1.0 5.1 17:56 337 02 10.8 19.3 13:06 1.8 05:06 7.5 0.0 0.0 1.4 6.1 17:11 154 03 11.6 18.2 14:26 8.5 05:01 6.7 0.0 0.0 2.0 7.5 17:41 148 04 11.5 20.3 16:51 5.6 06:11 6.8 0.0 0.0 1.5 7.5 14:46 336 05 14.3 25.2 16:32 4.5 05:51 4.0 0.0 0.0 0.8 4.8 13:31 143 06 14.8 21.8 15:58 6.7 05:28 3.6 0.0 0.0 1.3 6.1 12:23 155 07 17.3 26.4 18:28 9.7 05:38 1.0 0.0 0.0 1.6 6.1 10:38 153 08 18.7 26.1 17:53 11.4 06:08 0.0 0.3 0.0 1.1 4.8 16:38 157 09 19.3 27.9 13:53 11.6 05:03 0.0 0.9 0.0 0.9 5.8 11:43 150 10 19.0 25.4 14:49 12.8 06:09 0.0 0.6 0.0 0.8 4.4 13:44 157 11 18.3 25.9 14:59 11.6 05:29 0.0 0.0 0.0 1.2 7.1 19:54 142 12 16.4 25.6 16:49 10.4 04:59 2.0 0.0 0.0 1.2 6.1 01:29 127 13 15.8 25.4 14:44 6.8 05:29 2.5 0.0 0.0 1.0 5.8 18:39 166 14 12.1 16.9 12:30 7.6 23:55 6.2 0.0 0.6 1.7 7.8 15:39 334 15 9.1 12.2 17:00 6.3 06:00 9.2 0.0 8.1 1.8 7.1 10:15 330 16 12.2 15.9 16:00 8.3 00:10 6.1 0.0 0.6 2.2 9.5 10:40 345 17 12.5 17.2 16:55 8.6 05:30 5.8 0.0 0.0 1.5 7.1 00:20 334 18 14.3 20.9 17:35 10.5 05:55 4.0 0.0 0.0 1.8 6.8 14:10 163 19 15.8 22.7 14:10 10.0 05:24 2.5 0.0 0.0 1.2 4.8 11:40 158 20 16.5 23.4 13:05 12.6 02:50 1.8 0.0 0.9 1.1 8.2 15:10 150 21 16.8 23.2 16:30 12.1 04:25 1.6 0.0 0.0 1.2 6.5 14:30 158 22 18.8 24.4 13:56 14.3 05:35 0.0 0.5 0.0 2.7 8.5 14:41 151 23 19.2 25.3 17:02 14.7 23:57 0.0 0.9 0.0 1.2 6.1 00:17 335 24 21.0 28.8 16:12 13.9 05:12 0.0 2.7 0.0 1.0 5.4 13:32 306 25 20.9 29.1 14:12 15.6 04:42 0.0 2.6 0.0 1.1 6.1 15:22 145 26 15.4 20.1 18:37 12.7 23:51 2.9 0.0 0.3 0.8 4.4 00:27 155 27 16.7 25.4 15:47 7.5 05:11 1.6 0.0 0.0 0.7 4.8 12:51 147 28 18.3 25.6 16:57 9.9 04:52 0.0 0.0 0.0 0.9 4.1 09:47 163 29 20.1 27.7 15:22 14.4 05:17 0.0 1.8 0.0 1.2 6.1 23:17 60 30 21.7 27.6 15:32 16.1 05:52 0.0 3.3 6.0 2.2 9.2 17:42 109 31 21.6 28.1 16:52 18.5 05:02 0.0 3.2 3.3 1.4 5.8 19:02 55 --------------------------------------------------------------------------------------- 16.2 29.1 25 1.8 02 82.0 16.9 19.8 1.3 9.5 16 145