NOAA-Style Climate Reports
Select a Year or Month report
2024: Jan Feb Mar Apr Maj Jun Jul Aug Sep Okt Nov Dec
2023: Jan Feb Mar Apr Maj Jun Jul Aug Sep Okt Nov Dec
2022: Jan Feb Mar Apr Maj Jun Jul Aug Sep Okt Nov Dec
2021: Jan Feb Mar Apr Maj Jun Jul Aug Sep Okt Nov Dec
2020: Jan Feb Mar Apr Maj Jun Jul Aug Sep Okt Nov Dec
2019: Jan Feb Mar Apr Maj Jun Jul Aug Sep Okt Nov Dec
2018: Jan Feb Mar Apr Maj Jun Jul Aug Sep Okt Nov Dec
2017: Jan Feb Mar Apr Maj Jun Jul Aug Sep Okt Nov Dec
2016: Jan Feb Mar Apr Maj Jun Jul Aug Sep Okt Nov Dec
2015: Jan Feb Mar Apr Maj Jun Jul Aug Sep Okt Nov Dec
2024: Jan Feb Mar Apr Maj Jun Jul Aug Sep Okt Nov Dec
2023: Jan Feb Mar Apr Maj Jun Jul Aug Sep Okt Nov Dec
2022: Jan Feb Mar Apr Maj Jun Jul Aug Sep Okt Nov Dec
2021: Jan Feb Mar Apr Maj Jun Jul Aug Sep Okt Nov Dec
2020: Jan Feb Mar Apr Maj Jun Jul Aug Sep Okt Nov Dec
2019: Jan Feb Mar Apr Maj Jun Jul Aug Sep Okt Nov Dec
2018: Jan Feb Mar Apr Maj Jun Jul Aug Sep Okt Nov Dec
2017: Jan Feb Mar Apr Maj Jun Jul Aug Sep Okt Nov Dec
2016: Jan Feb Mar Apr Maj Jun Jul Aug Sep Okt Nov Dec
2015: Jan Feb Mar Apr Maj Jun Jul Aug Sep Okt Nov Dec
Report for 2015 December
MONTHLY CLIMATOLOGICAL SUMMARY for Dec 2015 NAME: Vejret i Brndby Strand ELEV: 8 meters LAT: 55-37.50 N LONG: 012-25.38 E TEMPERATURE (C), RAIN (mm), WIND SPEED (m/s) HEAT COOL AVG MEAN DEG DEG WIND DOM DAY TEMP HIGH TIME LOW TIME DAYS DAYS RAIN SPEED HIGH TIME DIR --------------------------------------------------------------------------------------- 01 5.6 7.9 13:23 4.2 19:30 12.7 0.0 0.0 1.8 7.1 06:16 242 02 8.1 10.4 13:10 5.1 00:10 10.2 0.0 3.3 1.1 5.1 07:10 168 03 9.8 13.1 09:00 8.9 16:20 8.5 0.0 1.8 1.1 5.4 00:20 179 04 8.8 11.8 11:10 7.4 06:25 9.5 0.0 1.2 2.6 10.9 15:30 156 05 9.7 10.3 04:45 8.9 00:00 8.7 0.0 0.3 2.7 10.2 19:16 272 06 10.0 11.7 19:42 8.3 23:02 8.3 0.0 0.3 2.6 10.9 03:22 209 07 6.5 9.4 13:52 3.0 22:12 11.8 0.0 0.3 1.0 6.8 00:57 200 08 8.0 9.0 11:17 3.8 00:02 10.3 0.0 0.6 2.3 6.5 13:32 155 09 7.9 9.7 13:37 5.7 19:22 10.5 0.0 0.9 1.1 5.8 12:27 178 10 7.6 8.1 09:51 6.6 00:16 10.7 0.0 0.3 2.1 9.2 14:31 352 11 6.2 11.2 10:11 3.7 23:31 12.2 0.0 4.2 1.4 5.4 13:11 217 12 4.9 7.2 13:26 3.5 03:26 13.5 0.0 0.0 1.1 4.8 12:11 197 13 4.2 7.0 13:46 -0.4 23:49 14.1 0.0 3.6 0.9 4.8 12:36 338 14 2.8 6.8 09:59 -1.9 04:19 15.5 0.0 6.3 0.9 6.1 18:59 154 15 4.3 8.7 11:39 2.1 20:59 14.1 0.0 3.0 0.7 6.8 00:29 139 16 5.0 7.1 23:44 2.5 00:04 13.3 0.0 0.0 3.0 8.2 20:39 156 17 9.5 10.9 12:39 7.1 00:04 8.9 0.0 1.5 0.8 4.1 00:04 164 18 10.4 11.7 15:17 8.7 02:00 7.9 0.0 0.3 1.3 6.1 19:37 187 19 10.7 11.7 23:37 10.0 17:22 7.6 0.0 0.0 1.4 6.5 07:17 172 20 10.7 11.7 00:22 9.4 08:52 7.6 0.0 0.3 1.3 5.1 15:07 110 21 10.0 11.6 02:47 8.4 22:27 8.3 0.0 3.0 1.8 10.5 18:47 158 22 9.7 12.2 19:17 7.5 08:32 8.7 0.0 2.7 2.2 11.6 01:12 197 23 10.0 12.6 11:52 6.9 23:42 8.3 0.0 7.5 2.0 9.2 17:42 202 24 7.7 10.8 23:17 6.2 07:52 10.6 0.0 0.0 1.7 7.8 17:12 134 25 7.7 10.7 00:07 6.7 07:52 10.7 0.0 0.3 2.1 11.2 13:12 171 26 5.7 7.4 00:02 5.0 20:53 12.6 0.0 26.4 0.7 5.4 23:55 121 27 8.2 10.9 14:12 4.7 02:32 10.2 0.0 6.3 2.1 7.5 22:12 164 28 4.9 8.0 00:02 3.1 09:12 13.4 0.0 0.0 1.7 7.1 22:52 165 29 4.6 5.8 02:37 4.0 10:32 13.7 0.0 0.0 4.6 12.9 23:17 152 30 4.1 5.4 14:02 2.8 22:25 14.2 0.0 0.0 5.3 13.3 18:47 156 31 3.4 5.2 23:46 2.5 03:06 15.0 0.0 1.2 4.1 12.9 08:26 158 --------------------------------------------------------------------------------------- 7.3 13.1 03 -1.9 14 341.7 0.0 75.6 1.9 13.3 30 162