NOAA-Style Climate Reports
Select a Year or Month report
2024: Jan Feb Mar Apr Maj Jun Jul Aug Sep Okt Nov Dec
2023: Jan Feb Mar Apr Maj Jun Jul Aug Sep Okt Nov Dec
2022: Jan Feb Mar Apr Maj Jun Jul Aug Sep Okt Nov Dec
2021: Jan Feb Mar Apr Maj Jun Jul Aug Sep Okt Nov Dec
2020: Jan Feb Mar Apr Maj Jun Jul Aug Sep Okt Nov Dec
2019: Jan Feb Mar Apr Maj Jun Jul Aug Sep Okt Nov Dec
2018: Jan Feb Mar Apr Maj Jun Jul Aug Sep Okt Nov Dec
2017: Jan Feb Mar Apr Maj Jun Jul Aug Sep Okt Nov Dec
2016: Jan Feb Mar Apr Maj Jun Jul Aug Sep Okt Nov Dec
2015: Jan Feb Mar Apr Maj Jun Jul Aug Sep Okt Nov Dec
2024: Jan Feb Mar Apr Maj Jun Jul Aug Sep Okt Nov Dec
2023: Jan Feb Mar Apr Maj Jun Jul Aug Sep Okt Nov Dec
2022: Jan Feb Mar Apr Maj Jun Jul Aug Sep Okt Nov Dec
2021: Jan Feb Mar Apr Maj Jun Jul Aug Sep Okt Nov Dec
2020: Jan Feb Mar Apr Maj Jun Jul Aug Sep Okt Nov Dec
2019: Jan Feb Mar Apr Maj Jun Jul Aug Sep Okt Nov Dec
2018: Jan Feb Mar Apr Maj Jun Jul Aug Sep Okt Nov Dec
2017: Jan Feb Mar Apr Maj Jun Jul Aug Sep Okt Nov Dec
2016: Jan Feb Mar Apr Maj Jun Jul Aug Sep Okt Nov Dec
2015: Jan Feb Mar Apr Maj Jun Jul Aug Sep Okt Nov Dec
Report for 2015 Juli
MONTHLY CLIMATOLOGICAL SUMMARY for Jul 2015 NAME: Vejret i Brndby Strand ELEV: 8 meters LAT: 55-37.50 N LONG: 012-25.38 E TEMPERATURE (C), RAIN (mm), WIND SPEED (m/s) HEAT COOL AVG MEAN DEG DEG WIND DOM DAY TEMP HIGH TIME LOW TIME DAYS DAYS RAIN SPEED HIGH TIME DIR --------------------------------------------------------------------------------------- 01 21.6 28.1 16:02 15.5 01:08 0.0 3.3 0.0 1.0 4.8 11:38 148 02 21.4 28.9 17:23 15.6 04:38 0.0 3.1 0.0 2.4 8.8 14:28 150 03 22.2 29.3 15:03 17.0 04:48 0.0 3.9 0.0 1.5 5.8 09:53 155 04 25.2 30.9 17:38 18.7 02:18 0.0 6.8 0.0 0.6 3.7 11:08 158 05 27.0 34.2 15:23 21.7 05:03 0.0 8.7 0.6 0.9 5.8 17:24 163 06 21.7 25.4 18:21 16.8 23:56 0.0 3.4 8.7 1.9 11.9 13:16 197 07 21.3 31.1 16:01 15.4 05:16 0.0 3.0 0.6 1.4 6.8 16:26 169 08 19.4 22.8 12:41 15.6 23:56 0.0 1.0 10.8 1.6 7.8 09:26 163 09 14.2 16.5 18:56 12.8 11:46 4.2 0.0 9.9 2.5 11.9 18:21 198 10 15.6 20.4 17:01 12.4 04:11 2.8 0.0 0.0 2.7 10.5 05:01 355 11 18.7 27.7 17:21 11.9 01:01 0.0 0.4 0.0 0.8 4.1 07:36 242 12 20.0 25.1 17:21 16.9 01:01 0.0 1.7 0.0 1.0 4.8 10:41 167 13 19.7 24.3 14:11 16.6 05:06 0.0 1.4 0.6 1.1 5.4 09:41 336 14 20.2 26.7 16:21 15.1 01:41 0.0 1.9 0.0 1.2 5.8 09:31 344 15 19.1 25.1 17:16 13.9 05:31 0.0 0.8 0.0 1.6 8.2 17:06 349 16 19.6 26.7 17:01 13.5 05:11 0.0 1.2 0.0 1.4 5.8 13:31 336 17 19.2 25.3 14:46 14.4 05:31 0.0 0.9 0.0 1.5 5.8 18:56 151 18 21.2 29.0 14:51 15.4 23:56 0.0 2.9 0.0 1.6 8.2 18:36 173 19 17.6 21.8 13:01 12.6 03:36 0.7 0.0 3.6 1.0 5.1 16:46 160 20 18.4 23.7 15:30 13.4 01:51 0.0 0.0 3.0 0.9 6.1 11:41 276 21 20.2 26.1 13:41 15.5 03:56 0.0 1.9 0.3 1.7 8.5 17:26 171 22 22.1 29.7 17:36 15.3 04:51 0.0 3.7 0.0 1.0 5.8 10:36 159 23 19.5 24.1 17:06 15.2 06:31 0.0 1.1 0.0 1.5 7.8 16:56 338 24 18.2 23.0 13:07 13.4 05:17 0.1 0.0 0.0 1.3 6.1 15:12 156 25 18.5 24.1 16:42 16.0 04:42 0.0 0.2 7.2 1.3 6.8 08:27 140 26 17.2 22.4 17:07 12.9 23:52 1.1 0.0 4.2 2.1 8.5 14:02 197 27 16.0 17.9 15:02 12.9 00:02 2.4 0.0 2.4 1.6 6.8 11:37 146 28 18.3 22.7 13:03 15.8 23:58 0.0 0.0 7.8 1.4 7.1 16:48 144 29 17.3 21.7 17:23 14.4 23:43 1.1 0.0 1.5 1.3 7.1 13:03 107 30 18.7 25.5 17:38 13.4 01:23 0.0 0.4 0.0 1.0 4.4 00:08 271 31 16.3 20.2 13:48 12.8 23:53 2.0 0.0 1.2 1.5 5.8 11:58 294 --------------------------------------------------------------------------------------- 19.5 34.2 05 11.9 11 14.5 51.7 62.4 1.4 11.9 06 159